CRAN Package Check Results for Package repolr

Last updated on 2024-06-20 22:50:54 CEST.

Flavor Version Tinstall Tcheck Ttotal Status Flags
r-devel-linux-x86_64-debian-clang 3.4 182.15 41.12 223.27 OK
r-devel-linux-x86_64-debian-gcc 3.4 131.20 31.66 162.86 OK
r-devel-linux-x86_64-fedora-clang 3.4 322.03 NOTE
r-devel-linux-x86_64-fedora-gcc 3.4 359.27 NOTE
r-devel-windows-x86_64 3.4 135.00 74.00 209.00 OK
r-patched-linux-x86_64 3.4 158.92 38.42 197.34 OK
r-release-linux-x86_64 3.4 162.60 39.46 202.06 OK
r-release-macos-arm64 3.4 63.00 NOTE
r-release-macos-x86_64 3.4 66.00 NOTE
r-release-windows-x86_64 3.4 136.00 76.00 212.00 OK
r-oldrel-macos-arm64 3.4 84.00 NOTE
r-oldrel-macos-x86_64 3.4 135.00 NOTE
r-oldrel-windows-x86_64 3.4 168.00 87.00 255.00 OK

Check Details

Version: 3.4
Check: compiled code
Result: NOTE File ‘repolr/libs/repolr.so’: Found no calls to: ‘R_registerRoutines’, ‘R_useDynamicSymbols’ It is good practice to register native routines and to disable symbol search. See ‘Writing portable packages’ in the ‘Writing R Extensions’ manual. Flavors: r-devel-linux-x86_64-fedora-clang, r-devel-linux-x86_64-fedora-gcc

Version: 3.4
Check: installed package size
Result: NOTE installed size is 9.5Mb sub-directories of 1Mb or more: libs 9.3Mb Flavors: r-release-macos-arm64, r-release-macos-x86_64, r-oldrel-macos-arm64, r-oldrel-macos-x86_64