CRAN Package Check Results for Package reporter

Last updated on 2021-03-06 02:48:53 CET.

Flavor Version Tinstall Tcheck Ttotal Status Flags
r-devel-linux-x86_64-debian-clang 1.1.2 8.40 179.78 188.18 OK
r-devel-linux-x86_64-debian-gcc 1.1.2 6.91 132.15 139.06 OK
r-devel-linux-x86_64-fedora-clang 1.1.2 226.93 OK
r-devel-linux-x86_64-fedora-gcc 1.1.2 216.94 OK
r-devel-windows-ix86+x86_64 1.1.2 14.00 244.00 258.00 OK
r-patched-linux-x86_64 1.1.2 OK
r-patched-solaris-x86 1.1.2 231.70 OK
r-release-linux-x86_64 1.1.2 8.02 168.49 176.51 OK
r-release-macos-x86_64 1.1.2 OK
r-release-windows-ix86+x86_64 1.1.2 12.00 223.00 235.00 OK
r-oldrel-macos-x86_64 1.1.2 ERROR

Check Details

Version: 1.1.2
Check: whether package can be installed
Result: ERROR
    Installation failed.
Flavor: r-oldrel-macos-x86_64