CRAN Package Check Results for Package represent

Last updated on 2020-03-31 19:49:54 CEST.

Flavor Version Tinstall Tcheck Ttotal Status Flags
r-devel-linux-x86_64-debian-clang 1.0 2.36 20.17 22.53 NOTE
r-devel-linux-x86_64-debian-gcc 1.0 1.75 16.89 18.64 NOTE
r-devel-linux-x86_64-fedora-clang 1.0 27.74 NOTE
r-devel-linux-x86_64-fedora-gcc 1.0 27.59 NOTE
r-devel-windows-ix86+x86_64 1.0 5.00 48.00 53.00 NOTE
r-devel-windows-ix86+x86_64-gcc8 1.0 5.00 32.00 37.00 NOTE
r-patched-linux-x86_64 1.0 1.86 20.41 22.27 NOTE
r-patched-solaris-x86 1.0 45.80 NOTE
r-release-linux-x86_64 1.0 1.73 18.69 20.42 NOTE
r-release-windows-ix86+x86_64 1.0 6.00 39.00 45.00 NOTE
r-release-osx-x86_64 1.0 NOTE
r-oldrel-windows-ix86+x86_64 1.0 2.00 26.00 28.00 NOTE
r-oldrel-osx-x86_64 1.0 NOTE

Check Details

Version: 1.0
Check: R code for possible problems
Result: NOTE
    MBoxtest: no visible global function definition for 'var'
    jrparams: no visible global function definition for 'prcomp'
    jrparams: no visible global function definition for 'predict'
    jrparams: no visible global function definition for 'qchisq'
    jrparams: no visible global function definition for 'qf'
    Undefined global functions or variables:
     prcomp predict qchisq qf var
    Consider adding
     importFrom("stats", "prcomp", "predict", "qchisq", "qf", "var")
    to your NAMESPACE file.
Flavors: r-devel-linux-x86_64-debian-clang, r-devel-linux-x86_64-debian-gcc, r-devel-linux-x86_64-fedora-clang, r-devel-linux-x86_64-fedora-gcc, r-devel-windows-ix86+x86_64, r-devel-windows-ix86+x86_64-gcc8, r-patched-linux-x86_64, r-patched-solaris-x86, r-release-linux-x86_64, r-release-windows-ix86+x86_64, r-release-osx-x86_64, r-oldrel-windows-ix86+x86_64, r-oldrel-osx-x86_64

Version: 1.0
Check: Rd line widths
Result: NOTE
    Rd file 'jrparams.Rd':
     \usage lines wider than 90 characters:
     jrparams(BLOCK.1, BLOCK.2, ncomp = min(c(dim(BLOCK.1), dim(BLOCK.2))), Cscrit=0.6, Rscrit=0.6)
    
    These lines will be truncated in the PDF manual.
Flavors: r-devel-linux-x86_64-debian-clang, r-devel-linux-x86_64-debian-gcc, r-devel-linux-x86_64-fedora-clang, r-devel-linux-x86_64-fedora-gcc, r-patched-linux-x86_64, r-release-linux-x86_64