CRAN Package Check Results for Package represtools

Last updated on 2024-05-22 15:54:49 CEST.

Flavor Version Tinstall Tcheck Ttotal Status Flags
r-devel-linux-x86_64-debian-clang 0.1.3 2.11 29.17 31.28 NOTE
r-devel-linux-x86_64-debian-gcc 0.1.3 1.94 22.48 24.42 NOTE
r-devel-linux-x86_64-fedora-clang 0.1.3 40.26 NOTE
r-devel-linux-x86_64-fedora-gcc 0.1.3 50.81 NOTE
r-devel-windows-x86_64 0.1.3 3.00 46.00 49.00 NOTE
r-patched-linux-x86_64 0.1.3 2.46 27.89 30.35 NOTE
r-release-linux-x86_64 0.1.3 1.83 26.89 28.72 NOTE
r-release-macos-arm64 0.1.3 22.00 NOTE
r-release-windows-x86_64 0.1.3 4.00 48.00 52.00 NOTE
r-oldrel-macos-arm64 0.1.3 23.00 NOTE
r-oldrel-macos-x86_64 0.1.3 29.00 NOTE
r-oldrel-windows-x86_64 0.1.3 4.00 47.00 51.00 NOTE

Check Details

Version: 0.1.3
Check: LazyData
Result: NOTE 'LazyData' is specified without a 'data' directory Flavors: r-devel-linux-x86_64-debian-clang, r-devel-linux-x86_64-debian-gcc, r-devel-linux-x86_64-fedora-clang, r-devel-linux-x86_64-fedora-gcc, r-devel-windows-x86_64, r-patched-linux-x86_64, r-release-linux-x86_64, r-release-macos-arm64, r-release-windows-x86_64, r-oldrel-macos-arm64, r-oldrel-macos-x86_64, r-oldrel-windows-x86_64