CRAN Package Check Results for Package reprex

Last updated on 2019-01-16 20:50:21 CET.

Flavor Version Tinstall Tcheck Ttotal Status Flags
r-devel-linux-x86_64-debian-clang 0.2.1 2.53 31.60 34.13 OK
r-devel-linux-x86_64-debian-gcc 0.2.1 1.99 25.31 27.30 OK
r-devel-linux-x86_64-fedora-clang 0.2.1 40.62 NOTE
r-devel-linux-x86_64-fedora-gcc 0.2.1 38.81 NOTE
r-devel-windows-ix86+x86_64 0.2.1 4.00 51.00 55.00 OK
r-patched-linux-x86_64 0.2.1 2.28 29.29 31.57 OK
r-patched-solaris-x86 0.2.1 59.50 NOTE
r-release-linux-x86_64 0.2.1 2.27 28.93 31.20 OK
r-release-windows-ix86+x86_64 0.2.1 5.00 42.00 47.00 OK
r-release-osx-x86_64 0.2.1 NOTE
r-oldrel-windows-ix86+x86_64 0.2.1 5.00 43.00 48.00 OK
r-oldrel-osx-x86_64 0.2.1 NOTE

Check Details

Version: 0.2.1
Check: dependencies in R code
Result: NOTE
    Namespace in Imports field not imported from: ‘tools’
     All declared Imports should be used.
Flavors: r-devel-linux-x86_64-fedora-clang, r-devel-linux-x86_64-fedora-gcc, r-patched-solaris-x86, r-release-osx-x86_64, r-oldrel-osx-x86_64