CRAN Package Check Results for Package reprex

Last updated on 2018-10-17 11:48:53 CEST.

Flavor Version Tinstall Tcheck Ttotal Status Flags
r-devel-linux-x86_64-debian-clang 0.2.1 1.73 32.53 34.26 OK
r-devel-linux-x86_64-debian-gcc 0.2.1 2.29 26.51 28.80 OK
r-devel-linux-x86_64-fedora-clang 0.2.1 41.35 NOTE
r-devel-linux-x86_64-fedora-gcc 0.2.1 40.59 NOTE
r-devel-windows-ix86+x86_64 0.2.1 9.00 48.00 57.00 OK
r-patched-linux-x86_64 0.2.1 2.17 28.84 31.01 OK
r-patched-solaris-x86 0.2.1 56.20 NOTE
r-release-linux-x86_64 0.2.1 2.40 28.74 31.14 OK
r-release-windows-ix86+x86_64 0.2.1 6.00 61.00 67.00 OK
r-release-osx-x86_64 0.2.1 NOTE
r-oldrel-windows-ix86+x86_64 0.2.1 5.00 49.00 54.00 OK
r-oldrel-osx-x86_64 0.2.1 NOTE

Check Details

Version: 0.2.1
Check: dependencies in R code
Result: NOTE
    Namespace in Imports field not imported from: ‘tools’
     All declared Imports should be used.
Flavors: r-devel-linux-x86_64-fedora-clang, r-devel-linux-x86_64-fedora-gcc, r-patched-solaris-x86, r-release-osx-x86_64, r-oldrel-osx-x86_64