CRAN Package Check Results for Package reproducible

Last updated on 2018-06-18 20:51:06 CEST.

Flavor Version Tinstall Tcheck Ttotal Status Flags
r-devel-linux-x86_64-debian-clang 0.1.4 23.52 165.59 189.11 WARN
r-devel-linux-x86_64-debian-gcc 0.2.0 25.65 191.90 217.55 OK
r-devel-linux-x86_64-fedora-clang 0.2.0 180.32 NOTE
r-devel-linux-x86_64-fedora-gcc 0.2.0 173.72 NOTE
r-devel-windows-ix86+x86_64 0.2.0 70.00 434.00 504.00 OK
r-patched-linux-x86_64 0.2.0 29.96 212.43 242.39 OK
r-patched-solaris-x86 0.2.0 365.40 NOTE
r-release-linux-x86_64 0.1.4 22.88 170.89 193.77 OK
r-release-windows-ix86+x86_64 0.1.4 32.00 435.00 467.00 OK
r-release-osx-x86_64 0.2.0 NOTE
r-oldrel-windows-ix86+x86_64 0.1.4 39.00 455.00 494.00 OK
r-oldrel-osx-x86_64 0.1.4 OK

Check Details

Version: 0.1.4
Check: for unstated dependencies in ‘tests’
Result: WARN
    'library' or 'require' call not declared from: ‘TimeWarp’
Flavor: r-devel-linux-x86_64-debian-clang

Version: 0.2.0
Check: dependencies in R code
Result: NOTE
    Namespace in Imports field not imported from: ‘gdalUtils’
     All declared Imports should be used.
Flavors: r-devel-linux-x86_64-fedora-clang, r-devel-linux-x86_64-fedora-gcc, r-patched-solaris-x86, r-release-osx-x86_64