CRAN Package Check Results for Package reproducible

Last updated on 2018-12-09 22:58:40 CET.

Flavor Version Tinstall Tcheck Ttotal Status Flags
r-devel-linux-x86_64-debian-clang 0.2.5 30.16 202.03 232.19 OK
r-devel-linux-x86_64-debian-gcc 0.2.5 28.50 165.50 194.00 OK
r-devel-linux-x86_64-fedora-clang 0.2.5 278.16 NOTE
r-devel-linux-x86_64-fedora-gcc 0.2.5 284.18 NOTE
r-devel-windows-ix86+x86_64 0.2.5 65.00 332.00 397.00 OK
r-patched-linux-x86_64 0.2.5 35.01 198.09 233.10 OK
r-patched-solaris-x86 0.2.5 413.00 NOTE
r-release-linux-x86_64 0.2.5 29.74 198.48 228.22 OK
r-release-windows-ix86+x86_64 0.2.5 51.00 331.00 382.00 OK
r-release-osx-x86_64 0.2.5 NOTE
r-oldrel-windows-ix86+x86_64 0.2.5 49.00 349.00 398.00 OK
r-oldrel-osx-x86_64 0.2.5 NOTE

Check Details

Version: 0.2.5
Check: dependencies in R code
Result: NOTE
    Namespace in Imports field not imported from: ‘devtools’
     All declared Imports should be used.
Flavors: r-devel-linux-x86_64-fedora-clang, r-devel-linux-x86_64-fedora-gcc, r-patched-solaris-x86, r-release-osx-x86_64, r-oldrel-osx-x86_64