CRAN Package Check Results for Package reproducible

Last updated on 2018-10-21 06:46:50 CEST.

Flavor Version Tinstall Tcheck Ttotal Status Flags
r-devel-linux-x86_64-debian-clang 0.2.3 34.16 226.27 260.43 ERROR
r-devel-linux-x86_64-debian-gcc 0.2.3 27.42 186.79 214.21 ERROR
r-devel-linux-x86_64-fedora-clang 0.2.3 307.10 ERROR
r-devel-linux-x86_64-fedora-gcc 0.2.3 155.43 ERROR
r-devel-windows-ix86+x86_64 0.2.3 58.00 428.00 486.00 ERROR
r-patched-linux-x86_64 0.2.3 33.02 201.40 234.42 ERROR
r-patched-solaris-x86 0.2.3 385.10 ERROR
r-release-linux-x86_64 0.2.3 33.91 199.73 233.64 ERROR
r-release-windows-ix86+x86_64 0.2.3 70.00 421.00 491.00 ERROR
r-release-osx-x86_64 0.2.3 NOTE
r-oldrel-windows-ix86+x86_64 0.2.3 51.00 432.00 483.00 OK
r-oldrel-osx-x86_64 0.2.3 NOTE

Check Details

Version: 0.2.3
Check: tests
Result: ERROR
     Running ‘test-all.R’ [32s/42s]
    Running the tests in ‘tests/test-all.R’ failed.
    Complete output:
     > library(testthat)
     > test_check("reproducible")
     Loading required package: reproducible
    
     Attaching package: 'reproducible'
    
     The following object is masked from 'package:testthat':
    
     %>%
    
     objectNames hashElements hash objSize
     1 n n 6c7241b28962c115e2474b0001db7ad0 56
     2 .FUN .FUN 67df18ede3a1a11346db5d8aa4e79c19 224
     functionName component elapsedTime units
     1 rnorm Hashing 1.955032e-04 secs
     2 rnorm Running rnorm 5.221367e-05 secs
     3 rnorm Saving to repo 8.312798e-02 secs
     4 rnorm Whole Cache call 4.143729e-01 secs
     objectNames hashElements hash objSize
     1 file file d191b0ae289048c7 152
     2 .FUN .FUN ec4c07082632cc59b9ccec7c1ddd771d 1256
     functionName component elapsedTime units
     1 readRDS Hashing 0.0006163120 secs
     2 readRDS Running readRDS 0.0005595684 secs
     3 readRDS Saving to repo 0.1248667240 secs
     4 readRDS Whole Cache call 0.1519536972 secs
     objectNames hashElements hash objSize
     1 file file d191b0ae289048c7 24130
     2 .FUN .FUN ec4c07082632cc59b9ccec7c1ddd771d 1256
     functionName component elapsedTime units
     1 readRDS Hashing 0.0006282330 secs
     2 readRDS Running readRDS 0.0005843639 secs
     3 readRDS Saving to repo 0.0977766514 secs
     4 readRDS Whole Cache call 0.1242132187 secs
     ── 1. Failure: fastMask produces correct results (@test-gis.R#22) ─────────────
     `newStack1` not equal to `newStack2`.
     Attributes: < Component "layers": Component 1: Attributes: < Component 3: Attributes: < Component 13: 'is.NA' value mismatch: 25 in current 27 in target > > >
     Attributes: < Component "layers": Component 2: Attributes: < Component 3: Attributes: < Component 13: 'is.NA' value mismatch: 25 in current 27 in target > > >
    
     cloning into '/tmp/Rtmpxl3y4v/test_git'...
     Receiving objects: 1% (5/401), 9 kb
     Receiving objects: 11% (45/401), 9 kb
     Receiving objects: 21% (85/401), 33 kb
     Receiving objects: 31% (125/401), 160 kb
     Receiving objects: 41% (165/401), 176 kb
     Receiving objects: 51% (205/401), 184 kb
     Receiving objects: 61% (245/401), 192 kb
     Receiving objects: 71% (285/401), 192 kb
     Receiving objects: 81% (325/401), 200 kb
     Receiving objects: 91% (365/401), 205 kb
     Receiving objects: 100% (401/401), 205 kb, done.
     ══ testthat results ═══════════════════════════════════════════════════════════
     OK: 189 SKIPPED: 11 FAILED: 1
     1. Failure: fastMask produces correct results (@test-gis.R#22)
    
     Error: testthat unit tests failed
     Execution halted
Flavor: r-devel-linux-x86_64-debian-clang

Version: 0.2.3
Check: tests
Result: ERROR
     Running ‘test-all.R’ [26s/35s]
    Running the tests in ‘tests/test-all.R’ failed.
    Complete output:
     > library(testthat)
     > test_check("reproducible")
     Loading required package: reproducible
    
     Attaching package: 'reproducible'
    
     The following object is masked from 'package:testthat':
    
     %>%
    
     objectNames hashElements hash objSize
     1 n n 6c7241b28962c115e2474b0001db7ad0 56
     2 .FUN .FUN 67df18ede3a1a11346db5d8aa4e79c19 224
     functionName component elapsedTime units
     1 rnorm Hashing 0.0001747608 secs
     2 rnorm Running rnorm 0.0000474453 secs
     3 rnorm Saving to repo 0.0788443089 secs
     4 rnorm Whole Cache call 0.4113981724 secs
     objectNames hashElements hash objSize
     1 file file d191b0ae289048c7 168
     2 .FUN .FUN ec4c07082632cc59b9ccec7c1ddd771d 1256
     functionName component elapsedTime units
     1 readRDS Hashing 0.0005047321 secs
     2 readRDS Running readRDS 0.0005216599 secs
     3 readRDS Saving to repo 0.0910351276 secs
     4 readRDS Whole Cache call 0.1449854374 secs
     objectNames hashElements hash objSize
     1 file file d191b0ae289048c7 24130
     2 .FUN .FUN ec4c07082632cc59b9ccec7c1ddd771d 1256
     functionName component elapsedTime units
     1 readRDS Hashing 0.0004832745 secs
     2 readRDS Running readRDS 0.0004453659 secs
     3 readRDS Saving to repo 0.1071777344 secs
     4 readRDS Whole Cache call 0.1371939182 secs
     ── 1. Failure: fastMask produces correct results (@test-gis.R#22) ─────────────
     `newStack1` not equal to `newStack2`.
     Attributes: < Component "layers": Component 1: Attributes: < Component 3: Attributes: < Component 13: 'is.NA' value mismatch: 25 in current 27 in target > > >
     Attributes: < Component "layers": Component 2: Attributes: < Component 3: Attributes: < Component 13: 'is.NA' value mismatch: 25 in current 27 in target > > >
    
     ── 2. Error: git-related functions work (@test-git.R#14) ──────────────────────
     object 'parse_git_repo' not found
     1: checkoutVersion("PredictiveEcology/reproducible", localRepoPath = tmpDir, progress = FALSE) at testthat/test-git.R:14
     2: utils::getFromNamespace("parse_git_repo", "devtools")
     3: get(x, envir = ns, inherits = FALSE)
    
     ══ testthat results ═══════════════════════════════════════════════════════════
     OK: 169 SKIPPED: 11 FAILED: 2
     1. Failure: fastMask produces correct results (@test-gis.R#22)
     2. Error: git-related functions work (@test-git.R#14)
    
     Error: testthat unit tests failed
     Execution halted
Flavor: r-devel-linux-x86_64-debian-gcc

Version: 0.2.3
Check: dependencies in R code
Result: NOTE
    Namespace in Imports field not imported from: ‘gdalUtils’
     All declared Imports should be used.
Flavors: r-devel-linux-x86_64-fedora-clang, r-devel-linux-x86_64-fedora-gcc, r-patched-solaris-x86, r-release-osx-x86_64, r-oldrel-osx-x86_64

Version: 0.2.3
Check: tests
Result: ERROR
     Running ‘test-all.R’ [37s/52s]
    Running the tests in ‘tests/test-all.R’ failed.
    Complete output:
     > library(testthat)
     > test_check("reproducible")
     Loading required package: reproducible
    
     Attaching package: 'reproducible'
    
     The following object is masked from 'package:testthat':
    
     %>%
    
     objectNames hashElements hash objSize
     1 n n 6c7241b28962c115e2474b0001db7ad0 56
     2 .FUN .FUN 67df18ede3a1a11346db5d8aa4e79c19 224
     functionName component elapsedTime units
     1 rnorm Hashing 2.369881e-04 secs
     2 rnorm Running rnorm 6.437302e-05 secs
     3 rnorm Saving to repo 9.685183e-02 secs
     4 rnorm Whole Cache call 4.998205e-01 secs
     objectNames hashElements hash objSize
     1 file file d191b0ae289048c7 152
     2 .FUN .FUN ec4c07082632cc59b9ccec7c1ddd771d 1256
     functionName component elapsedTime units
     1 readRDS Hashing 0.0006930828 secs
     2 readRDS Running readRDS 0.0007257462 secs
     3 readRDS Saving to repo 0.1415619850 secs
     4 readRDS Whole Cache call 0.2113022804 secs
     objectNames hashElements hash objSize
     1 file file d191b0ae289048c7 24130
     2 .FUN .FUN ec4c07082632cc59b9ccec7c1ddd771d 1256
     functionName component elapsedTime units
     1 readRDS Hashing 0.0007083416 secs
     2 readRDS Running readRDS 0.0006728172 secs
     3 readRDS Saving to repo 0.1712760925 secs
     4 readRDS Whole Cache call 0.2064166069 secs
     ── 1. Failure: fastMask produces correct results (@test-gis.R#22) ─────────────
     `newStack1` not equal to `newStack2`.
     Attributes: < Component "layers": Component 1: Attributes: < Component 3: Attributes: < Component 13: 'is.NA' value mismatch: 25 in current 27 in target > > >
     Attributes: < Component "layers": Component 2: Attributes: < Component 3: Attributes: < Component 13: 'is.NA' value mismatch: 25 in current 27 in target > > >
    
     cloning into '/tmp/Rtmp0hMdJY/test_git'...
     Receiving objects: 1% (5/401), 8 kb
     Receiving objects: 11% (45/401), 8 kb
     Receiving objects: 21% (85/401), 32 kb
     Receiving objects: 31% (125/401), 160 kb
     Receiving objects: 41% (165/401), 176 kb
     Receiving objects: 51% (205/401), 184 kb
     Receiving objects: 61% (245/401), 192 kb
     Receiving objects: 71% (285/401), 192 kb
     Receiving objects: 81% (325/401), 200 kb
     Receiving objects: 91% (365/401), 205 kb
     Receiving objects: 100% (401/401), 205 kb, done.
     ══ testthat results ═══════════════════════════════════════════════════════════
     OK: 189 SKIPPED: 11 FAILED: 1
     1. Failure: fastMask produces correct results (@test-gis.R#22)
    
     Error: testthat unit tests failed
     Execution halted
Flavor: r-devel-linux-x86_64-fedora-clang

Version: 0.2.3
Check: tests
Result: ERROR
     Running ‘test-all.R’ [20s/27s]
    Running the tests in ‘tests/test-all.R’ failed.
    Complete output:
     > library(testthat)
     > test_check("reproducible")
     Loading required package: reproducible
    
     Attaching package: 'reproducible'
    
     The following object is masked from 'package:testthat':
    
     %>%
    
     objectNames hashElements hash objSize
     1 n n 6c7241b28962c115e2474b0001db7ad0 56
     2 .FUN .FUN 67df18ede3a1a11346db5d8aa4e79c19 224
     functionName component elapsedTime units
     1 rnorm Hashing 1.285076e-04 secs
     2 rnorm Running rnorm 3.242493e-05 secs
     3 rnorm Saving to repo 4.244375e-02 secs
     4 rnorm Whole Cache call 2.155206e-01 secs
     objectNames hashElements hash objSize
     1 file file d191b0ae289048c7 152
     2 .FUN .FUN ec4c07082632cc59b9ccec7c1ddd771d 1256
     functionName component elapsedTime units
     1 readRDS Hashing 0.0003888607 secs
     2 readRDS Running readRDS 0.0004560947 secs
     3 readRDS Saving to repo 0.0571093559 secs
     4 readRDS Whole Cache call 0.0722911358 secs
     objectNames hashElements hash objSize
     1 file file d191b0ae289048c7 24130
     2 .FUN .FUN ec4c07082632cc59b9ccec7c1ddd771d 1256
     functionName component elapsedTime units
     1 readRDS Hashing 0.0004134178 secs
     2 readRDS Running readRDS 0.0004417896 secs
     3 readRDS Saving to repo 0.0512833595 secs
     4 readRDS Whole Cache call 0.0659387112 secs
     ── 1. Failure: fastMask produces correct results (@test-gis.R#22) ─────────────
     `newStack1` not equal to `newStack2`.
     Attributes: < Component "layers": Component 1: Attributes: < Component 3: Attributes: < Component 13: 'is.NA' value mismatch: 25 in current 27 in target > > >
     Attributes: < Component "layers": Component 2: Attributes: < Component 3: Attributes: < Component 13: 'is.NA' value mismatch: 25 in current 27 in target > > >
    
     cloning into '/tmp/RtmpyFj1ML/test_git'...
     Receiving objects: 1% (5/401), 8 kb
     Receiving objects: 11% (45/401), 8 kb
     Receiving objects: 21% (85/401), 32 kb
     Receiving objects: 31% (125/401), 161 kb
     Receiving objects: 41% (165/401), 176 kb
     Receiving objects: 51% (205/401), 184 kb
     Receiving objects: 61% (245/401), 192 kb
     Receiving objects: 71% (285/401), 192 kb
     Receiving objects: 81% (325/401), 201 kb
     Receiving objects: 91% (365/401), 205 kb
     Receiving objects: 100% (401/401), 205 kb, done.
     ══ testthat results ═══════════════════════════════════════════════════════════
     OK: 189 SKIPPED: 11 FAILED: 1
     1. Failure: fastMask produces correct results (@test-gis.R#22)
    
     Error: testthat unit tests failed
     Execution halted
Flavor: r-devel-linux-x86_64-fedora-gcc

Version: 0.2.3
Check: running tests for arch ‘i386’
Result: ERROR
     Running 'test-all.R' [44s]
    Running the tests in 'tests/test-all.R' failed.
    Complete output:
     > library(testthat)
     > test_check("reproducible")
     Loading required package: reproducible
    
     Attaching package: 'reproducible'
    
     The following object is masked from 'package:testthat':
    
     %>%
    
     objectNames hashElements hash objSize
     1 n n ca7e81c499371178d3495116e934ef0c 40
     2 .FUN .FUN 87ecb5928d805a1f5087ec1c2eb1428a 168
     functionName component elapsedTime units
     1 rnorm Hashing 0.0000000 secs
     2 rnorm Running rnorm 0.0000000 secs
     3 rnorm Saving to repo 0.1559989 secs
     4 rnorm Whole Cache call 0.4679971 secs
     objectNames hashElements hash objSize
     1 file file 74fa1322de276b93 120
     2 .FUN .FUN 72e5cc4ba59d98919c3b3c5e93be74cb 968
     functionName component elapsedTime units
     1 readRDS Hashing 0.0156002 secs
     2 readRDS Running readRDS 0.0000000 secs
     3 readRDS Saving to repo 0.1871989 secs
     4 readRDS Whole Cache call 0.2183990 secs
     objectNames hashElements hash objSize
     1 file file 74fa1322de276b93 24134
     2 .FUN .FUN 72e5cc4ba59d98919c3b3c5e93be74cb 968
     functionName component elapsedTime units
     1 readRDS Hashing 0.0000000 secs
     2 readRDS Running readRDS 0.0000000 secs
     3 readRDS Saving to repo 0.1715980 secs
     4 readRDS Whole Cache call 0.2027981 secs
     -- 1. Failure: fastMask produces correct results (@test-gis.R#22) -------------
     `newStack1` not equal to `newStack2`.
     Attributes: < Component "layers": Component 1: Attributes: < Component 3: Attributes: < Component 13: 'is.NA' value mismatch: 25 in current 27 in target > > >
     Attributes: < Component "layers": Component 2: Attributes: < Component 3: Attributes: < Component 13: 'is.NA' value mismatch: 25 in current 27 in target > > >
    
     == testthat results ===========================================================
     OK: 169 SKIPPED: 12 FAILED: 1
     1. Failure: fastMask produces correct results (@test-gis.R#22)
    
     Error: testthat unit tests failed
     Execution halted
Flavor: r-devel-windows-ix86+x86_64

Version: 0.2.3
Check: running tests for arch ‘x64’
Result: ERROR
     Running 'test-all.R' [46s]
    Running the tests in 'tests/test-all.R' failed.
    Complete output:
     > library(testthat)
     > test_check("reproducible")
     Loading required package: reproducible
    
     Attaching package: 'reproducible'
    
     The following object is masked from 'package:testthat':
    
     %>%
    
     objectNames hashElements hash objSize
     1 n n ca7e81c499371178d3495116e934ef0c 56
     2 .FUN .FUN 87ecb5928d805a1f5087ec1c2eb1428a 224
     functionName component elapsedTime units
     1 rnorm Hashing 0.0000000 secs
     2 rnorm Running rnorm 0.0000000 secs
     3 rnorm Saving to repo 0.1715989 secs
     4 rnorm Whole Cache call 0.5927961 secs
     objectNames hashElements hash objSize
     1 file file b49e2e1aeb788ef4 152
     2 .FUN .FUN 72e5cc4ba59d98919c3b3c5e93be74cb 1256
     functionName component elapsedTime units
     1 readRDS Hashing 0.0000000 secs
     2 readRDS Running readRDS 0.0000000 secs
     3 readRDS Saving to repo 0.1871991 secs
     4 readRDS Whole Cache call 0.2339981 secs
     objectNames hashElements hash objSize
     1 file file b49e2e1aeb788ef4 24120
     2 .FUN .FUN 72e5cc4ba59d98919c3b3c5e93be74cb 1256
     functionName component elapsedTime units
     1 readRDS Hashing 0.0000000 secs
     2 readRDS Running readRDS 0.0000000 secs
     3 readRDS Saving to repo 0.2027991 secs
     4 readRDS Whole Cache call 0.2339990 secs
     -- 1. Failure: fastMask produces correct results (@test-gis.R#22) -------------
     `newStack1` not equal to `newStack2`.
     Attributes: < Component "layers": Component 1: Attributes: < Component 3: Attributes: < Component 13: 'is.NA' value mismatch: 25 in current 27 in target > > >
     Attributes: < Component "layers": Component 2: Attributes: < Component 3: Attributes: < Component 13: 'is.NA' value mismatch: 25 in current 27 in target > > >
    
     == testthat results ===========================================================
     OK: 169 SKIPPED: 12 FAILED: 1
     1. Failure: fastMask produces correct results (@test-gis.R#22)
    
     Error: testthat unit tests failed
     Execution halted
Flavor: r-devel-windows-ix86+x86_64

Version: 0.2.3
Check: tests
Result: ERROR
     Running ‘test-all.R’ [28s/32s]
    Running the tests in ‘tests/test-all.R’ failed.
    Complete output:
     > library(testthat)
     > test_check("reproducible")
     Loading required package: reproducible
    
     Attaching package: 'reproducible'
    
     The following object is masked from 'package:testthat':
    
     %>%
    
     objectNames hashElements hash objSize
     1 n n c5f534a9160cf9159409a078a0629c06 56
     2 .FUN .FUN a979d0700a6ef8c7c18736096ff1d522 224
     functionName component elapsedTime units
     1 rnorm Hashing 2.584457e-04 secs
     2 rnorm Running rnorm 5.507469e-05 secs
     3 rnorm Saving to repo 7.485080e-02 secs
     4 rnorm Whole Cache call 3.895025e-01 secs
     objectNames hashElements hash objSize
     1 file file bb4ec73c1bed697d 152
     2 .FUN .FUN 1bd58b33d9dc341e4e6da2a575eb6824 1256
     functionName component elapsedTime units
     1 readRDS Hashing 0.0006616116 secs
     2 readRDS Running readRDS 0.0006248951 secs
     3 readRDS Saving to repo 0.0872085094 secs
     4 readRDS Whole Cache call 0.1121208668 secs
     objectNames hashElements hash objSize
     1 file file bb4ec73c1bed697d 24119
     2 .FUN .FUN 1bd58b33d9dc341e4e6da2a575eb6824 1256
     functionName component elapsedTime units
     1 readRDS Hashing 0.0006482601 secs
     2 readRDS Running readRDS 0.0005509853 secs
     3 readRDS Saving to repo 0.0983278751 secs
     4 readRDS Whole Cache call 0.1228713989 secs
     ── 1. Failure: fastMask produces correct results (@test-gis.R#22) ─────────────
     `newStack1` not equal to `newStack2`.
     Attributes: < Component "layers": Component 1: Attributes: < Component 3: Attributes: < Component 13: 'is.NA' value mismatch: 25 in current 27 in target > > >
     Attributes: < Component "layers": Component 2: Attributes: < Component 3: Attributes: < Component 13: 'is.NA' value mismatch: 25 in current 27 in target > > >
    
     ── 2. Error: git-related functions work (@test-git.R#14) ──────────────────────
     object 'parse_git_repo' not found
     1: checkoutVersion("PredictiveEcology/reproducible", localRepoPath = tmpDir, progress = FALSE) at testthat/test-git.R:14
     2: utils::getFromNamespace("parse_git_repo", "devtools")
     3: get(x, envir = ns, inherits = FALSE)
    
     ══ testthat results ═══════════════════════════════════════════════════════════
     OK: 169 SKIPPED: 11 FAILED: 2
     1. Failure: fastMask produces correct results (@test-gis.R#22)
     2. Error: git-related functions work (@test-git.R#14)
    
     Error: testthat unit tests failed
     Execution halted
Flavor: r-patched-linux-x86_64

Version: 0.2.3
Check: tests
Result: ERROR
     Running ‘test-all.R’ [46s/144s]
    Running the tests in ‘tests/test-all.R’ failed.
    Complete output:
     > library(testthat)
     > test_check("reproducible")
     Loading required package: reproducible
    
     Attaching package: 'reproducible'
    
     The following object is masked from 'package:testthat':
    
     %>%
    
     objectNames hashElements hash objSize
     1 n n c5f534a9160cf9159409a078a0629c06 36
     2 .FUN .FUN a979d0700a6ef8c7c18736096ff1d522 156
     functionName component elapsedTime units
     1 rnorm Hashing 2.849102e-04 secs
     2 rnorm Running rnorm 7.271767e-05 secs
     3 rnorm Saving to repo 1.086829e-01 secs
     4 rnorm Whole Cache call 5.008590e-01 secs
     objectNames hashElements hash objSize
     1 file file bb4ec73c1bed697d 112
     2 .FUN .FUN 1bd58b33d9dc341e4e6da2a575eb6824 912
     functionName component elapsedTime units
     1 readRDS Hashing 0.001021385 secs
     2 readRDS Running readRDS 0.001215935 secs
     3 readRDS Saving to repo 0.128504038 secs
     4 readRDS Whole Cache call 0.191952944 secs
     objectNames hashElements hash objSize
     1 file file bb4ec73c1bed697d 24119
     2 .FUN .FUN 1bd58b33d9dc341e4e6da2a575eb6824 912
     functionName component elapsedTime units
     1 readRDS Hashing 0.001056194 secs
     2 readRDS Running readRDS 0.001191616 secs
     3 readRDS Saving to repo 0.139120102 secs
     4 readRDS Whole Cache call 0.214129448 secs
     ── 1. Failure: fastMask produces correct results (@test-gis.R#22) ─────────────
     `newStack1` not equal to `newStack2`.
     Attributes: < Component "layers": Component 1: Attributes: < Component 3: Attributes: < Component 13: 'is.NA' value mismatch: 25 in current 27 in target > > >
     Attributes: < Component "layers": Component 2: Attributes: < Component 3: Attributes: < Component 13: 'is.NA' value mismatch: 25 in current 27 in target > > >
    
     cloning into '/tmp/RtmpAPaGWC/test_git'...
     Receiving objects: 1% (5/401), 9 kb
     Receiving objects: 11% (45/401), 9 kb
     Receiving objects: 21% (85/401), 33 kb
     Receiving objects: 31% (125/401), 161 kb
     Receiving objects: 41% (165/401), 177 kb
     Receiving objects: 51% (205/401), 185 kb
     Receiving objects: 61% (245/401), 193 kb
     Receiving objects: 71% (285/401), 193 kb
     Receiving objects: 81% (325/401), 201 kb
     Receiving objects: 91% (365/401), 205 kb
     Receiving objects: 100% (401/401), 205 kb, done.
     ══ testthat results ═══════════════════════════════════════════════════════════
     OK: 189 SKIPPED: 11 FAILED: 1
     1. Failure: fastMask produces correct results (@test-gis.R#22)
    
     Error: testthat unit tests failed
     Execution halted
Flavor: r-patched-solaris-x86

Version: 0.2.3
Check: tests
Result: ERROR
     Running ‘test-all.R’ [28s/31s]
    Running the tests in ‘tests/test-all.R’ failed.
    Complete output:
     > library(testthat)
     > test_check("reproducible")
     Loading required package: reproducible
    
     Attaching package: 'reproducible'
    
     The following object is masked from 'package:testthat':
    
     %>%
    
     objectNames hashElements hash objSize
     1 n n c5f534a9160cf9159409a078a0629c06 56
     2 .FUN .FUN a979d0700a6ef8c7c18736096ff1d522 224
     functionName component elapsedTime units
     1 rnorm Hashing 2.305508e-04 secs
     2 rnorm Running rnorm 5.078316e-05 secs
     3 rnorm Saving to repo 7.449436e-02 secs
     4 rnorm Whole Cache call 3.915620e-01 secs
     objectNames hashElements hash objSize
     1 file file bb4ec73c1bed697d 152
     2 .FUN .FUN 1bd58b33d9dc341e4e6da2a575eb6824 1256
     functionName component elapsedTime units
     1 readRDS Hashing 0.0006937981 secs
     2 readRDS Running readRDS 0.0005733967 secs
     3 readRDS Saving to repo 0.0829749107 secs
     4 readRDS Whole Cache call 0.1076514721 secs
     objectNames hashElements hash objSize
     1 file file bb4ec73c1bed697d 24119
     2 .FUN .FUN 1bd58b33d9dc341e4e6da2a575eb6824 1256
     functionName component elapsedTime units
     1 readRDS Hashing 0.0006716251 secs
     2 readRDS Running readRDS 0.0005805492 secs
     3 readRDS Saving to repo 0.0830125809 secs
     4 readRDS Whole Cache call 0.1086018085 secs
     ── 1. Failure: fastMask produces correct results (@test-gis.R#22) ─────────────
     `newStack1` not equal to `newStack2`.
     Attributes: < Component "layers": Component 1: Attributes: < Component 3: Attributes: < Component 13: 'is.NA' value mismatch: 25 in current 27 in target > > >
     Attributes: < Component "layers": Component 2: Attributes: < Component 3: Attributes: < Component 13: 'is.NA' value mismatch: 25 in current 27 in target > > >
    
     ── 2. Error: git-related functions work (@test-git.R#14) ──────────────────────
     object 'parse_git_repo' not found
     1: checkoutVersion("PredictiveEcology/reproducible", localRepoPath = tmpDir, progress = FALSE) at testthat/test-git.R:14
     2: utils::getFromNamespace("parse_git_repo", "devtools")
     3: get(x, envir = ns, inherits = FALSE)
    
     ══ testthat results ═══════════════════════════════════════════════════════════
     OK: 169 SKIPPED: 11 FAILED: 2
     1. Failure: fastMask produces correct results (@test-gis.R#22)
     2. Error: git-related functions work (@test-git.R#14)
    
     Error: testthat unit tests failed
     Execution halted
Flavor: r-release-linux-x86_64

Version: 0.2.3
Check: running tests for arch ‘i386’
Result: ERROR
     Running 'test-all.R' [38s]
    Running the tests in 'tests/test-all.R' failed.
    Complete output:
     > library(testthat)
     > test_check("reproducible")
     Loading required package: reproducible
    
     Attaching package: 'reproducible'
    
     The following object is masked from 'package:testthat':
    
     %>%
    
     objectNames hashElements hash objSize
     1 n n c5f534a9160cf9159409a078a0629c06 40
     2 .FUN .FUN a979d0700a6ef8c7c18736096ff1d522 168
     functionName component elapsedTime units
     1 rnorm Hashing 0.0000000 secs
     2 rnorm Running rnorm 0.0000000 secs
     3 rnorm Saving to repo 0.1403990 secs
     4 rnorm Whole Cache call 0.4367969 secs
     objectNames hashElements hash objSize
     1 file file 52f7495bd4c576a4 120
     2 .FUN .FUN 1bd58b33d9dc341e4e6da2a575eb6824 968
     functionName component elapsedTime units
     1 readRDS Hashing 0.01559997 secs
     2 readRDS Running readRDS 0.00000000 secs
     3 readRDS Saving to repo 0.15599895 secs
     4 readRDS Whole Cache call 0.18719912 secs
     objectNames hashElements hash objSize
     1 file file 52f7495bd4c576a4 24119
     2 .FUN .FUN 1bd58b33d9dc341e4e6da2a575eb6824 968
     functionName component elapsedTime units
     1 readRDS Hashing 0.0000000 secs
     2 readRDS Running readRDS 0.0000000 secs
     3 readRDS Saving to repo 0.1559989 secs
     4 readRDS Whole Cache call 0.1871989 secs
     -- 1. Failure: fastMask produces correct results (@test-gis.R#22) -------------
     `newStack1` not equal to `newStack2`.
     Attributes: < Component "layers": Component 1: Attributes: < Component 3: Attributes: < Component 13: 'is.NA' value mismatch: 25 in current 27 in target > > >
     Attributes: < Component "layers": Component 2: Attributes: < Component 3: Attributes: < Component 13: 'is.NA' value mismatch: 25 in current 27 in target > > >
    
     == testthat results ===========================================================
     OK: 169 SKIPPED: 12 FAILED: 1
     1. Failure: fastMask produces correct results (@test-gis.R#22)
    
     Error: testthat unit tests failed
     Execution halted
Flavor: r-release-windows-ix86+x86_64

Version: 0.2.3
Check: running tests for arch ‘x64’
Result: ERROR
     Running 'test-all.R' [41s]
    Running the tests in 'tests/test-all.R' failed.
    Complete output:
     > library(testthat)
     > test_check("reproducible")
     Loading required package: reproducible
    
     Attaching package: 'reproducible'
    
     The following object is masked from 'package:testthat':
    
     %>%
    
     objectNames hashElements hash objSize
     1 n n c5f534a9160cf9159409a078a0629c06 56
     2 .FUN .FUN a979d0700a6ef8c7c18736096ff1d522 224
     functionName component elapsedTime units
     1 rnorm Hashing 0.000000 secs
     2 rnorm Running rnorm 0.000000 secs
     3 rnorm Saving to repo 0.140399 secs
     4 rnorm Whole Cache call 0.514797 secs
     objectNames hashElements hash objSize
     1 file file df738d04aeb467b3 152
     2 .FUN .FUN 1bd58b33d9dc341e4e6da2a575eb6824 1256
     functionName component elapsedTime units
     1 readRDS Hashing 0.0000000 secs
     2 readRDS Running readRDS 0.0000000 secs
     3 readRDS Saving to repo 0.1403990 secs
     4 readRDS Whole Cache call 0.1911979 secs
     objectNames hashElements hash objSize
     1 file file df738d04aeb467b3 24111
     2 .FUN .FUN 1bd58b33d9dc341e4e6da2a575eb6824 1256
     functionName component elapsedTime units
     1 readRDS Hashing 0.0000000 secs
     2 readRDS Running readRDS 0.0000000 secs
     3 readRDS Saving to repo 0.1403990 secs
     4 readRDS Whole Cache call 0.1715989 secs
     -- 1. Failure: fastMask produces correct results (@test-gis.R#22) -------------
     `newStack1` not equal to `newStack2`.
     Attributes: < Component "layers": Component 1: Attributes: < Component 3: Attributes: < Component 13: 'is.NA' value mismatch: 25 in current 27 in target > > >
     Attributes: < Component "layers": Component 2: Attributes: < Component 3: Attributes: < Component 13: 'is.NA' value mismatch: 25 in current 27 in target > > >
    
     == testthat results ===========================================================
     OK: 169 SKIPPED: 12 FAILED: 1
     1. Failure: fastMask produces correct results (@test-gis.R#22)
    
     Error: testthat unit tests failed
     Execution halted
Flavor: r-release-windows-ix86+x86_64