CRAN Package Check Results for Package reproducible

Last updated on 2018-08-16 06:47:55 CEST.

Flavor Version Tinstall Tcheck Ttotal Status Flags
r-devel-linux-x86_64-debian-clang 0.2.3 30.21 209.85 240.06 OK
r-devel-linux-x86_64-debian-gcc 0.2.3 26.01 168.15 194.16 OK
r-devel-linux-x86_64-fedora-clang 0.2.3 288.82 NOTE
r-devel-linux-x86_64-fedora-gcc 0.2.3 281.19 NOTE
r-devel-windows-ix86+x86_64 0.2.3 57.00 298.00 355.00 OK
r-patched-linux-x86_64 0.2.3 27.83 179.91 207.74 OK
r-patched-solaris-x86 0.2.3 376.90 NOTE
r-release-linux-x86_64 0.2.3 35.81 179.07 214.88 OK
r-release-windows-ix86+x86_64 0.2.3 55.00 462.00 517.00 OK
r-release-osx-x86_64 0.2.3 NOTE
r-oldrel-windows-ix86+x86_64 0.2.3 64.00 302.00 366.00 OK
r-oldrel-osx-x86_64 0.2.3 NOTE

Check Details

Version: 0.2.3
Check: dependencies in R code
Result: NOTE
    Namespace in Imports field not imported from: ‘gdalUtils’
     All declared Imports should be used.
Flavors: r-devel-linux-x86_64-fedora-clang, r-devel-linux-x86_64-fedora-gcc, r-patched-solaris-x86, r-release-osx-x86_64, r-oldrel-osx-x86_64