CRAN Package Check Results for Package reproducible

Last updated on 2020-04-02 21:47:56 CEST.

Flavor Version Tinstall Tcheck Ttotal Status Flags
r-devel-linux-x86_64-debian-clang 1.0.0 33.09 322.39 355.48 ERROR
r-devel-linux-x86_64-debian-gcc 1.0.0 31.59 235.42 267.01 ERROR
r-devel-linux-x86_64-fedora-clang 1.0.0 343.37 ERROR
r-devel-linux-x86_64-fedora-gcc 1.0.0 355.43 ERROR
r-devel-windows-ix86+x86_64 1.0.0 52.00 253.00 305.00 OK
r-devel-windows-ix86+x86_64-gcc8 1.0.0 54.00 277.00 331.00 ERROR
r-patched-linux-x86_64 1.0.0 31.07 284.47 315.54 ERROR
r-patched-solaris-x86 1.0.0 509.40 ERROR
r-release-linux-x86_64 1.0.0 29.03 271.40 300.43 ERROR
r-release-windows-ix86+x86_64 1.0.0 47.00 257.00 304.00 ERROR
r-release-osx-x86_64 1.0.0 OK
r-oldrel-windows-ix86+x86_64 1.0.0 37.00 255.00 292.00 ERROR
r-oldrel-osx-x86_64 1.0.0 OK

Check Details

Version: 1.0.0
Check: tests
Result: ERROR
     Running 'test-all.R' [103s/118s]
    Running the tests in 'tests/test-all.R' failed.
    Complete output:
     > library(testthat)
     > test_check("reproducible")
     Loading required package: reproducible
     Writing layer `file50481c7eddef' to data source `/tmp/RtmpjalKPe/raster///file50481c7eddef.shp' using driver `ESRI Shapefile'
     Writing 3 features with 2 fields and geometry type Polygon.
     cloning into '/tmp/RtmpjalKPe/test_git'...
     Receiving objects: 1% (6/505), 8 kb
     Receiving objects: 11% (56/505), 17 kb
     Receiving objects: 21% (107/505), 40 kb
     Receiving objects: 31% (157/505), 177 kb
     Receiving objects: 41% (208/505), 185 kb
     Receiving objects: 51% (258/505), 201 kb
     Receiving objects: 61% (309/505), 209 kb
     Receiving objects: 71% (359/505), 217 kb
     Receiving objects: 81% (410/505), 225 kb
     Receiving objects: 91% (460/505), 234 kb
     Receiving objects: 100% (505/505), 234 kb, done.
     -- 1. Error: prepInputs doesn't work (part 3) (@test-postProcess.R#40) --------
     crs not found: is it missing?
     Backtrace:
     1. reproducible::postProcess(r1, studyArea = ncSmall, filename2 = NULL)
     2. reproducible:::postProcess.spatialObjects(...)
     3. reproducible:::postProcessAllSpatial(...)
     5. sf:::st_transform.sf(studyArea, crs = crs(x))
     7. sf:::st_transform.sfc(st_geometry(x), crs, ...)
     9. sf:::CPL_transform(x, crs, aoi, pipeline, reverse)
    
     objectNames hashElements hash objSize
     1 n n 853b1797f54b229c 56
     2 .FUN .FUN 4f604aa46882b368 224
     functionName component elapsedTime units
     1 rnorm Hashing 1.429319e-03 secs
     2 rnorm Running rnorm 8.249283e-05 secs
     3 rnorm Saving to repo 6.861997e-02 secs
     4 rnorm Whole Cache call 1.605065e-01 secs
     objectNames hashElements hash objSize
     1 file file b2fcf49bbfb7fe60 152
     2 .FUN .FUN 7a8f2865ef4bc06d 1256
     functionName component elapsedTime units
     1 readRDS Hashing 0.0015518665 secs
     2 readRDS Running readRDS 0.0007050037 secs
     3 readRDS Saving to repo 0.0678815842 secs
     4 readRDS Whole Cache call 0.1252026558 secs
     objectNames hashElements hash objSize
     1 file file b2fcf49bbfb7fe60 24114
     2 .FUN .FUN 7a8f2865ef4bc06d 1256
     functionName component elapsedTime units
     1 readRDS Hashing 0.001447439 secs
     2 readRDS Loading from repo 0.000726223 secs
     3 readRDS Whole Cache call 0.034745693 secs
     == testthat results ===========================================================
     [ OK: 334 | SKIPPED: 67 | WARNINGS: 11 | FAILED: 1 ]
     1. Error: prepInputs doesn't work (part 3) (@test-postProcess.R#40)
    
     Error: testthat unit tests failed
     Execution halted
Flavor: r-devel-linux-x86_64-debian-clang

Version: 1.0.0
Check: tests
Result: ERROR
     Running ‘test-all.R’ [74s/277s]
    Running the tests in ‘tests/test-all.R’ failed.
    Complete output:
     > library(testthat)
     > test_check("reproducible")
     Loading required package: reproducible
     Writing layer `file692273780e0' to data source `/home/hornik/tmp/scratch/Rtmpay5Zki/raster///file692273780e0.shp' using driver `ESRI Shapefile'
     Writing 3 features with 2 fields and geometry type Polygon.
     cloning into '/home/hornik/tmp/scratch/Rtmpay5Zki/test_git'...
     Receiving objects: 1% (6/505), 9 kb
     Receiving objects: 11% (56/505), 17 kb
     Receiving objects: 21% (107/505), 40 kb
     Receiving objects: 31% (157/505), 178 kb
     Receiving objects: 41% (208/505), 186 kb
     Receiving objects: 51% (258/505), 201 kb
     Receiving objects: 61% (309/505), 209 kb
     Receiving objects: 71% (359/505), 218 kb
     Receiving objects: 81% (410/505), 226 kb
     Receiving objects: 91% (460/505), 234 kb
     Receiving objects: 100% (505/505), 234 kb, done.
     ── 1. Error: prepInputs doesn't work (part 3) (@test-postProcess.R#40) ────────
     crs not found: is it missing?
     Backtrace:
     1. reproducible::postProcess(r1, studyArea = ncSmall, filename2 = NULL)
     2. reproducible:::postProcess.spatialObjects(...)
     3. reproducible:::postProcessAllSpatial(...)
     5. sf:::st_transform.sf(studyArea, crs = crs(x))
     7. sf:::st_transform.sfc(st_geometry(x), crs, ...)
     9. sf:::CPL_transform(x, crs, aoi, pipeline, reverse)
    
     objectNames hashElements hash objSize
     1 n n 853b1797f54b229c 56
     2 .FUN .FUN 4f604aa46882b368 224
     functionName component elapsedTime units
     1 rnorm Hashing 1.075745e-03 secs
     2 rnorm Running rnorm 6.985664e-05 secs
     3 rnorm Saving to repo 1.193212e+00 secs
     4 rnorm Whole Cache call 1.356388e+00 secs
     objectNames hashElements hash objSize
     1 file file c1dac5873e17af5a 168
     2 .FUN .FUN 7a8f2865ef4bc06d 1256
     functionName component elapsedTime units
     1 readRDS Hashing 0.0010750294 secs
     2 readRDS Running readRDS 0.0005347729 secs
     3 readRDS Saving to repo 0.9379761219 secs
     4 readRDS Whole Cache call 0.9750821590 secs
     objectNames hashElements hash objSize
     1 file file c1dac5873e17af5a 24105
     2 .FUN .FUN 7a8f2865ef4bc06d 1256
     functionName component elapsedTime units
     1 readRDS Hashing 0.0274534225 secs
     2 readRDS Loading from repo 0.0006849766 secs
     3 readRDS Whole Cache call 0.1990153790 secs
     ══ testthat results ═══════════════════════════════════════════════════════════
     [ OK: 334 | SKIPPED: 67 | WARNINGS: 11 | FAILED: 1 ]
     1. Error: prepInputs doesn't work (part 3) (@test-postProcess.R#40)
    
     Error: testthat unit tests failed
     Execution halted
Flavor: r-devel-linux-x86_64-debian-gcc

Version: 1.0.0
Check: package dependencies
Result: NOTE
    Imports includes 25 non-default packages.
    Importing from so many packages makes the package vulnerable to any of
    them becoming unavailable. Move as many as possible to Suggests and
    use conditionally.
Flavor: r-devel-linux-x86_64-fedora-clang

Version: 1.0.0
Check: tests
Result: ERROR
     Running ‘test-all.R’ [65s/73s]
    Running the tests in ‘tests/test-all.R’ failed.
    Complete output:
     > library(testthat)
     > test_check("reproducible")
     Loading required package: reproducible
     Writing layer `fileb1894e607937' to data source `/tmp/Rtmp100HsS/working_dir/RtmpwXGQG3/raster///fileb1894e607937.shp' using driver `ESRI Shapefile'
     Writing 3 features with 2 fields and geometry type Polygon.
     cloning into '/tmp/Rtmp100HsS/working_dir/RtmpwXGQG3/test_git'...
     Receiving objects: 1% (6/505), 9 kb
     Receiving objects: 11% (56/505), 17 kb
     Receiving objects: 21% (107/505), 41 kb
     Receiving objects: 31% (157/505), 178 kb
     Receiving objects: 41% (208/505), 186 kb
     Receiving objects: 51% (258/505), 202 kb
     Receiving objects: 61% (309/505), 210 kb
     Receiving objects: 71% (359/505), 218 kb
     Receiving objects: 81% (410/505), 226 kb
     Receiving objects: 91% (460/505), 234 kb
     Receiving objects: 100% (505/505), 234 kb, done.
     ── 1. Error: prepInputs doesn't work (part 3) (@test-postProcess.R#40) ────────
     crs not found: is it missing?
     Backtrace:
     1. reproducible::postProcess(r1, studyArea = ncSmall, filename2 = NULL)
     2. reproducible:::postProcess.spatialObjects(...)
     3. reproducible:::postProcessAllSpatial(...)
     5. sf:::st_transform.sf(studyArea, crs = crs(x))
     7. sf:::st_transform.sfc(st_geometry(x), crs, ...)
     9. sf:::CPL_transform(x, crs, aoi, pipeline, reverse)
    
     objectNames hashElements hash objSize
     1 n n 853b1797f54b229c 56
     2 .FUN .FUN 4f604aa46882b368 224
     functionName component elapsedTime units
     1 rnorm Hashing 1.415014e-03 secs
     2 rnorm Running rnorm 8.010864e-05 secs
     3 rnorm Saving to repo 1.183391e-02 secs
     4 rnorm Whole Cache call 5.513334e-02 secs
     objectNames hashElements hash objSize
     1 file file c1dac5873e17af5a 168
     2 .FUN .FUN 7a8f2865ef4bc06d 1256
     functionName component elapsedTime units
     1 readRDS Hashing 0.0014734268 secs
     2 readRDS Running readRDS 0.0007684231 secs
     3 readRDS Saving to repo 0.0237729549 secs
     4 readRDS Whole Cache call 0.0491843224 secs
     objectNames hashElements hash objSize
     1 file file c1dac5873e17af5a 24105
     2 .FUN .FUN 7a8f2865ef4bc06d 1256
     functionName component elapsedTime units
     1 readRDS Hashing 0.0014984608 secs
     2 readRDS Loading from repo 0.0008537769 secs
     3 readRDS Whole Cache call 0.0262093544 secs
     ══ testthat results ═══════════════════════════════════════════════════════════
     [ OK: 334 | SKIPPED: 67 | WARNINGS: 11 | FAILED: 1 ]
     1. Error: prepInputs doesn't work (part 3) (@test-postProcess.R#40)
    
     Error: testthat unit tests failed
     Execution halted
Flavor: r-devel-linux-x86_64-fedora-clang

Version: 1.0.0
Check: tests
Result: ERROR
     Running ‘test-all.R’ [77s/96s]
    Running the tests in ‘tests/test-all.R’ failed.
    Complete output:
     > library(testthat)
     > test_check("reproducible")
     Loading required package: reproducible
     Writing layer `filebf4326aacd70' to data source `/tmp/RtmpPcIM1a/working_dir/Rtmphpio49/raster///filebf4326aacd70.shp' using driver `ESRI Shapefile'
     Writing 3 features with 2 fields and geometry type Polygon.
     cloning into '/tmp/RtmpPcIM1a/working_dir/Rtmphpio49/test_git'...
     Receiving objects: 1% (6/505), 8 kb
     Receiving objects: 11% (56/505), 16 kb
     Receiving objects: 21% (107/505), 40 kb
     Receiving objects: 31% (157/505), 178 kb
     Receiving objects: 41% (208/505), 186 kb
     Receiving objects: 51% (258/505), 200 kb
     Receiving objects: 61% (309/505), 209 kb
     Receiving objects: 71% (359/505), 217 kb
     Receiving objects: 81% (410/505), 225 kb
     Receiving objects: 91% (460/505), 233 kb
     Receiving objects: 100% (505/505), 234 kb, done.
     ── 1. Error: prepInputs doesn't work (part 3) (@test-postProcess.R#40) ────────
     crs not found: is it missing?
     Backtrace:
     1. reproducible::postProcess(r1, studyArea = ncSmall, filename2 = NULL)
     2. reproducible:::postProcess.spatialObjects(...)
     3. reproducible:::postProcessAllSpatial(...)
     5. sf:::st_transform.sf(studyArea, crs = crs(x))
     7. sf:::st_transform.sfc(st_geometry(x), crs, ...)
     9. sf:::CPL_transform(x, crs, aoi, pipeline, reverse)
    
     objectNames hashElements hash objSize
     1 n n 853b1797f54b229c 56
     2 .FUN .FUN 4f604aa46882b368 224
     functionName component elapsedTime units
     1 rnorm Hashing 0.0017588139 secs
     2 rnorm Running rnorm 0.0001080036 secs
     3 rnorm Saving to repo 0.0132958889 secs
     4 rnorm Whole Cache call 0.0638706684 secs
     objectNames hashElements hash objSize
     1 file file c1dac5873e17af5a 168
     2 .FUN .FUN 7a8f2865ef4bc06d 1256
     functionName component elapsedTime units
     1 readRDS Hashing 0.0016891956 secs
     2 readRDS Running readRDS 0.0008249283 secs
     3 readRDS Saving to repo 0.0256850719 secs
     4 readRDS Whole Cache call 0.0554301739 secs
     objectNames hashElements hash objSize
     1 file file c1dac5873e17af5a 24105
     2 .FUN .FUN 7a8f2865ef4bc06d 1256
     functionName component elapsedTime units
     1 readRDS Hashing 0.0016808510 secs
     2 readRDS Loading from repo 0.0009565353 secs
     3 readRDS Whole Cache call 0.0360963345 secs
     ══ testthat results ═══════════════════════════════════════════════════════════
     [ OK: 334 | SKIPPED: 67 | WARNINGS: 11 | FAILED: 1 ]
     1. Error: prepInputs doesn't work (part 3) (@test-postProcess.R#40)
    
     Error: testthat unit tests failed
     Execution halted
Flavor: r-devel-linux-x86_64-fedora-gcc

Version: 1.0.0
Check: tests
Result: ERROR
     Running 'test-all.R' [59s]
    Running the tests in 'tests/test-all.R' failed.
    Complete output:
     > library(testthat)
     > test_check("reproducible")
     Loading required package: reproducible
     Writing layer `file115e459d0676b' to data source `D:\temp\RtmpGwuOM4/raster/\file115e459d0676b.shp' using driver `ESRI Shapefile'
     Writing 3 features with 2 fields and geometry type Polygon.
     -- 1. Error: prepInputs doesn't work (part 3) (@test-postProcess.R#40) --------
     crs not found: is it missing?
     Backtrace:
     1. reproducible::postProcess(r1, studyArea = ncSmall, filename2 = NULL)
     2. reproducible:::postProcess.spatialObjects(...)
     3. reproducible:::postProcessAllSpatial(...)
     5. sf:::st_transform.sf(studyArea, crs = crs(x))
     7. sf:::st_transform.sfc(st_geometry(x), crs, ...)
     9. sf:::CPL_transform(x, crs, aoi, pipeline, reverse)
    
     objectNames hashElements hash objSize
     1 n n 853b1797f54b229c 56
     2 .FUN .FUN 4f604aa46882b368 224
     functionName component elapsedTime units
     1 rnorm Hashing 0.00000000 secs
     2 rnorm Running rnorm 0.00000000 secs
     3 rnorm Saving to repo 0.03120017 secs
     4 rnorm Whole Cache call 0.06240010 secs
     objectNames hashElements hash objSize
     1 file file 9505cc00b7614fcd 152
     2 .FUN .FUN 7a8f2865ef4bc06d 1256
     functionName component elapsedTime units
     1 readRDS Hashing 0.01559997 secs
     2 readRDS Running readRDS 0.00000000 secs
     3 readRDS Saving to repo 0.04679990 secs
     4 readRDS Whole Cache call 0.06239986 secs
     objectNames hashElements hash objSize
     1 file file 9505cc00b7614fcd 24107
     2 .FUN .FUN 7a8f2865ef4bc06d 1256
     functionName component elapsedTime units
     1 readRDS Hashing 0.00000000 secs
     2 readRDS Loading from repo 0.00000000 secs
     3 readRDS Whole Cache call 0.03120017 secs
     == testthat results ===========================================================
     [ OK: 314 | SKIPPED: 68 | WARNINGS: 2 | FAILED: 1 ]
     1. Error: prepInputs doesn't work (part 3) (@test-postProcess.R#40)
    
     Error: testthat unit tests failed
     Execution halted
Flavor: r-devel-windows-ix86+x86_64-gcc8

Version: 1.0.0
Check: tests
Result: ERROR
     Running ‘test-all.R’ [81s/119s]
    Running the tests in ‘tests/test-all.R’ failed.
    Complete output:
     > library(testthat)
     > test_check("reproducible")
     Loading required package: reproducible
     Writing layer `file218c5baa85e9' to data source `/tmp/RtmpmhCF1x/raster///file218c5baa85e9.shp' using driver `ESRI Shapefile'
     Writing 3 features with 2 fields and geometry type Polygon.
     cloning into '/tmp/RtmpmhCF1x/test_git'...
     Receiving objects: 1% (6/505), 9 kb
     Receiving objects: 11% (56/505), 17 kb
     Receiving objects: 21% (107/505), 41 kb
     Receiving objects: 31% (157/505), 177 kb
     Receiving objects: 41% (208/505), 185 kb
     Receiving objects: 51% (258/505), 201 kb
     Receiving objects: 61% (309/505), 209 kb
     Receiving objects: 71% (359/505), 217 kb
     Receiving objects: 81% (410/505), 225 kb
     Receiving objects: 91% (460/505), 233 kb
     Receiving objects: 100% (505/505), 234 kb, done.
     ── 1. Error: prepInputs doesn't work (part 3) (@test-postProcess.R#40) ────────
     crs not found: is it missing?
     Backtrace:
     1. reproducible::postProcess(r1, studyArea = ncSmall, filename2 = NULL)
     2. reproducible:::postProcess.spatialObjects(...)
     3. reproducible:::postProcessAllSpatial(...)
     5. sf:::st_transform.sf(studyArea, crs = crs(x))
     7. sf:::st_transform.sfc(st_geometry(x), crs, ...)
     9. sf:::CPL_transform(x, crs, aoi, pipeline, reverse)
    
     objectNames hashElements hash objSize
     1 n n 853b1797f54b229c 56
     2 .FUN .FUN 4f604aa46882b368 224
     functionName component elapsedTime units
     1 rnorm Hashing 1.221418e-03 secs
     2 rnorm Running rnorm 7.557869e-05 secs
     3 rnorm Saving to repo 1.717508e-01 secs
     4 rnorm Whole Cache call 2.166424e-01 secs
     objectNames hashElements hash objSize
     1 file file b21fec818a7999a6 152
     2 .FUN .FUN 7a8f2865ef4bc06d 1256
     functionName component elapsedTime units
     1 readRDS Hashing 0.0013585091 secs
     2 readRDS Running readRDS 0.0006611347 secs
     3 readRDS Saving to repo 0.1147270203 secs
     4 readRDS Whole Cache call 0.1537377834 secs
     objectNames hashElements hash objSize
     1 file file b21fec818a7999a6 24104
     2 .FUN .FUN 7a8f2865ef4bc06d 1256
     functionName component elapsedTime units
     1 readRDS Hashing 0.0013728142 secs
     2 readRDS Loading from repo 0.0007736683 secs
     3 readRDS Whole Cache call 0.0696339607 secs
     ══ testthat results ═══════════════════════════════════════════════════════════
     [ OK: 334 | SKIPPED: 67 | WARNINGS: 11 | FAILED: 1 ]
     1. Error: prepInputs doesn't work (part 3) (@test-postProcess.R#40)
    
     Error: testthat unit tests failed
     Execution halted
Flavor: r-patched-linux-x86_64

Version: 1.0.0
Check: tests
Result: ERROR
     Running ‘test-all.R’ [91s/152s]
    Running the tests in ‘tests/test-all.R’ failed.
    Complete output:
     > library(testthat)
     > test_check("reproducible")
     Loading required package: reproducible
     Writing layer `file18e689a5e29' to data source `/tmp/RtmpW2aWGa/working_dir/RtmpoDaWXa/raster///file18e689a5e29.shp' using driver `ESRI Shapefile'
     Writing 3 features with 2 fields and geometry type Polygon.
     cloning into '/tmp/RtmpW2aWGa/working_dir/RtmpoDaWXa/test_git'...
     Receiving objects: 1% (6/505), 9 kb
     Receiving objects: 11% (56/505), 17 kb
     Receiving objects: 21% (107/505), 41 kb
     Receiving objects: 31% (157/505), 177 kb
     Receiving objects: 41% (208/505), 185 kb
     Receiving objects: 51% (258/505), 201 kb
     Receiving objects: 61% (309/505), 209 kb
     Receiving objects: 71% (359/505), 217 kb
     Receiving objects: 81% (410/505), 225 kb
     Receiving objects: 91% (460/505), 233 kb
     Receiving objects: 100% (505/505), 234 kb, done.
     ── 1. Error: prepInputs doesn't work (part 3) (@test-postProcess.R#40) ────────
     crs not found: is it missing?
     Backtrace:
     1. reproducible::postProcess(r1, studyArea = ncSmall, filename2 = NULL)
     2. reproducible:::postProcess.spatialObjects(...)
     3. reproducible:::postProcessAllSpatial(...)
     5. sf:::st_transform.sf(studyArea, crs = crs(x))
     7. sf:::st_transform.sfc(st_geometry(x), crs, ...)
     9. sf:::CPL_transform(x, crs, aoi, pipeline, reverse)
    
     objectNames hashElements hash objSize
     1 n n 853b1797f54b229c 36
     2 .FUN .FUN 4f604aa46882b368 156
     functionName component elapsedTime units
     1 rnorm Hashing 0.0015130043 secs
     2 rnorm Running rnorm 0.0001091957 secs
     3 rnorm Saving to repo 0.0144338608 secs
     4 rnorm Whole Cache call 0.0664370060 secs
     objectNames hashElements hash objSize
     1 file file b21fec818a7999a6 128
     2 .FUN .FUN 7a8f2865ef4bc06d 912
     functionName component elapsedTime units
     1 readRDS Hashing 0.001902580 secs
     2 readRDS Running readRDS 0.001425982 secs
     3 readRDS Saving to repo 0.027973175 secs
     4 readRDS Whole Cache call 0.060954571 secs
     objectNames hashElements hash objSize
     1 file file b21fec818a7999a6 24104
     2 .FUN .FUN 7a8f2865ef4bc06d 912
     functionName component elapsedTime units
     1 readRDS Hashing 0.002070189 secs
     2 readRDS Loading from repo 0.001451969 secs
     3 readRDS Whole Cache call 0.044225693 secs
     ══ testthat results ═══════════════════════════════════════════════════════════
     [ OK: 334 | SKIPPED: 67 | WARNINGS: 11 | FAILED: 1 ]
     1. Error: prepInputs doesn't work (part 3) (@test-postProcess.R#40)
    
     Error: testthat unit tests failed
     Execution halted
Flavor: r-patched-solaris-x86

Version: 1.0.0
Check: tests
Result: ERROR
     Running ‘test-all.R’ [81s/121s]
    Running the tests in ‘tests/test-all.R’ failed.
    Complete output:
     > library(testthat)
     > test_check("reproducible")
     Loading required package: reproducible
     Writing layer `file24d26157e402' to data source `/tmp/RtmpiZ39wW/raster///file24d26157e402.shp' using driver `ESRI Shapefile'
     Writing 3 features with 2 fields and geometry type Polygon.
     cloning into '/tmp/RtmpiZ39wW/test_git'...
     Receiving objects: 1% (6/505), 8 kb
     Receiving objects: 11% (56/505), 17 kb
     Receiving objects: 21% (107/505), 41 kb
     Receiving objects: 31% (157/505), 177 kb
     Receiving objects: 41% (208/505), 185 kb
     Receiving objects: 51% (258/505), 201 kb
     Receiving objects: 61% (309/505), 209 kb
     Receiving objects: 71% (359/505), 217 kb
     Receiving objects: 81% (410/505), 225 kb
     Receiving objects: 91% (460/505), 233 kb
     Receiving objects: 100% (505/505), 234 kb, done.
     ── 1. Error: prepInputs doesn't work (part 3) (@test-postProcess.R#40) ────────
     crs not found: is it missing?
     Backtrace:
     1. reproducible::postProcess(r1, studyArea = ncSmall, filename2 = NULL)
     2. reproducible:::postProcess.spatialObjects(...)
     3. reproducible:::postProcessAllSpatial(...)
     5. sf:::st_transform.sf(studyArea, crs = crs(x))
     7. sf:::st_transform.sfc(st_geometry(x), crs, ...)
     9. sf:::CPL_transform(x, crs, aoi, pipeline, reverse)
    
     objectNames hashElements hash objSize
     1 n n 853b1797f54b229c 56
     2 .FUN .FUN 4f604aa46882b368 224
     functionName component elapsedTime units
     1 rnorm Hashing 1.152277e-03 secs
     2 rnorm Running rnorm 6.818771e-05 secs
     3 rnorm Saving to repo 5.841660e-02 secs
     4 rnorm Whole Cache call 1.288292e-01 secs
     objectNames hashElements hash objSize
     1 file file 51da4e6a77e9a9a6 152
     2 .FUN .FUN 7a8f2865ef4bc06d 1256
     functionName component elapsedTime units
     1 readRDS Hashing 0.0012409687 secs
     2 readRDS Running readRDS 0.0006320477 secs
     3 readRDS Saving to repo 0.1515548229 secs
     4 readRDS Whole Cache call 0.1889362335 secs
     objectNames hashElements hash objSize
     1 file file 51da4e6a77e9a9a6 24102
     2 .FUN .FUN 7a8f2865ef4bc06d 1256
     functionName component elapsedTime units
     1 readRDS Hashing 0.0011892319 secs
     2 readRDS Loading from repo 0.0007846355 secs
     3 readRDS Whole Cache call 0.0648219585 secs
     ══ testthat results ═══════════════════════════════════════════════════════════
     [ OK: 334 | SKIPPED: 67 | WARNINGS: 11 | FAILED: 1 ]
     1. Error: prepInputs doesn't work (part 3) (@test-postProcess.R#40)
    
     Error: testthat unit tests failed
     Execution halted
Flavor: r-release-linux-x86_64

Version: 1.0.0
Check: tests
Result: ERROR
     Running 'test-all.R' [55s]
    Running the tests in 'tests/test-all.R' failed.
    Complete output:
     > library(testthat)
     > test_check("reproducible")
     Loading required package: reproducible
     Error in x$.self$finalize() : attempt to apply non-function
     Error in x$.self$finalize() : attempt to apply non-function
     Error in x$.self$finalize() : attempt to apply non-function
     Error in x$.self$finalize() : attempt to apply non-function
     Error in (function (x) : attempt to apply non-function
     Error in (function (x) : attempt to apply non-function
     Error in (function (x) : attempt to apply non-function
     Writing layer `file228f073064b94' to data source `D:\temp\RtmpkRLXHX/raster/\file228f073064b94.shp' using driver `ESRI Shapefile'
     Writing 3 features with 2 fields and geometry type Polygon.
     -- 1. Error: prepInputs doesn't work (part 3) (@test-postProcess.R#40) --------
     crs not found: is it missing?
     Backtrace:
     1. reproducible::postProcess(r1, studyArea = ncSmall, filename2 = NULL)
     2. reproducible:::postProcess.spatialObjects(...)
     3. reproducible:::postProcessAllSpatial(...)
     5. sf:::st_transform.sf(studyArea, crs = crs(x))
     7. sf:::st_transform.sfc(st_geometry(x), crs, ...)
     9. sf:::CPL_transform(x, crs, aoi, pipeline, reverse)
    
     objectNames hashElements hash objSize
     1 n n 853b1797f54b229c 56
     2 .FUN .FUN 4f604aa46882b368 224
     functionName component elapsedTime units
     1 rnorm Hashing 0.01559997 secs
     2 rnorm Running rnorm 0.00000000 secs
     3 rnorm Saving to repo 0.03120017 secs
     4 rnorm Whole Cache call 0.06240010 secs
     objectNames hashElements hash objSize
     1 file file 8a9698291099f0d9 152
     2 .FUN .FUN 7a8f2865ef4bc06d 1256
     functionName component elapsedTime units
     1 readRDS Hashing 0.00000000 secs
     2 readRDS Running readRDS 0.00000000 secs
     3 readRDS Saving to repo 0.04679990 secs
     4 readRDS Whole Cache call 0.06239986 secs
     objectNames hashElements hash objSize
     1 file file 8a9698291099f0d9 24105
     2 .FUN .FUN 7a8f2865ef4bc06d 1256
     functionName component elapsedTime units
     1 readRDS Hashing 0.01559997 secs
     2 readRDS Loading from repo 0.00000000 secs
     3 readRDS Whole Cache call 0.03120017 secs
     == testthat results ===========================================================
     [ OK: 314 | SKIPPED: 68 | WARNINGS: 2 | FAILED: 1 ]
     1. Error: prepInputs doesn't work (part 3) (@test-postProcess.R#40)
    
     Error: testthat unit tests failed
     Execution halted
Flavor: r-release-windows-ix86+x86_64

Version: 1.0.0
Check: tests
Result: ERROR
     Running 'test-all.R' [60s]
    Running the tests in 'tests/test-all.R' failed.
    Complete output:
     > library(testthat)
     > test_check("reproducible")
     Loading required package: reproducible
     Writing layer `filed32c5597233' to data source `D:\temp\RtmpKEXeMa/raster/\filed32c5597233.shp' using driver `ESRI Shapefile'
     Writing 3 features with 2 fields and geometry type Polygon.
     -- 1. Error: prepInputs doesn't work (part 3) (@test-postProcess.R#40) --------
     crs not found: is it missing?
     Backtrace:
     1. reproducible::postProcess(r1, studyArea = ncSmall, filename2 = NULL)
     2. reproducible:::postProcess.spatialObjects(...)
     3. reproducible:::postProcessAllSpatial(...)
     5. sf:::st_transform.sf(studyArea, crs = crs(x))
     7. sf:::st_transform.sfc(st_geometry(x), crs, ...)
     9. sf:::CPL_transform(x, crs, aoi, pipeline, reverse)
    
     objectNames hashElements hash objSize
     1 n n 853b1797f54b229c 56
     2 .FUN .FUN 4f604aa46882b368 224
     functionName component elapsedTime units
     1 rnorm Hashing 0.0009999275 secs
     2 rnorm Running rnorm 0.0000000000 secs
     3 rnorm Saving to repo 0.0380001068 secs
     4 rnorm Whole Cache call 0.0879998207 secs
     objectNames hashElements hash objSize
     1 file file 6685a53689e8f09a 152
     2 .FUN .FUN 7a8f2865ef4bc06d 1256
     functionName component elapsedTime units
     1 readRDS Hashing 0.003000021 secs
     2 readRDS Running readRDS 0.001000166 secs
     3 readRDS Saving to repo 0.046999931 secs
     4 readRDS Whole Cache call 0.076999903 secs
     objectNames hashElements hash objSize
     1 file file 6685a53689e8f09a 24096
     2 .FUN .FUN 7a8f2865ef4bc06d 1256
     functionName component elapsedTime units
     1 readRDS Hashing 0.0030000210 secs
     2 readRDS Loading from repo 0.0009999275 secs
     3 readRDS Whole Cache call 0.0380001068 secs
     == testthat results ===========================================================
     [ OK: 314 | SKIPPED: 68 | WARNINGS: 2 | FAILED: 1 ]
     1. Error: prepInputs doesn't work (part 3) (@test-postProcess.R#40)
    
     Error: testthat unit tests failed
     Execution halted
Flavor: r-oldrel-windows-ix86+x86_64