CRAN Package Check Results for Package resemble

Last updated on 2021-07-29 00:49:22 CEST.

Flavor Version Tinstall Tcheck Ttotal Status Flags
r-devel-linux-x86_64-debian-clang 2.0.0 NOTE
r-devel-linux-x86_64-debian-gcc 2.0.0 55.01 233.97 288.98 NOTE
r-devel-linux-x86_64-fedora-clang 2.0.0 503.67 NOTE
r-devel-linux-x86_64-fedora-gcc 2.0.0 467.44 NOTE
r-devel-windows-x86_64 2.0.0 70.00 399.00 469.00 NOTE
r-devel-windows-x86_64-gcc10-UCRT 2.0.0 NOTE
r-patched-linux-x86_64 2.0.0 70.58 295.24 365.82 NOTE
r-patched-solaris-x86 2.0.0 685.70 NOTE
r-release-linux-x86_64 2.0.0 67.07 294.19 361.26 NOTE
r-release-macos-arm64 2.0.0 NOTE
r-release-macos-x86_64 2.0.0 NOTE
r-release-windows-ix86+x86_64 2.0.0 179.00 428.00 607.00 NOTE
r-oldrel-macos-x86_64 2.0.0 NOTE
r-oldrel-windows-ix86+x86_64 2.0.0 128.00 434.00 562.00 OK

Check Details

Version: 2.0.0
Check: LazyData
Result: NOTE
     'LazyData' is specified without a 'data' directory
Flavors: r-devel-linux-x86_64-debian-clang, r-devel-linux-x86_64-debian-gcc, r-devel-linux-x86_64-fedora-clang, r-devel-linux-x86_64-fedora-gcc, r-devel-windows-x86_64, r-devel-windows-x86_64-gcc10-UCRT, r-patched-linux-x86_64, r-patched-solaris-x86, r-release-linux-x86_64, r-release-macos-arm64, r-release-macos-x86_64, r-release-windows-ix86+x86_64

Version: 2.0.0
Check: installed package size
Result: NOTE
     installed size is 10.4Mb
     sub-directories of 1Mb or more:
     doc 1.6Mb
     libs 8.2Mb
Flavors: r-release-macos-arm64, r-release-macos-x86_64, r-oldrel-macos-x86_64