CRAN Package Check Results for Package resemble

Last updated on 2021-01-24 16:46:46 CET.

Flavor Version Tinstall Tcheck Ttotal Status Flags
r-devel-linux-x86_64-debian-clang 2.0.0 75.66 301.31 376.97 OK
r-devel-linux-x86_64-debian-gcc 2.0.0 56.14 232.38 288.52 OK
r-devel-linux-x86_64-fedora-clang 2.0.0 480.57 OK
r-devel-linux-x86_64-fedora-gcc 2.0.0 458.63 OK
r-devel-windows-ix86+x86_64 2.0.0 178.00 363.00 541.00 OK
r-patched-linux-x86_64 2.0.0 65.46 295.53 360.99 OK
r-patched-solaris-x86 2.0.0 654.90 OK
r-release-linux-x86_64 2.0.0 69.02 290.29 359.31 OK
r-release-macos-x86_64 2.0.0 NOTE
r-release-windows-ix86+x86_64 2.0.0 119.00 416.00 535.00 OK
r-oldrel-macos-x86_64 2.0.0 NOTE
r-oldrel-windows-ix86+x86_64 2.0.0 127.00 395.00 522.00 OK

Check Details

Version: 2.0.0
Check: installed package size
Result: NOTE
     installed size is 8.6Mb
     sub-directories of 1Mb or more:
     doc 1.6Mb
     libs 6.4Mb
Flavors: r-release-macos-x86_64, r-oldrel-macos-x86_64