CRAN Package Check Results for Package reshape

Last updated on 2019-10-23 17:50:10 CEST.

Flavor Version Tinstall Tcheck Ttotal Status Flags
r-devel-linux-x86_64-debian-clang 0.8.8 3.74 29.63 33.37 OK
r-devel-linux-x86_64-debian-gcc 0.8.8 2.99 23.79 26.78 OK
r-devel-linux-x86_64-fedora-clang 0.8.8 41.46 OK
r-devel-linux-x86_64-fedora-gcc 0.8.8 40.12 OK
r-devel-windows-ix86+x86_64 0.8.8 10.00 64.00 74.00 OK
r-patched-linux-x86_64 0.8.8 2.95 29.58 32.53 OK
r-patched-solaris-x86 0.8.8 60.00 OK
r-release-linux-x86_64 0.8.8 2.88 30.27 33.15 OK
r-release-windows-ix86+x86_64 0.8.8 13.00 45.00 58.00 OK
r-release-osx-x86_64 0.8.8 OK
r-oldrel-windows-ix86+x86_64 0.8.8 7.00 62.00 69.00 OK
r-oldrel-osx-x86_64 0.8.8 NOTE

Check Details

Version: 0.8.8
Check: Rd \usage sections
Result: NOTE
    S3 methods shown with full name in documentation object 'all.vars.character':
     ‘all.vars.character’
    
    The \usage entries for S3 methods should use the \method markup and not
    their full name.
    See chapter ‘Writing R documentation files’ in the ‘Writing R
    Extensions’ manual.
Flavor: r-oldrel-osx-x86_64