CRAN Package Check Results for Package reshape

Last updated on 2024-06-25 10:56:22 CEST.

Flavor Version Tinstall Tcheck Ttotal Status Flags
r-devel-linux-x86_64-debian-clang 0.8.9 4.89 42.18 47.07 NOTE
r-devel-linux-x86_64-debian-gcc 0.8.9 3.20 31.19 34.39 NOTE
r-devel-linux-x86_64-fedora-clang 0.8.9 57.23 NOTE
r-devel-linux-x86_64-fedora-gcc 0.8.9 54.36 NOTE
r-devel-windows-x86_64 0.8.9 5.00 58.00 63.00 NOTE
r-patched-linux-x86_64 0.8.9 5.77 40.15 45.92 NOTE
r-release-linux-x86_64 0.8.9 4.49 39.62 44.11 NOTE
r-release-macos-arm64 0.8.9 20.00 NOTE
r-release-macos-x86_64 0.8.9 29.00 NOTE
r-release-windows-x86_64 0.8.9 5.00 58.00 63.00 NOTE
r-oldrel-macos-arm64 0.8.9 22.00 NOTE
r-oldrel-macos-x86_64 0.8.9 31.00 NOTE
r-oldrel-windows-x86_64 0.8.9 6.00 64.00 70.00 NOTE

Check Details

Version: 0.8.9
Check: Rd files
Result: NOTE checkRd: (-1) as-data-frame-cast-df-v7.rd:3: Escaped LaTeX specials: \_ checkRd: (-1) as-data-frame-cast-matrix-59.rd:3: Escaped LaTeX specials: \_ checkRd: (-1) as-matrix-cast-df-bu.rd:3: Escaped LaTeX specials: \_ checkRd: (-1) as-matrix-cast-matrix-2y.rd:3: Escaped LaTeX specials: \_ checkRd: (-1) cast-9g.rd:19: Escaped LaTeX specials: \_ \_ checkRd: (-1) cast-9g.rd:41: Escaped LaTeX specials: \_ checkRd: (-1) cast-9g.rd:46: Escaped LaTeX specials: \_ \_ checkRd: (-1) clean-vars-rc.rd:13: Escaped LaTeX specials: \_ checkRd: (-1) expand-kx.rd:15: Escaped LaTeX specials: \_ checkRd: (-1) reshape-4u.rd:17: Escaped LaTeX specials: \_ \_ Flavors: r-devel-linux-x86_64-debian-clang, r-devel-linux-x86_64-debian-gcc, r-devel-linux-x86_64-fedora-clang, r-devel-linux-x86_64-fedora-gcc, r-devel-windows-x86_64, r-patched-linux-x86_64, r-release-linux-x86_64, r-release-macos-arm64, r-release-macos-x86_64, r-release-windows-x86_64, r-oldrel-macos-arm64, r-oldrel-macos-x86_64, r-oldrel-windows-x86_64