CRAN Package Check Results for Package reshape

Last updated on 2022-08-14 05:49:04 CEST.

Flavor Version Tinstall Tcheck Ttotal Status Flags
r-devel-linux-x86_64-debian-clang 0.8.9 3.61 40.09 43.70 NOTE
r-devel-linux-x86_64-debian-gcc 0.8.9 3.44 30.85 34.29 NOTE
r-devel-linux-x86_64-fedora-clang 0.8.9 61.50 NOTE
r-devel-linux-x86_64-fedora-gcc 0.8.9 60.45 NOTE
r-devel-windows-x86_64 0.8.9 32.00 61.00 93.00 NOTE
r-patched-linux-x86_64 0.8.9 5.19 37.43 42.62 OK
r-release-linux-x86_64 0.8.9 3.06 38.39 41.45 OK
r-release-macos-arm64 0.8.9 21.00 OK
r-release-macos-x86_64 0.8.9 30.00 OK
r-release-windows-x86_64 0.8.9 40.00 66.00 106.00 OK
r-oldrel-macos-arm64 0.8.9 25.00 OK
r-oldrel-macos-x86_64 0.8.9 28.00 OK
r-oldrel-windows-ix86+x86_64 0.8.9 9.00 62.00 71.00 OK

Check Details

Version: 0.8.9
Check: Rd files
Result: NOTE
    checkRd: (-1) as-data-frame-cast-df-v7.rd:3: Escaped LaTeX specials: \_
    checkRd: (-1) as-data-frame-cast-matrix-59.rd:3: Escaped LaTeX specials: \_
    checkRd: (-1) as-matrix-cast-df-bu.rd:3: Escaped LaTeX specials: \_
    checkRd: (-1) as-matrix-cast-matrix-2y.rd:3: Escaped LaTeX specials: \_
    checkRd: (-1) cast-9g.rd:19: Escaped LaTeX specials: \_ \_
    checkRd: (-1) cast-9g.rd:41: Escaped LaTeX specials: \_
    checkRd: (-1) cast-9g.rd:46: Escaped LaTeX specials: \_ \_
    checkRd: (-1) clean-vars-rc.rd:13: Escaped LaTeX specials: \_
    checkRd: (-1) expand-kx.rd:15: Escaped LaTeX specials: \_
    checkRd: (-1) reshape-4u.rd:17: Escaped LaTeX specials: \_ \_
Flavors: r-devel-linux-x86_64-debian-clang, r-devel-linux-x86_64-debian-gcc, r-devel-linux-x86_64-fedora-clang, r-devel-linux-x86_64-fedora-gcc, r-devel-windows-x86_64