CRAN Package Check Results for Package reshape

Last updated on 2019-05-19 18:50:33 CEST.

Flavor Version Tinstall Tcheck Ttotal Status Flags
r-devel-linux-x86_64-debian-clang 0.8.8 3.47 30.47 33.94 OK
r-devel-linux-x86_64-debian-gcc 0.8.8 2.75 24.37 27.12 OK
r-devel-linux-x86_64-fedora-clang 0.8.8 41.51 OK
r-devel-linux-x86_64-fedora-gcc 0.8.8 38.41 OK
r-devel-windows-ix86+x86_64 0.8.8 9.00 59.00 68.00 OK
r-patched-linux-x86_64 0.8.8 3.93 30.18 34.11 OK
r-patched-solaris-x86 0.8.8 58.80 OK
r-release-linux-x86_64 0.8.8 3.58 30.50 34.08 OK
r-release-windows-ix86+x86_64 0.8.8 10.00 55.00 65.00 OK
r-release-osx-x86_64 0.8.8 OK
r-oldrel-windows-ix86+x86_64 0.8.8 6.00 68.00 74.00 OK
r-oldrel-osx-x86_64 0.8.8 NOTE

Check Details

Version: 0.8.8
Check: Rd \usage sections
Result: NOTE
    S3 methods shown with full name in documentation object 'all.vars.character':
     ‘all.vars.character’
    
    The \usage entries for S3 methods should use the \method markup and not
    their full name.
    See chapter ‘Writing R documentation files’ in the ‘Writing R
    Extensions’ manual.
Flavor: r-oldrel-osx-x86_64