CRAN Package Check Results for Package respirometry

Last updated on 2020-08-15 20:47:00 CEST.

Flavor Version Tinstall Tcheck Ttotal Status Flags
r-devel-linux-x86_64-debian-clang 1.1.0 7.93 51.71 59.64 OK
r-devel-linux-x86_64-debian-gcc 1.1.0 5.85 40.72 46.57 OK
r-devel-linux-x86_64-fedora-clang 1.1.0 76.88 OK
r-devel-linux-x86_64-fedora-gcc 1.1.0 67.16 OK
r-devel-windows-ix86+x86_64 1.1.0 19.00 92.00 111.00 OK
r-patched-linux-x86_64 1.1.0 7.26 50.68 57.94 OK
r-patched-solaris-x86 1.1.0 95.00 ERROR
r-release-linux-x86_64 1.1.0 7.58 51.56 59.14 OK
r-release-macos-x86_64 1.1.0 OK
r-release-windows-ix86+x86_64 1.1.0 22.00 74.00 96.00 OK
r-oldrel-macos-x86_64 1.1.0 OK
r-oldrel-windows-ix86+x86_64 1.1.0 14.00 73.00 87.00 OK

Check Details

Version: 1.1.0
Check: examples
Result: ERROR
    Running examples in ‘respirometry-Ex.R’ failed
    The error most likely occurred in:
    
    > ### Name: calc_MO2
    > ### Title: Calculate metabolic rate
    > ### Aliases: calc_MO2
    >
    > ### ** Examples
    >
    > # get O2 data
    > file <- system.file('extdata', 'witrox_file.txt', package = 'respirometry')
    > o2_data <- na.omit(import_witrox(file, split_channels = TRUE)$CH_4)
    Warning in strsplit(raw, split = "\r\n", fixed = T) :
     input string 1 is invalid UTF-8
    Error in grep("Date &Time [", f[1:20], fixed = TRUE):length(f) :
     argument of length 0
    Calls: na.omit -> import_witrox
    Execution halted
Flavor: r-patched-solaris-x86