CRAN Package Check Results for Package restrictedMVN

Last updated on 2020-11-30 18:17:26 CET.

Flavor Version Tinstall Tcheck Ttotal Status Flags
r-devel-linux-x86_64-debian-clang 1.0 3.13 33.71 36.84 OK
r-devel-linux-x86_64-debian-gcc 1.0 2.32 29.24 31.56 OK
r-devel-linux-x86_64-fedora-clang 1.0 48.63 NOTE
r-devel-linux-x86_64-fedora-gcc 1.0 39.14 NOTE
r-devel-windows-ix86+x86_64 1.0 7.00 67.00 74.00 OK
r-patched-linux-x86_64 1.0 3.03 36.04 39.07 OK
r-patched-solaris-x86 1.0 59.70 OK
r-release-linux-x86_64 1.0 3.06 36.39 39.45 OK
r-release-macos-x86_64 1.0 OK
r-release-windows-ix86+x86_64 1.0 7.00 50.00 57.00 OK
r-oldrel-macos-x86_64 1.0 OK
r-oldrel-windows-ix86+x86_64 1.0 5.00 64.00 69.00 OK

Check Details

Version: 1.0
Check: compiled code
Result: NOTE
    File ‘restrictedMVN/libs/restrictedMVN.so’:
     Found no calls to: ‘R_registerRoutines’, ‘R_useDynamicSymbols’
    
    It is good practice to register native routines and to disable symbol
    search.
    
    See ‘Writing portable packages’ in the ‘Writing R Extensions’ manual.
Flavors: r-devel-linux-x86_64-fedora-clang, r-devel-linux-x86_64-fedora-gcc