CRAN Package Check Results for Package restriktor

Last updated on 2022-11-27 05:51:41 CET.

Flavor Version Tinstall Tcheck Ttotal Status Flags
r-devel-linux-x86_64-debian-clang 0.3-500 15.12 105.82 120.94 NOTE
r-devel-linux-x86_64-debian-gcc 0.3-500 12.41 80.36 92.77 NOTE
r-devel-linux-x86_64-fedora-clang 0.3-500 163.71 NOTE
r-devel-linux-x86_64-fedora-gcc 0.3-500 157.57 NOTE
r-devel-windows-x86_64 0.3-500 47.00 129.00 176.00 NOTE
r-patched-linux-x86_64 0.3-500 14.86 102.34 117.20 OK
r-release-linux-x86_64 0.3-500 12.43 100.68 113.11 OK
r-release-macos-arm64 0.3-500 35.00 OK
r-release-macos-x86_64 0.3-500 54.00 OK
r-release-windows-x86_64 0.3-500 57.00 130.00 187.00 OK
r-oldrel-macos-arm64 0.3-500 37.00 OK
r-oldrel-macos-x86_64 0.3-500 52.00 OK
r-oldrel-windows-ix86+x86_64 0.3-500 28.00 117.00 145.00 OK

Check Details

Version: 0.3-500
Check: Rd files
Result: NOTE
    checkRd: (-1) Burns.Rd:28: Escaped LaTeX specials: \&
Flavors: r-devel-linux-x86_64-debian-clang, r-devel-linux-x86_64-debian-gcc, r-devel-linux-x86_64-fedora-clang, r-devel-linux-x86_64-fedora-gcc, r-devel-windows-x86_64