CRAN Package Check Results for Package retel

Last updated on 2024-07-22 18:52:31 CEST.

Flavor Version Tinstall Tcheck Ttotal Status Flags
r-devel-linux-x86_64-debian-clang 0.1.0 8.18 64.84 73.02 OK
r-devel-linux-x86_64-debian-gcc 0.1.0 4.64 48.89 53.53 NOTE
r-devel-linux-x86_64-fedora-clang 0.1.0 93.53 OK
r-devel-linux-x86_64-fedora-gcc 0.1.0 83.62 OK
r-devel-windows-x86_64 0.1.0 7.00 70.00 77.00 NOTE
r-patched-linux-x86_64 0.1.0 10.37 60.41 70.78 OK
r-release-linux-x86_64 0.1.0 4.86 61.81 66.67 OK
r-release-macos-arm64 0.1.0 30.00 OK
r-release-macos-x86_64 0.1.0 42.00 OK
r-release-windows-x86_64 0.1.0 7.00 64.00 71.00 OK
r-oldrel-macos-arm64 0.1.0 36.00 OK
r-oldrel-macos-x86_64 0.1.0 67.00 OK
r-oldrel-windows-x86_64 0.1.0 7.00 75.00 82.00 OK

Check Details

Version: 0.1.0
Check: Rd cross-references
Result: NOTE Found the following Rd file(s) with Rd \link{} targets missing package anchors: etel.Rd: nloptr retel.Rd: nloptr Please provide package anchors for all Rd \link{} targets not in the package itself and the base packages. Flavors: r-devel-linux-x86_64-debian-gcc, r-devel-windows-x86_64