CRAN Package Check Results for Package rethnicity

Last updated on 2021-12-06 11:52:06 CET.

Flavor Version Tinstall Tcheck Ttotal Status Flags
r-devel-linux-x86_64-debian-clang 0.2.2 69.78 65.61 135.39 OK
r-devel-linux-x86_64-debian-gcc 0.2.2 64.79 50.60 115.39 OK
r-devel-linux-x86_64-fedora-clang 0.2.2 200.46 NOTE
r-devel-linux-x86_64-fedora-gcc 0.2.2 185.11 OK
r-devel-windows-x86_64-new-UL 0.2.2 90.00 112.00 202.00 NOTE
r-devel-windows-x86_64-new-TK 0.2.2 OK
r-devel-windows-x86_64-old 0.2.2 63.00 74.00 137.00 NOTE
r-patched-linux-x86_64 0.2.2 70.47 57.57 128.04 OK
r-release-linux-x86_64 0.2.2 68.75 65.30 134.05 OK
r-release-macos-arm64 0.2.2 NOTE
r-release-macos-x86_64 0.2.2 NOTE
r-release-windows-ix86+x86_64 0.2.2 123.00 78.00 201.00 NOTE
r-oldrel-macos-x86_64 0.2.2 NOTE
r-oldrel-windows-ix86+x86_64 0.1.2 180.00 83.00 263.00 NOTE

Check Details

Version: 0.2.2
Check: installed package size
Result: NOTE
     installed size is 19.2Mb
     sub-directories of 1Mb or more:
     include 1.9Mb
     libs 15.5Mb
     models 1.6Mb
Flavors: r-devel-linux-x86_64-fedora-clang, r-devel-windows-x86_64-new-UL, r-devel-windows-x86_64-old, r-release-macos-arm64, r-release-macos-x86_64, r-release-windows-ix86+x86_64, r-oldrel-macos-x86_64

Version: 0.1.2
Check: installed package size
Result: NOTE
     installed size is 6.8Mb
     sub-directories of 1Mb or more:
     include 1.9Mb
     libs 3.3Mb
     models 1.6Mb
Flavor: r-oldrel-windows-ix86+x86_64