CRAN Package Check Results for Package reticulate

Last updated on 2022-11-27 11:08:32 CET.

Flavor Version Tinstall Tcheck Ttotal Status Flags
r-devel-linux-x86_64-debian-clang 1.26 37.38 155.98 193.36 OK
r-devel-linux-x86_64-debian-gcc 1.26 34.94 115.25 150.19 OK
r-devel-linux-x86_64-fedora-clang 1.26 262.62 OK
r-devel-linux-x86_64-fedora-gcc 1.26 248.60 OK
r-devel-windows-x86_64 1.26 229.00 229.00 458.00 OK
r-patched-linux-x86_64 1.26 33.65 145.24 178.89 OK
r-release-linux-x86_64 1.26 35.10 138.36 173.46 OK
r-release-macos-arm64 1.26 57.00 NOTE
r-release-macos-x86_64 1.26 83.00 NOTE
r-release-windows-x86_64 1.26 265.00 226.00 491.00 OK
r-oldrel-macos-arm64 1.26 55.00 NOTE
r-oldrel-macos-x86_64 1.26 100.00 NOTE
r-oldrel-windows-ix86+x86_64 1.26 98.00 269.00 367.00 OK

Check Details

Version: 1.26
Check: installed package size
Result: NOTE
     installed size is 5.5Mb
     sub-directories of 1Mb or more:
     libs 3.3Mb
Flavors: r-release-macos-arm64, r-release-macos-x86_64, r-oldrel-macos-arm64, r-oldrel-macos-x86_64