Last updated on 2023-09-24 17:58:31 CEST.
Flavor | Version | Tinstall | Tcheck | Ttotal | Status | Flags |
---|---|---|---|---|---|---|
r-devel-linux-x86_64-debian-clang | 1.32.0 | 39.96 | 151.74 | 191.70 | OK | |
r-devel-linux-x86_64-debian-gcc | 1.32.0 | 34.57 | 109.62 | 144.19 | OK | |
r-devel-linux-x86_64-fedora-clang | 1.32.0 | 262.19 | OK | |||
r-devel-linux-x86_64-fedora-gcc | 1.32.0 | 282.69 | OK | |||
r-devel-windows-x86_64 | 1.32.0 | 46.00 | 159.00 | 205.00 | OK | |
r-patched-linux-x86_64 | 1.32.0 | 49.61 | 144.07 | 193.68 | OK | |
r-release-linux-x86_64 | 1.32.0 | 42.52 | 145.97 | 188.49 | OK | |
r-release-macos-arm64 | 1.32.0 | 94.00 | NOTE | |||
r-release-macos-x86_64 | 1.32.0 | 148.00 | NOTE | |||
r-release-windows-x86_64 | 1.32.0 | 60.00 | 186.00 | 246.00 | OK | |
r-oldrel-macos-arm64 | 1.32.0 | 71.00 | NOTE | |||
r-oldrel-macos-x86_64 | 1.32.0 | 94.00 | NOTE | |||
r-oldrel-windows-x86_64 | 1.32.0 | 51.00 | 164.00 | 215.00 | OK |
Version: 1.32.0
Check: installed package size
Result: NOTE
installed size is 5.9Mb
sub-directories of 1Mb or more:
libs 3.6Mb
Flavors: r-release-macos-arm64, r-release-macos-x86_64, r-oldrel-macos-arm64, r-oldrel-macos-x86_64