Last updated on 2022-06-28 00:51:24 CEST.
Flavor | Version | Tinstall | Tcheck | Ttotal | Status | Flags |
---|---|---|---|---|---|---|
r-devel-linux-x86_64-debian-clang | 1.25 | 38.68 | 133.32 | 172.00 | OK | |
r-devel-linux-x86_64-debian-gcc | 1.25 | 31.27 | 98.00 | 129.27 | OK | |
r-devel-linux-x86_64-fedora-clang | 1.25 | 224.54 | OK | |||
r-devel-linux-x86_64-fedora-gcc | 1.25 | 219.80 | OK | |||
r-devel-windows-x86_64 | 1.25 | 254.00 | 196.00 | 450.00 | OK | |
r-patched-linux-x86_64 | 1.25 | 37.39 | 127.04 | 164.43 | OK | |
r-release-linux-x86_64 | 1.25 | 33.93 | 126.45 | 160.38 | OK | |
r-release-macos-arm64 | 1.25 | 69.00 | NOTE | |||
r-release-macos-x86_64 | 1.25 | 91.00 | NOTE | |||
r-release-windows-x86_64 | 1.25 | 252.00 | 200.00 | 452.00 | OK | |
r-oldrel-macos-arm64 | 1.25 | 70.00 | NOTE | |||
r-oldrel-macos-x86_64 | 1.25 | 104.00 | NOTE | |||
r-oldrel-windows-ix86+x86_64 | 1.25 | 96.00 | 276.00 | 372.00 | OK |
Version: 1.25
Check: installed package size
Result: NOTE
installed size is 5.4Mb
sub-directories of 1Mb or more:
libs 3.2Mb
Flavors: r-release-macos-arm64, r-release-macos-x86_64, r-oldrel-macos-arm64, r-oldrel-macos-x86_64