CRAN Package Check Results for Package retistruct

Last updated on 2019-09-18 19:46:37 CEST.

Flavor Version Tinstall Tcheck Ttotal Status Flags
r-devel-linux-x86_64-debian-clang 0.6.0 21.73 87.37 109.10 OK
r-devel-linux-x86_64-debian-gcc 0.6.0 18.17 67.98 86.15 OK
r-devel-linux-x86_64-fedora-clang 0.6.0 133.11 NOTE
r-devel-linux-x86_64-fedora-gcc 0.6.0 133.18 NOTE
r-devel-windows-ix86+x86_64 0.6.0 58.00 232.00 290.00 OK
r-patched-linux-x86_64 0.6.0 20.98 87.44 108.42 OK
r-patched-solaris-x86 0.6.0 188.40 NOTE
r-release-linux-x86_64 0.6.0 25.93 89.29 115.22 OK
r-release-windows-ix86+x86_64 0.6.0 43.00 209.00 252.00 OK
r-release-osx-x86_64 0.6.0 NOTE
r-oldrel-windows-ix86+x86_64 0.6.0 31.00 160.00 191.00 OK
r-oldrel-osx-x86_64 0.6.0 NOTE

Check Details

Version: 0.6.0
Check: dependencies in R code
Result: NOTE
    Namespace in Imports field not imported from: ‘RTriangle’
     All declared Imports should be used.
Flavors: r-devel-linux-x86_64-fedora-clang, r-devel-linux-x86_64-fedora-gcc, r-patched-solaris-x86, r-release-osx-x86_64, r-oldrel-osx-x86_64

Version: 0.6.0
Check: package dependencies
Result: NOTE
    Package suggested but not available for checking: ‘gWidgets2RGtk2’
Flavors: r-release-osx-x86_64, r-oldrel-osx-x86_64