CRAN Package Check Results for Package retriever

Last updated on 2022-09-25 00:49:14 CEST.

Flavor Version Tinstall Tcheck Ttotal Status Flags
r-devel-linux-x86_64-debian-clang 0.2.1 2.62 24.91 27.53 OK
r-devel-linux-x86_64-debian-gcc 0.2.1 1.61 19.70 21.31 OK
r-devel-linux-x86_64-fedora-clang 0.2.1 46.58 OK
r-devel-linux-x86_64-fedora-gcc 0.2.1 42.74 OK
r-devel-windows-x86_64 0.2.1 13.00 50.00 63.00 OK
r-patched-linux-x86_64 0.2.1 2.41 24.50 26.91 OK
r-release-linux-x86_64 0.2.1 1.97 24.24 26.21 OK
r-release-macos-arm64 0.2.1 16.00 NOTE
r-release-macos-x86_64 0.2.1 21.00 NOTE
r-release-windows-x86_64 0.2.1 14.00 49.00 63.00 OK
r-oldrel-macos-arm64 0.2.1 16.00 NOTE
r-oldrel-macos-x86_64 0.2.1 22.00 NOTE
r-oldrel-windows-ix86+x86_64 0.2.1 6.00 51.00 57.00 OK

Check Details

Version: 0.2.1
Check: package dependencies
Result: NOTE
    Package suggested but not available for checking: ‘ccdata’
Flavors: r-release-macos-arm64, r-release-macos-x86_64, r-oldrel-macos-arm64, r-oldrel-macos-x86_64