CRAN Package Check Results for Package retrodesign

Last updated on 2022-05-29 02:49:08 CEST.

Flavor Version Tinstall Tcheck Ttotal Status Flags
r-devel-linux-x86_64-debian-clang 0.1.0 2.21 44.00 46.21 NOTE
r-devel-linux-x86_64-debian-gcc 0.1.0 1.86 33.65 35.51 NOTE
r-devel-linux-x86_64-fedora-clang 0.1.0 55.56 NOTE
r-devel-linux-x86_64-fedora-gcc 0.1.0 44.29 NOTE
r-devel-windows-x86_64 0.1.0 20.00 63.00 83.00 NOTE
r-patched-linux-x86_64 0.1.0 2.30 43.03 45.33 NOTE
r-release-linux-x86_64 0.1.0 2.43 41.99 44.42 NOTE
r-release-macos-arm64 0.1.0 17.00 NOTE
r-release-macos-x86_64 0.1.0 27.00 NOTE
r-release-windows-x86_64 0.1.0 26.00 66.00 92.00 NOTE
r-oldrel-macos-arm64 0.1.0 26.00 NOTE
r-oldrel-macos-x86_64 0.1.0 34.00 NOTE
r-oldrel-windows-ix86+x86_64 0.1.0 6.00 52.00 58.00 NOTE

Check Details

Version: 0.1.0
Check: LazyData
Result: NOTE
     'LazyData' is specified without a 'data' directory
Flavors: r-devel-linux-x86_64-debian-clang, r-devel-linux-x86_64-debian-gcc, r-devel-linux-x86_64-fedora-clang, r-devel-linux-x86_64-fedora-gcc, r-devel-windows-x86_64, r-patched-linux-x86_64, r-release-linux-x86_64, r-release-macos-arm64, r-release-macos-x86_64, r-release-windows-x86_64, r-oldrel-macos-arm64, r-oldrel-macos-x86_64, r-oldrel-windows-ix86+x86_64