CRAN Package Check Results for Package retry

Last updated on 2021-09-27 08:49:47 CEST.

Flavor Version Tinstall Tcheck Ttotal Status Flags
r-devel-linux-x86_64-debian-clang 0.1.0 1.96 26.99 28.95 NOTE
r-devel-linux-x86_64-debian-gcc 0.1.0 1.54 21.43 22.97 NOTE
r-devel-linux-x86_64-fedora-clang 0.1.0 43.37 NOTE
r-devel-linux-x86_64-fedora-gcc 0.1.0 33.92 NOTE
r-devel-windows-x86_64 0.1.0 3.00 43.00 46.00 NOTE
r-devel-windows-x86_64-gcc10-UCRT 0.1.0 NOTE
r-patched-linux-x86_64 0.1.0 1.93 26.43 28.36 NOTE
r-patched-solaris-x86 0.1.0 55.30 NOTE
r-release-linux-x86_64 0.1.0 2.04 25.73 27.77 NOTE
r-release-macos-arm64 0.1.0 NOTE
r-release-macos-x86_64 0.1.0 NOTE
r-release-windows-ix86+x86_64 0.1.0 5.00 43.00 48.00 NOTE
r-oldrel-macos-x86_64 0.1.0 OK
r-oldrel-windows-ix86+x86_64 0.1.0 31.00 43.00 74.00 OK

Check Details

Version: 0.1.0
Check: LazyData
Result: NOTE
     'LazyData' is specified without a 'data' directory
Flavors: r-devel-linux-x86_64-debian-clang, r-devel-linux-x86_64-debian-gcc, r-devel-linux-x86_64-fedora-clang, r-devel-linux-x86_64-fedora-gcc, r-devel-windows-x86_64, r-devel-windows-x86_64-gcc10-UCRT, r-patched-linux-x86_64, r-patched-solaris-x86, r-release-linux-x86_64, r-release-macos-arm64, r-release-macos-x86_64, r-release-windows-ix86+x86_64