Last updated on 2021-01-20 02:50:29 CET.
Flavor | Version | Tinstall | Tcheck | Ttotal | Status | Flags |
---|---|---|---|---|---|---|
r-devel-linux-x86_64-debian-clang | 0.1 | 4.17 | 56.63 | 60.80 | OK | |
r-devel-linux-x86_64-debian-gcc | 0.1 | 3.71 | 43.38 | 47.09 | OK | |
r-devel-linux-x86_64-fedora-clang | 0.1 | 81.24 | NOTE | |||
r-devel-linux-x86_64-fedora-gcc | 0.1 | 71.57 | NOTE | |||
r-devel-windows-ix86+x86_64 | 0.1 | 10.00 | 67.00 | 77.00 | OK | |
r-patched-linux-x86_64 | 0.1 | 4.17 | 54.58 | 58.75 | OK | |
r-patched-solaris-x86 | 0.1 | 104.30 | NOTE | |||
r-release-linux-x86_64 | 0.1 | 4.63 | 53.55 | 58.18 | OK | |
r-release-macos-x86_64 | 0.1 | NOTE | ||||
r-release-windows-ix86+x86_64 | 0.1 | 10.00 | 66.00 | 76.00 | OK | |
r-oldrel-macos-x86_64 | 0.1 | NOTE | ||||
r-oldrel-windows-ix86+x86_64 | 0.1 | 7.00 | 57.00 | 64.00 | OK |
Version: 0.1
Check: dependencies in R code
Result: NOTE
Namespace in Imports field not imported from: ‘DT’
All declared Imports should be used.
Flavors: r-devel-linux-x86_64-fedora-clang, r-devel-linux-x86_64-fedora-gcc, r-patched-solaris-x86, r-release-macos-x86_64, r-oldrel-macos-x86_64