CRAN Package Check Results for Package revss

Last updated on 2024-02-25 16:51:52 CET.

Flavor Version Tinstall Tcheck Ttotal Status Flags
r-devel-linux-x86_64-debian-clang 1.0.6 1.57 23.13 24.70 OK
r-devel-linux-x86_64-debian-gcc 1.0.6 1.67 18.24 19.91 OK
r-devel-linux-x86_64-fedora-clang 1.0.6 31.33 NOTE
r-devel-linux-x86_64-fedora-gcc 1.0.6 30.09 OK
r-devel-windows-x86_64 1.0.6 2.00 40.00 42.00 OK
r-patched-linux-x86_64 1.0.6 2.32 23.26 25.58 OK
r-release-linux-x86_64 1.0.6 2.08 22.46 24.54 OK
r-release-macos-arm64 1.0.6 20.00 OK
r-release-macos-x86_64 1.0.6 28.00 OK
r-release-windows-x86_64 1.0.6 2.00 40.00 42.00 OK
r-oldrel-macos-arm64 1.0.6 21.00 OK
r-oldrel-windows-x86_64 1.0.6 4.00 44.00 48.00 OK

Check Details

Version: 1.0.6
Check: Rd cross-references
Result: NOTE Undeclared package ‘robustbase’ in Rd xrefs Flavor: r-devel-linux-x86_64-fedora-clang