CRAN Package Check Results for Package revtools

Last updated on 2019-08-17 19:48:36 CEST.

Flavor Version Tinstall Tcheck Ttotal Status Flags
r-devel-linux-x86_64-debian-clang 0.4.0 10.15 68.07 78.22 OK
r-devel-linux-x86_64-debian-gcc 0.4.0 8.76 52.50 61.26 OK
r-devel-linux-x86_64-fedora-clang 0.4.0 91.50 NOTE
r-devel-linux-x86_64-fedora-gcc 0.4.0 87.83 NOTE
r-devel-windows-ix86+x86_64 0.4.0 26.00 94.00 120.00 OK
r-patched-linux-x86_64 0.4.0 12.27 65.40 77.67 OK
r-patched-solaris-x86 0.4.0 134.30 NOTE
r-release-linux-x86_64 0.4.0 9.99 66.52 76.51 OK
r-release-windows-ix86+x86_64 0.4.0 31.00 117.00 148.00 OK
r-release-osx-x86_64 0.4.0 NOTE
r-oldrel-windows-ix86+x86_64 0.4.0 26.00 118.00 144.00 OK
r-oldrel-osx-x86_64 0.4.0 NOTE

Check Details

Version: 0.4.0
Check: dependencies in R code
Result: NOTE
    Namespace in Imports field not imported from: ‘SnowballC’
     All declared Imports should be used.
Flavors: r-devel-linux-x86_64-fedora-clang, r-devel-linux-x86_64-fedora-gcc, r-patched-solaris-x86, r-release-osx-x86_64, r-oldrel-osx-x86_64