CRAN Package Check Results for Package revtools

Last updated on 2019-11-20 05:47:18 CET.

Flavor Version Tinstall Tcheck Ttotal Status Flags
r-devel-linux-x86_64-debian-clang 0.4.0 10.73 72.40 83.13 OK
r-devel-linux-x86_64-debian-gcc 0.4.0 8.95 58.43 67.38 OK
r-devel-linux-x86_64-fedora-clang 0.4.0 95.79 NOTE
r-devel-linux-x86_64-fedora-gcc 0.4.0 95.25 NOTE
r-devel-windows-ix86+x86_64 0.4.0 36.00 121.00 157.00 OK
r-devel-windows-ix86+x86_64-gcc8 0.4.0 19.00 90.00 109.00 OK
r-patched-linux-x86_64 0.4.0 11.04 67.63 78.67 OK
r-patched-solaris-x86 0.4.0 136.20 NOTE
r-release-linux-x86_64 0.4.0 11.08 68.16 79.24 OK
r-release-windows-ix86+x86_64 0.4.0 34.00 119.00 153.00 OK
r-release-osx-x86_64 0.4.0 NOTE
r-oldrel-windows-ix86+x86_64 0.4.0 12.00 127.00 139.00 OK
r-oldrel-osx-x86_64 0.4.0 NOTE

Check Details

Version: 0.4.0
Check: dependencies in R code
Result: NOTE
    Namespace in Imports field not imported from: ‘SnowballC’
     All declared Imports should be used.
Flavors: r-devel-linux-x86_64-fedora-clang, r-devel-linux-x86_64-fedora-gcc, r-patched-solaris-x86, r-release-osx-x86_64, r-oldrel-osx-x86_64