Last updated on 2023-01-30 18:50:55 CET.
Flavor | Version | Tinstall | Tcheck | Ttotal | Status | Flags |
---|---|---|---|---|---|---|
r-devel-linux-x86_64-debian-clang | 0.4.1 | 15.22 | 101.86 | 117.08 | NOTE | |
r-devel-linux-x86_64-debian-gcc | 0.4.1 | 11.67 | 75.40 | 87.07 | NOTE | |
r-devel-linux-x86_64-fedora-clang | 0.4.1 | 144.00 | NOTE | |||
r-devel-linux-x86_64-fedora-gcc | 0.4.1 | 145.74 | NOTE | |||
r-devel-windows-x86_64 | 0.4.1 | 42.00 | 135.00 | 177.00 | NOTE | |
r-patched-linux-x86_64 | 0.4.1 | 9.24 | 99.24 | 108.48 | NOTE | |
r-release-linux-x86_64 | 0.4.1 | 9.14 | 100.85 | 109.99 | NOTE | |
r-release-macos-arm64 | 0.4.1 | 38.00 | NOTE | |||
r-release-macos-x86_64 | 0.4.1 | 66.00 | NOTE | |||
r-release-windows-x86_64 | 0.4.1 | 53.00 | 144.00 | 197.00 | NOTE | |
r-oldrel-macos-arm64 | 0.4.1 | 47.00 | NOTE | |||
r-oldrel-macos-x86_64 | 0.4.1 | 75.00 | NOTE | |||
r-oldrel-windows-ix86+x86_64 | 0.4.1 | 31.00 | 126.00 | 157.00 | NOTE |
Version: 0.4.1
Check: LazyData
Result: NOTE
'LazyData' is specified without a 'data' directory
Flavors: r-devel-linux-x86_64-debian-clang, r-devel-linux-x86_64-debian-gcc, r-devel-linux-x86_64-fedora-clang, r-devel-linux-x86_64-fedora-gcc, r-devel-windows-x86_64, r-patched-linux-x86_64, r-release-linux-x86_64, r-release-macos-arm64, r-release-macos-x86_64, r-release-windows-x86_64, r-oldrel-macos-arm64, r-oldrel-macos-x86_64, r-oldrel-windows-ix86+x86_64