CRAN Package Check Results for Package revtools

Last updated on 2019-02-17 07:47:07 CET.

Flavor Version Tinstall Tcheck Ttotal Status Flags
r-devel-linux-x86_64-debian-clang 0.3.0 8.56 65.35 73.91 OK
r-devel-linux-x86_64-debian-gcc 0.3.0 6.16 50.88 57.04 OK
r-devel-linux-x86_64-fedora-clang 0.3.0 88.62 NOTE
r-devel-linux-x86_64-fedora-gcc 0.3.0 80.99 NOTE
r-devel-windows-ix86+x86_64 0.3.0 17.00 122.00 139.00 OK
r-patched-linux-x86_64 0.3.0 7.20 61.09 68.29 OK
r-patched-solaris-x86 0.3.0 118.20 NOTE
r-release-linux-x86_64 0.3.0 OK
r-release-windows-ix86+x86_64 0.3.0 13.00 131.00 144.00 OK
r-release-osx-x86_64 0.3.0 NOTE
r-oldrel-windows-ix86+x86_64 0.2.2 9.00 75.00 84.00 OK
r-oldrel-osx-x86_64 0.3.0 ERROR

Check Details

Version: 0.3.0
Check: dependencies in R code
Result: NOTE
    Namespaces in Imports field not imported from:
     ‘SnowballC’ ‘stringdist’
     All declared Imports should be used.
Flavors: r-devel-linux-x86_64-fedora-clang, r-devel-linux-x86_64-fedora-gcc, r-patched-solaris-x86, r-release-osx-x86_64

Version: 0.3.0
Check: whether package can be installed
Result: ERROR
    Installation failed.
Flavor: r-oldrel-osx-x86_64