CRAN Package Check Results for Package revulyticsR

Last updated on 2021-09-18 02:52:08 CEST.

Flavor Version Tinstall Tcheck Ttotal Status Flags
r-devel-linux-x86_64-debian-clang 0.0.3 4.03 45.97 50.00 NOTE
r-devel-linux-x86_64-debian-gcc 0.0.3 3.78 34.02 37.80 NOTE
r-devel-linux-x86_64-fedora-clang 0.0.3 67.85 NOTE
r-devel-linux-x86_64-fedora-gcc 0.0.3 54.80 NOTE
r-devel-windows-x86_64 0.0.3 6.00 69.00 75.00 NOTE
r-devel-windows-x86_64-gcc10-UCRT 0.0.3 NOTE
r-patched-linux-x86_64 0.0.3 4.28 41.72 46.00 NOTE
r-patched-solaris-x86 0.0.3 81.80 NOTE
r-release-linux-x86_64 0.0.3 3.55 42.21 45.76 NOTE
r-release-macos-arm64 0.0.3 NOTE
r-release-macos-x86_64 0.0.3 NOTE
r-release-windows-ix86+x86_64 0.0.3 12.00 50.00 62.00 NOTE
r-oldrel-macos-x86_64 0.0.3 OK
r-oldrel-windows-ix86+x86_64 0.0.3 13.00 47.00 60.00 OK

Check Details

Version: 0.0.3
Check: LazyData
Result: NOTE
     'LazyData' is specified without a 'data' directory
Flavors: r-devel-linux-x86_64-debian-clang, r-devel-linux-x86_64-debian-gcc, r-devel-linux-x86_64-fedora-clang, r-devel-linux-x86_64-fedora-gcc, r-devel-windows-x86_64, r-devel-windows-x86_64-gcc10-UCRT, r-patched-linux-x86_64, r-patched-solaris-x86, r-release-linux-x86_64, r-release-macos-arm64, r-release-macos-x86_64, r-release-windows-ix86+x86_64