CRAN Package Check Results for Package revulyticsR

Last updated on 2023-09-22 16:54:10 CEST.

Flavor Version Tinstall Tcheck Ttotal Status Flags
r-devel-linux-x86_64-debian-clang 0.0.3 6.60 45.10 51.70 NOTE
r-devel-linux-x86_64-debian-gcc 0.0.3 4.38 34.20 38.58 NOTE
r-devel-linux-x86_64-fedora-clang 0.0.3 62.41 NOTE
r-devel-linux-x86_64-fedora-gcc 0.0.3 58.68 NOTE
r-devel-windows-x86_64 0.0.3 6.00 63.00 69.00 NOTE
r-patched-linux-x86_64 0.0.3 3.55 43.52 47.07 NOTE
r-release-linux-x86_64 0.0.3 3.47 43.87 47.34 NOTE
r-release-macos-arm64 0.0.3 25.00 NOTE
r-release-macos-x86_64 0.0.3 35.00 NOTE
r-release-windows-x86_64 0.0.3 8.00 65.00 73.00 NOTE
r-oldrel-macos-arm64 0.0.3 21.00 NOTE
r-oldrel-macos-x86_64 0.0.3 36.00 NOTE
r-oldrel-windows-x86_64 0.0.3 8.00 69.00 77.00 NOTE

Check Details

Version: 0.0.3
Check: LazyData
Result: NOTE
     'LazyData' is specified without a 'data' directory
Flavors: r-devel-linux-x86_64-debian-clang, r-devel-linux-x86_64-debian-gcc, r-devel-linux-x86_64-fedora-clang, r-devel-linux-x86_64-fedora-gcc, r-devel-windows-x86_64, r-patched-linux-x86_64, r-release-linux-x86_64, r-release-macos-arm64, r-release-macos-x86_64, r-release-windows-x86_64, r-oldrel-macos-arm64, r-oldrel-macos-x86_64, r-oldrel-windows-x86_64