CRAN Package Check Results for Package revulyticsR

Last updated on 2021-06-24 01:50:33 CEST.

Flavor Version Tinstall Tcheck Ttotal Status Flags
r-devel-linux-x86_64-debian-clang 0.0.3 4.42 44.36 48.78 NOTE
r-devel-linux-x86_64-debian-gcc 0.0.3 3.52 33.46 36.98 NOTE
r-devel-linux-x86_64-fedora-clang 0.0.3 68.09 NOTE
r-devel-linux-x86_64-fedora-gcc 0.0.3 55.60 NOTE
r-devel-windows-x86_64 0.0.3 8.00 55.00 63.00 NOTE
r-devel-windows-x86_64-gcc10-UCRT 0.0.3 ERROR
r-patched-linux-x86_64 0.0.3 4.11 42.01 46.12 NOTE
r-patched-solaris-x86 0.0.3 82.10 NOTE
r-release-linux-x86_64 0.0.3 3.88 41.40 45.28 NOTE
r-release-macos-arm64 0.0.3 NOTE
r-release-macos-x86_64 0.0.3 NOTE
r-release-windows-ix86+x86_64 0.0.3 9.00 46.00 55.00 NOTE
r-oldrel-macos-x86_64 0.0.3 OK

Check Details

Version: 0.0.3
Check: LazyData
Result: NOTE
     'LazyData' is specified without a 'data' directory
Flavors: r-devel-linux-x86_64-debian-clang, r-devel-linux-x86_64-debian-gcc, r-devel-linux-x86_64-fedora-clang, r-devel-linux-x86_64-fedora-gcc, r-devel-windows-x86_64, r-patched-linux-x86_64, r-patched-solaris-x86, r-release-linux-x86_64, r-release-macos-arm64, r-release-macos-x86_64, r-release-windows-ix86+x86_64

Version: 0.0.3
Check: package dependencies
Result: ERROR
    Package required but not available: 'httr'
    
    See section 'The DESCRIPTION file' in the 'Writing R Extensions'
    manual.
Flavor: r-devel-windows-x86_64-gcc10-UCRT