CRAN Package Check Results for Package revulyticsR

Last updated on 2022-12-09 10:00:32 CET.

Flavor Version Tinstall Tcheck Ttotal Status Flags
r-devel-linux-x86_64-debian-clang 0.0.3 5.77 50.96 56.73 NOTE
r-devel-linux-x86_64-debian-gcc 0.0.3 4.50 39.35 43.85 NOTE
r-devel-linux-x86_64-fedora-clang 0.0.3 81.43 NOTE
r-devel-linux-x86_64-fedora-gcc 0.0.3 76.62 NOTE
r-devel-windows-x86_64 0.0.3 21.00 83.00 104.00 NOTE
r-patched-linux-x86_64 0.0.3 3.48 47.99 51.47 NOTE
r-release-linux-x86_64 0.0.3 3.40 47.57 50.97 NOTE
r-release-macos-arm64 0.0.3 21.00 NOTE
r-release-macos-x86_64 0.0.3 36.00 NOTE
r-release-windows-x86_64 0.0.3 14.00 86.00 100.00 NOTE
r-oldrel-macos-arm64 0.0.3 25.00 NOTE
r-oldrel-macos-x86_64 0.0.3 30.00 NOTE
r-oldrel-windows-ix86+x86_64 0.0.3 14.00 72.00 86.00 NOTE

Check Details

Version: 0.0.3
Check: LazyData
Result: NOTE
     'LazyData' is specified without a 'data' directory
Flavors: r-devel-linux-x86_64-debian-clang, r-devel-linux-x86_64-debian-gcc, r-devel-linux-x86_64-fedora-clang, r-devel-linux-x86_64-fedora-gcc, r-devel-windows-x86_64, r-patched-linux-x86_64, r-release-linux-x86_64, r-release-macos-arm64, r-release-macos-x86_64, r-release-windows-x86_64, r-oldrel-macos-arm64, r-oldrel-macos-x86_64, r-oldrel-windows-ix86+x86_64