CRAN Package Check Results for Package revulyticsR

Last updated on 2023-03-21 11:53:59 CET.

Flavor Version Tinstall Tcheck Ttotal Status Flags
r-devel-linux-x86_64-debian-clang 0.0.3 5.83 43.85 49.68 NOTE
r-devel-linux-x86_64-debian-gcc 0.0.3 4.63 34.19 38.82 NOTE
r-devel-linux-x86_64-fedora-clang 0.0.3 64.41 NOTE
r-devel-linux-x86_64-fedora-gcc 0.0.3 57.52 NOTE
r-patched-linux-x86_64 0.0.3 3.56 43.63 47.19 NOTE
r-release-linux-x86_64 0.0.3 4.60 44.16 48.76 NOTE
r-release-macos-arm64 0.0.3 21.00 NOTE
r-release-macos-x86_64 0.0.3 36.00 NOTE
r-release-windows-x86_64 0.0.3 16.00 78.00 94.00 NOTE
r-oldrel-macos-arm64 0.0.3 25.00 NOTE
r-oldrel-macos-x86_64 0.0.3 30.00 NOTE
r-oldrel-windows-ix86+x86_64 0.0.3 14.00 71.00 85.00 NOTE

Check Details

Version: 0.0.3
Check: LazyData
Result: NOTE
     'LazyData' is specified without a 'data' directory
Flavors: r-devel-linux-x86_64-debian-clang, r-devel-linux-x86_64-debian-gcc, r-devel-linux-x86_64-fedora-clang, r-devel-linux-x86_64-fedora-gcc, r-patched-linux-x86_64, r-release-linux-x86_64, r-release-macos-arm64, r-release-macos-x86_64, r-release-windows-x86_64, r-oldrel-macos-arm64, r-oldrel-macos-x86_64, r-oldrel-windows-ix86+x86_64