CRAN Package Check Results for Package rex

Last updated on 2020-05-29 06:48:36 CEST.

Flavor Version Tinstall Tcheck Ttotal Status Flags
r-devel-linux-x86_64-debian-clang 1.2.0 2.45 30.81 33.26 OK
r-devel-linux-x86_64-debian-gcc 1.2.0 2.11 24.43 26.54 OK
r-devel-linux-x86_64-fedora-clang 1.2.0 40.65 OK
r-devel-linux-x86_64-fedora-gcc 1.2.0 39.87 OK
r-devel-windows-ix86+x86_64 1.2.0 9.00 104.00 113.00 OK
r-patched-linux-x86_64 1.2.0 2.43 30.96 33.39 OK
r-patched-solaris-x86 1.2.0 62.50 OK
r-release-linux-x86_64 1.2.0 2.53 30.42 32.95 OK
r-release-osx-x86_64 1.2.0 WARN
r-release-windows-ix86+x86_64 1.2.0 11.00 132.00 143.00 OK
r-oldrel-osx-x86_64 1.2.0 OK
r-oldrel-windows-ix86+x86_64 1.2.0 7.00 44.00 51.00 OK

Check Details

Version: 1.2.0
Check: re-building of vignette outputs
Result: WARN
    Error(s) in re-building vignettes:
     ...
    --- re-building ‘log_parsing.Rmd’ using rmarkdown
    Error: processing vignette 'log_parsing.Rmd' failed with diagnostics:
    there is no package called 'stringi'
    --- failed re-building ‘log_parsing.Rmd’
    
    --- re-building ‘url_parsing.Rmd’ using rmarkdown
    Error: processing vignette 'url_parsing.Rmd' failed with diagnostics:
    there is no package called 'stringi'
    --- failed re-building ‘url_parsing.Rmd’
    
    SUMMARY: processing the following files failed:
     ‘log_parsing.Rmd’ ‘url_parsing.Rmd’
    
    Error: Vignette re-building failed.
    Execution halted
Flavor: r-release-osx-x86_64