CRAN Package Check Results for Package rextendr

Last updated on 2021-10-23 03:28:55 CEST.

Flavor Version Tinstall Tcheck Ttotal Status Flags
r-devel-linux-x86_64-debian-clang 0.2.0 5.02 51.30 56.32 OK
r-devel-linux-x86_64-debian-gcc 0.2.0 4.09 39.02 43.11 OK
r-devel-linux-x86_64-fedora-clang 0.2.0 82.62 NOTE
r-devel-linux-x86_64-fedora-gcc 0.2.0 65.47 NOTE
r-devel-windows-x86_64 0.2.0 9.00 90.00 99.00 OK
r-devel-windows-x86_64-gcc10-UCRT 0.2.0 NOTE
r-patched-linux-x86_64 0.2.0 4.72 48.93 53.65 OK
r-patched-solaris-x86 0.2.0 97.80 NOTE
r-release-linux-x86_64 0.2.0 5.46 48.52 53.98 OK
r-release-macos-arm64 0.2.0 NOTE
r-release-macos-x86_64 0.2.0 NOTE
r-release-windows-ix86+x86_64 0.2.0 11.00 64.00 75.00 OK
r-oldrel-macos-x86_64 0.2.0 NOTE
r-oldrel-windows-ix86+x86_64 0.2.0 13.00 74.00 87.00 OK

Check Details

Version: 0.2.0
Check: dependencies in R code
Result: NOTE
    Namespace in Imports field not imported from: ‘pkgload’
     All declared Imports should be used.
Flavors: r-devel-linux-x86_64-fedora-clang, r-devel-linux-x86_64-fedora-gcc, r-devel-windows-x86_64-gcc10-UCRT, r-patched-solaris-x86, r-release-macos-arm64, r-release-macos-x86_64, r-oldrel-macos-x86_64