CRAN Package Check Results for Package rfVarImpOOB

Last updated on 2021-04-10 16:48:37 CEST.

Flavor Version Tinstall Tcheck Ttotal Status Flags
r-devel-linux-x86_64-debian-clang 1.0.1 7.08 110.71 117.79 OK
r-devel-linux-x86_64-debian-gcc 1.0.1 6.03 79.71 85.74 OK
r-devel-linux-x86_64-fedora-clang 1.0.1 142.64 NOTE
r-devel-linux-x86_64-fedora-gcc 1.0.1 133.25 NOTE
r-devel-windows-ix86+x86_64 1.0.1 15.00 107.00 122.00 OK
r-devel-windows-x86_64-gcc10-UCRT 1.0.1 NOTE
r-patched-linux-x86_64 1.0.1 6.47 103.54 110.01 OK
r-patched-solaris-x86 1.0.1 192.80 NOTE
r-release-linux-x86_64 1.0.1 6.69 104.83 111.52 OK
r-release-macos-x86_64 1.0.1 NOTE
r-release-windows-ix86+x86_64 1.0.1 20.00 139.00 159.00 OK
r-oldrel-macos-x86_64 1.0.1 NOTE
r-oldrel-windows-ix86+x86_64 1.0.1 16.00 103.00 119.00 OK

Check Details

Version: 1.0.1
Check: dependencies in R code
Result: NOTE
    Namespaces in Imports field not imported from:
     ‘prob’ ‘titanic’
     All declared Imports should be used.
Flavors: r-devel-linux-x86_64-fedora-clang, r-devel-linux-x86_64-fedora-gcc, r-devel-windows-x86_64-gcc10-UCRT, r-patched-solaris-x86, r-release-macos-x86_64, r-oldrel-macos-x86_64