CRAN Package Check Results for Package rfacebookstat

Last updated on 2019-06-17 04:46:49 CEST.

Flavor Version Tinstall Tcheck Ttotal Status Flags
r-devel-linux-x86_64-debian-clang 1.9.0 5.59 44.59 50.18 OK
r-devel-linux-x86_64-debian-gcc 1.9.0 4.73 35.69 40.42 OK
r-devel-linux-x86_64-fedora-clang 1.9.0 60.14 WARN
r-devel-linux-x86_64-fedora-gcc 1.9.0 56.92 WARN
r-devel-windows-ix86+x86_64 1.9.0 18.00 87.00 105.00 OK
r-patched-linux-x86_64 1.9.0 6.10 43.74 49.84 WARN
r-patched-solaris-x86 1.9.0 94.80 OK
r-release-linux-x86_64 1.9.0 6.43 43.67 50.10 WARN
r-release-windows-ix86+x86_64 1.9.0 12.00 89.00 101.00 OK
r-release-osx-x86_64 1.9.0 OK
r-oldrel-windows-ix86+x86_64 1.9.0 8.00 86.00 94.00 OK
r-oldrel-osx-x86_64 1.9.0 OK

Check Details

Version: 1.9.0
Check: re-building of vignette outputs
Result: WARN
    Error(s) in re-building vignettes:
    --- re-building ‘rfacebookstat-get-statistics.Rmd’ using rmarkdown
    Could not fetch https://scontent.fiev11-1.fna.fbcdn.net/v/t39.2365-6/34443272_2211780812182292_5001620180766294016_n.png?_nc_cat=103&_nc_ht=scontent.fiev11-1.fna&oh=379c9cf5735395ecc4b1fe8461315672&oe=5D6B775C
    HttpExceptionRequest Request {
     host = "scontent.fiev11-1.fna.fbcdn.net"
     port = 443
     secure = True
     requestHeaders = []
     path = "/v/t39.2365-6/34443272_2211780812182292_5001620180766294016_n.png"
     queryString = "?_nc_cat=103&_nc_ht=scontent.fiev11-1.fna&oh=379c9cf5735395ecc4b1fe8461315672&oe=5D6B775C"
     method = "GET"
     proxy = Nothing
     rawBody = False
     redirectCount = 10
     responseTimeout = ResponseTimeoutDefault
     requestVersion = HTTP/1.1
    }
     ConnectionTimeout
    Error: processing vignette 'rfacebookstat-get-statistics.Rmd' failed with diagnostics:
    pandoc document conversion failed with error 61
    --- failed re-building ‘rfacebookstat-get-statistics.Rmd’
    
    SUMMARY: processing the following file failed:
     ‘rfacebookstat-get-statistics.Rmd’
    
    Error: Vignette re-building failed.
    Execution halted
Flavors: r-devel-linux-x86_64-fedora-clang, r-devel-linux-x86_64-fedora-gcc

Version: 1.9.0
Check: re-building of vignette outputs
Result: WARN
    Error(s) in re-building vignettes:
     ...
    --- re-building ‘rfacebookstat-get-statistics.Rmd’ using rmarkdown
    Could not fetch https://scontent.fiev11-1.fna.fbcdn.net/v/t39.2365-6/34443272_2211780812182292_5001620180766294016_n.png?_nc_cat=103&_nc_ht=scontent.fiev11-1.fna&oh=379c9cf5735395ecc4b1fe8461315672&oe=5D6B775C
    HttpExceptionRequest Request {
     host = "scontent.fiev11-1.fna.fbcdn.net"
     port = 443
     secure = True
     requestHeaders = []
     path = "/v/t39.2365-6/34443272_2211780812182292_5001620180766294016_n.png"
     queryString = "?_nc_cat=103&_nc_ht=scontent.fiev11-1.fna&oh=379c9cf5735395ecc4b1fe8461315672&oe=5D6B775C"
     method = "GET"
     proxy = Nothing
     rawBody = False
     redirectCount = 10
     responseTimeout = ResponseTimeoutDefault
     requestVersion = HTTP/1.1
    }
     ConnectionTimeout
    Error: processing vignette 'rfacebookstat-get-statistics.Rmd' failed with diagnostics:
    pandoc document conversion failed with error 61
    --- failed re-building ‘rfacebookstat-get-statistics.Rmd’
    
    SUMMARY: processing the following file failed:
     ‘rfacebookstat-get-statistics.Rmd’
    
    Error: Vignette re-building failed.
    Execution halted
Flavors: r-patched-linux-x86_64, r-release-linux-x86_64