Last updated on 2023-02-05 20:53:14 CET.
Flavor | Version | Tinstall | Tcheck | Ttotal | Status | Flags |
---|---|---|---|---|---|---|
r-devel-linux-x86_64-debian-clang | 0.2.0 | 20.39 | 450.60 | 470.99 | OK | |
r-devel-linux-x86_64-debian-gcc | 0.2.0 | 15.33 | 387.54 | 402.87 | OK | |
r-devel-linux-x86_64-fedora-clang | 0.2.0 | 559.33 | NOTE | |||
r-devel-linux-x86_64-fedora-gcc | 0.2.0 | 572.45 | NOTE | |||
r-devel-windows-x86_64 | 0.2.0 | 38.00 | 474.00 | 512.00 | OK | |
r-patched-linux-x86_64 | 0.2.0 | 19.47 | 435.36 | 454.83 | OK | |
r-release-linux-x86_64 | 0.2.0 | 13.24 | 434.27 | 447.51 | OK | |
r-release-macos-arm64 | 0.2.0 | 173.00 | NOTE | |||
r-release-macos-x86_64 | 0.2.0 | 279.00 | NOTE | |||
r-release-windows-x86_64 | 0.2.0 | 46.00 | 509.00 | 555.00 | OK | |
r-oldrel-macos-arm64 | 0.2.0 | 170.00 | NOTE | |||
r-oldrel-macos-x86_64 | 0.2.0 | 291.00 | NOTE | |||
r-oldrel-windows-ix86+x86_64 | 0.2.0 | 45.00 | 186.00 | 231.00 | WARN |
Version: 0.2.0
Check: data for non-ASCII characters
Result: NOTE
Note: found 514 marked UTF-8 strings
Flavors: r-devel-linux-x86_64-fedora-clang, r-devel-linux-x86_64-fedora-gcc, r-release-macos-arm64, r-release-macos-x86_64, r-oldrel-macos-arm64, r-oldrel-macos-x86_64
Version: 0.2.0
Check: re-building of vignette outputs
Result: WARN
Error(s) in re-building vignettes:
--- re-building 'Crash_Sequences.Rmd' using rmarkdown
trying URL 'https://static.nhtsa.gov/nhtsa/downloads/FARS/2020/National/FARS2020NationalCSV.zip'
Quitting from lines 44-45 (Crash_Sequences.Rmd)
Error: processing vignette 'Crash_Sequences.Rmd' failed with diagnostics:
i In argument: `.data$state %in% unique(geo_filtered$state_name_full)`.
Caused by error in `.data$state`:
! Column `state` not found in `.data`.
--- failed re-building 'Crash_Sequences.Rmd'
--- re-building 'Rural_roads.Rmd' using rmarkdown
trying URL 'https://static.nhtsa.gov/nhtsa/downloads/FARS/2018/National/FARS2018NationalCSV.zip'
trying URL 'https://static.nhtsa.gov/nhtsa/downloads/FARS/2019/National/FARS2019NationalCSV.zip'
trying URL 'https://static.nhtsa.gov/nhtsa/downloads/FARS/2020/National/FARS2020NationalCSV.zip'
Quitting from lines 38-39 (Rural_roads.Rmd)
Error: processing vignette 'Rural_roads.Rmd' failed with diagnostics:
i In argument: `.data$state %in% unique(geo_filtered$state_name_full)`.
Caused by error in `.data$state`:
! Column `state` not found in `.data`.
--- failed re-building 'Rural_roads.Rmd'
SUMMARY: processing the following files failed:
'Crash_Sequences.Rmd' 'Rural_roads.Rmd'
Error: Vignette re-building failed.
Execution halted
Flavor: r-oldrel-windows-ix86+x86_64