CRAN Package Check Results for Package rfm

Last updated on 2018-12-10 22:52:43 CET.

Flavor Version Tinstall Tcheck Ttotal Status Flags
r-devel-linux-x86_64-debian-clang 0.1.0 4.00 83.71 87.71 OK
r-devel-linux-x86_64-debian-gcc 0.1.0 3.69 63.12 66.81 OK
r-devel-linux-x86_64-fedora-clang 0.1.0 103.34 OK
r-devel-linux-x86_64-fedora-gcc 0.1.0 98.65 OK
r-devel-windows-ix86+x86_64 0.1.0 15.00 106.00 121.00 OK
r-patched-linux-x86_64 0.1.0 4.57 78.29 82.86 OK
r-patched-solaris-x86 0.1.0 137.40 WARN
r-release-linux-x86_64 0.1.0 3.41 79.21 82.62 OK
r-release-windows-ix86+x86_64 0.1.0 9.00 104.00 113.00 OK
r-release-osx-x86_64 0.1.0 WARN
r-oldrel-windows-ix86+x86_64 0.1.0 8.00 123.00 131.00 OK
r-oldrel-osx-x86_64 0.1.0 WARN

Check Details

Version: 0.1.0
Check: re-building of vignette outputs
Result: WARN
    Error in re-building vignettes:
     ...
    Warning in engine$weave(file, quiet = quiet, encoding = enc) :
     Pandoc (>= 1.12.3) and/or pandoc-citeproc not available. Falling back to R Markdown v1.
    
    Attaching package: 'dplyr'
    
    The following objects are masked from 'package:stats':
    
     filter, lag
    
    The following objects are masked from 'package:base':
    
     intersect, setdiff, setequal, union
    
    Quitting from lines 230-274 (rfm-customer-level-data.Rmd)
    Error: processing vignette 'rfm-customer-level-data.Rmd' failed with diagnostics:
    there is no package called 'webshot'
    Execution halted
Flavor: r-patched-solaris-x86

Version: 0.1.0
Check: re-building of vignette outputs
Result: WARN
    Error in re-building vignettes:
     ...
    Warning in engine$weave(file, quiet = quiet, encoding = enc) :
     Pandoc (>= 1.12.3) and/or pandoc-citeproc not available. Falling back to R Markdown v1.
    
    Attaching package: 'dplyr'
    
    The following objects are masked from 'package:stats':
    
     filter, lag
    
    The following objects are masked from 'package:base':
    
     intersect, setdiff, setequal, union
    
    Quitting from lines 230-274 (rfm-customer-level-data.Rmd)
    Error: processing vignette 'rfm-customer-level-data.Rmd' failed with diagnostics:
    cannot open the connection
    Execution halted
Flavors: r-release-osx-x86_64, r-oldrel-osx-x86_64