CRAN Package Check Results for Package rfm

Last updated on 2020-03-30 11:47:41 CEST.

Flavor Version Tinstall Tcheck Ttotal Status Flags
r-devel-linux-x86_64-debian-clang 0.2.0 3.79 74.53 78.32 OK
r-devel-linux-x86_64-debian-gcc 0.2.0 3.32 54.83 58.15 OK
r-devel-linux-x86_64-fedora-clang 0.2.0 89.70 OK
r-devel-linux-x86_64-fedora-gcc 0.2.0 88.44 OK
r-devel-windows-ix86+x86_64 0.2.0 14.00 78.00 92.00 OK
r-devel-windows-ix86+x86_64-gcc8 0.2.0 10.00 86.00 96.00 OK
r-patched-linux-x86_64 0.2.0 4.17 70.51 74.68 OK
r-patched-solaris-x86 0.2.0 128.20 WARN
r-release-linux-x86_64 0.2.0 3.35 68.43 71.78 OK
r-release-windows-ix86+x86_64 0.2.0 11.00 120.00 131.00 OK
r-release-osx-x86_64 0.2.0 WARN
r-oldrel-windows-ix86+x86_64 0.2.0 11.00 111.00 122.00 OK
r-oldrel-osx-x86_64 0.2.0 WARN

Check Details

Version: 0.2.0
Check: re-building of vignette outputs
Result: WARN
    Error(s) in re-building vignettes:
     ...
    --- re-building ‘rfm-customer-level-data.Rmd’ using rmarkdown
    Warning in engine$weave(file, quiet = quiet, encoding = enc) :
     Pandoc (>= 1.12.3) and/or pandoc-citeproc not available. Falling back to R Markdown v1.
    
    Attaching package: 'dplyr'
    
    The following object is masked from 'package:kableExtra':
    
     group_rows
    
    The following objects are masked from 'package:stats':
    
     filter, lag
    
    The following objects are masked from 'package:base':
    
     intersect, setdiff, setequal, union
    
    Quitting from lines 230-274 (rfm-customer-level-data.Rmd)
    Error: processing vignette 'rfm-customer-level-data.Rmd' failed with diagnostics:
    cannot open the connection
    --- failed re-building ‘rfm-customer-level-data.Rmd’
    
    --- re-building ‘rfm-transaction-level-data.Rmd’ using rmarkdown
    Warning in engine$weave(file, quiet = quiet, encoding = enc) :
     Pandoc (>= 1.12.3) and/or pandoc-citeproc not available. Falling back to R Markdown v1.
    
    Attaching package: 'dplyr'
    
    The following object is masked from 'package:kableExtra':
    
     group_rows
    
    The following objects are masked from 'package:stats':
    
     filter, lag
    
    The following objects are masked from 'package:base':
    
     intersect, setdiff, setequal, union
    
    Quitting from lines 227-271 (rfm-transaction-level-data.Rmd)
    Error: processing vignette 'rfm-transaction-level-data.Rmd' failed with diagnostics:
    cannot open the connection
    --- failed re-building ‘rfm-transaction-level-data.Rmd’
    
    SUMMARY: processing the following files failed:
     ‘rfm-customer-level-data.Rmd’ ‘rfm-transaction-level-data.Rmd’
    
    Error: Vignette re-building failed.
    Execution halted
Flavor: r-patched-solaris-x86

Version: 0.2.0
Check: re-building of vignette outputs
Result: WARN
    Error(s) in re-building vignettes:
    --- re-building ‘rfm-customer-level-data.Rmd’ using rmarkdown
    Warning in engine$weave(file, quiet = quiet, encoding = enc) :
     Pandoc (>= 1.12.3) and/or pandoc-citeproc not available. Falling back to R Markdown v1.
    
    Attaching package: 'dplyr'
    
    The following object is masked from 'package:kableExtra':
    
     group_rows
    
    The following objects are masked from 'package:stats':
    
     filter, lag
    
    The following objects are masked from 'package:base':
    
     intersect, setdiff, setequal, union
    
    Quitting from lines 230-274 (rfm-customer-level-data.Rmd)
    Error: processing vignette 'rfm-customer-level-data.Rmd' failed with diagnostics:
    cannot open the connection
    --- failed re-building ‘rfm-customer-level-data.Rmd’
    
    --- re-building ‘rfm-transaction-level-data.Rmd’ using rmarkdown
    Warning in engine$weave(file, quiet = quiet, encoding = enc) :
     Pandoc (>= 1.12.3) and/or pandoc-citeproc not available. Falling back to R Markdown v1.
    
    Attaching package: 'dplyr'
    
    The following object is masked from 'package:kableExtra':
    
     group_rows
    
    The following objects are masked from 'package:stats':
    
     filter, lag
    
    The following objects are masked from 'package:base':
    
     intersect, setdiff, setequal, union
    
    Quitting from lines 227-271 (rfm-transaction-level-data.Rmd)
    Error: processing vignette 'rfm-transaction-level-data.Rmd' failed with diagnostics:
    cannot open the connection
    --- failed re-building ‘rfm-transaction-level-data.Rmd’
    
    SUMMARY: processing the following files failed:
     ‘rfm-customer-level-data.Rmd’ ‘rfm-transaction-level-data.Rmd’
    
    Error: Vignette re-building failed.
    Execution halted
Flavor: r-release-osx-x86_64

Version: 0.2.0
Check: re-building of vignette outputs
Result: WARN
    Error in re-building vignettes:
     ...
    Warning in engine$weave(file, quiet = quiet, encoding = enc) :
     Pandoc (>= 1.12.3) and/or pandoc-citeproc not available. Falling back to R Markdown v1.
    
    Attaching package: 'dplyr'
    
    The following objects are masked from 'package:stats':
    
     filter, lag
    
    The following objects are masked from 'package:base':
    
     intersect, setdiff, setequal, union
    
    Quitting from lines 230-274 (rfm-customer-level-data.Rmd)
    Error: processing vignette 'rfm-customer-level-data.Rmd' failed with diagnostics:
    cannot open the connection
    Execution halted
Flavor: r-oldrel-osx-x86_64