CRAN Package Check Results for Package rfoaas

Last updated on 2021-09-23 15:51:08 CEST.

Flavor Version Tinstall Tcheck Ttotal Status Flags
r-devel-linux-x86_64-debian-clang 2.1.0 2.40 22.88 25.28 OK
r-devel-linux-x86_64-debian-gcc 2.1.0 1.77 18.19 19.96 OK
r-devel-linux-x86_64-fedora-clang 2.1.0 40.00 OK
r-devel-linux-x86_64-fedora-gcc 2.1.0 29.55 OK
r-devel-windows-x86_64 2.1.0 4.00 32.00 36.00 OK
r-devel-windows-x86_64-gcc10-UCRT 2.1.0 ERROR
r-patched-linux-x86_64 2.1.0 2.37 22.23 24.60 OK
r-patched-solaris-x86 2.1.0 45.80 OK
r-release-linux-x86_64 2.1.0 2.29 22.64 24.93 OK
r-release-macos-arm64 2.1.0 OK
r-release-macos-x86_64 2.1.0 OK
r-release-windows-ix86+x86_64 2.1.0 6.00 30.00 36.00 OK
r-oldrel-macos-x86_64 2.1.0 OK
r-oldrel-windows-ix86+x86_64 2.1.0 4.00 29.00 33.00 OK

Check Details

Version: 2.1.0
Check: PDF version of manual
Result: WARN
    LaTeX errors when creating PDF version.
    This typically indicates Rd problems.
Flavor: r-devel-windows-x86_64-gcc10-UCRT

Version: 2.1.0
Check: PDF version of manual without hyperrefs or index
Result: ERROR
    Re-running with no redirection of stdout/stderr.
Flavor: r-devel-windows-x86_64-gcc10-UCRT