CRAN Package Check Results for Package rgabriel

Last updated on 2021-12-05 02:49:35 CET.

Flavor Version Tinstall Tcheck Ttotal Status Flags
r-devel-linux-x86_64-debian-clang 0.7 2.00 28.72 30.72 NOTE
r-devel-linux-x86_64-debian-gcc 0.7 1.58 23.00 24.58 NOTE
r-devel-linux-x86_64-fedora-clang 0.7 38.14 NOTE
r-devel-linux-x86_64-fedora-gcc 0.7 27.63 NOTE
r-devel-windows-x86_64-new-UL 0.7 5.00 56.00 61.00 NOTE
r-devel-windows-x86_64-new-TK 0.7 NOTE
r-devel-windows-x86_64-old 0.7 3.00 29.00 32.00 NOTE
r-patched-linux-x86_64 0.7 1.90 19.80 21.70 NOTE
r-release-linux-x86_64 0.7 1.89 19.62 21.51 NOTE
r-release-macos-arm64 0.7 NOTE
r-release-macos-x86_64 0.7 NOTE
r-release-windows-ix86+x86_64 0.7 4.00 26.00 30.00 NOTE
r-oldrel-macos-x86_64 0.7 NOTE
r-oldrel-windows-ix86+x86_64 0.7 3.00 28.00 31.00 NOTE

Check Details

Version: 0.7
Check: R code for possible problems
Result: NOTE
    gabriel.plot: no visible global function definition for 'barplot'
    gabriel.plot: no visible global function definition for 'arrows'
    rgabriel: no visible binding for global variable 'sd'
    rgabriel : psmm_x: no visible global function definition for 'pnorm'
    rgabriel : psmm: no visible global function definition for 'integrate'
    rgabriel : qsmm: no visible global function definition for 'qnorm'
    rgabriel : qsmm: no visible global function definition for 'uniroot'
    Undefined global functions or variables:
     arrows barplot integrate pnorm qnorm sd uniroot
    Consider adding
     importFrom("graphics", "arrows", "barplot")
     importFrom("stats", "integrate", "pnorm", "qnorm", "sd", "uniroot")
    to your NAMESPACE file.
Flavors: r-devel-linux-x86_64-debian-clang, r-devel-linux-x86_64-debian-gcc, r-devel-linux-x86_64-fedora-clang, r-devel-linux-x86_64-fedora-gcc, r-devel-windows-x86_64-new-UL, r-devel-windows-x86_64-new-TK, r-devel-windows-x86_64-old, r-patched-linux-x86_64, r-release-linux-x86_64, r-release-macos-arm64, r-release-macos-x86_64, r-release-windows-ix86+x86_64, r-oldrel-macos-x86_64, r-oldrel-windows-ix86+x86_64