Last updated on 2023-03-21 15:52:29 CET.
Flavor | Version | Tinstall | Tcheck | Ttotal | Status | Flags |
---|---|---|---|---|---|---|
r-devel-linux-x86_64-debian-clang | 3.7.5 | 15.32 | 148.90 | 164.22 | OK | |
r-devel-linux-x86_64-debian-gcc | 3.7.5 | 11.48 | 110.85 | 122.33 | OK | |
r-devel-linux-x86_64-fedora-clang | 3.7.5 | 205.94 | OK | |||
r-devel-linux-x86_64-fedora-gcc | 3.7.5 | 190.84 | OK | |||
r-patched-linux-x86_64 | 3.7.5 | 13.98 | 137.03 | 151.01 | OK | |
r-release-linux-x86_64 | 3.7.5 | 12.44 | 136.82 | 149.26 | OK | |
r-release-macos-arm64 | 3.7.5 | 62.00 | OK | |||
r-release-macos-x86_64 | 3.7.5 | 84.00 | OK | |||
r-release-windows-x86_64 | 3.7.5 | 82.00 | 192.00 | 274.00 | OK | |
r-oldrel-macos-arm64 | 3.7.5 | 61.00 | OK | |||
r-oldrel-macos-x86_64 | 3.7.5 | 87.00 | OK | |||
r-oldrel-windows-ix86+x86_64 | 3.7.5 | 30.00 | 173.00 | 203.00 | NOTE |
Version: 3.7.5
Check: dependencies in R code
Result: NOTE
Initiating curl with CURL_SSL_BACKEND: openssl
Flavor: r-oldrel-windows-ix86+x86_64