CRAN Package Check Results for Package rgdal

Last updated on 2021-04-10 19:49:49 CEST.

Flavor Version Tinstall Tcheck Ttotal Status Flags
r-devel-linux-x86_64-debian-clang 1.5-23 49.71 137.08 186.79 OK
r-devel-linux-x86_64-debian-gcc 1.5-23 30.49 107.01 137.50 OK
r-devel-linux-x86_64-fedora-clang 1.5-23 227.05 NOTE
r-devel-linux-x86_64-fedora-gcc 1.5-23 211.04 OK
r-devel-windows-ix86+x86_64 1.5-23 132.00 513.00 645.00 NOTE
r-devel-windows-x86_64-gcc10-UCRT 1.5-23 OK
r-patched-linux-x86_64 1.5-23 40.95 130.77 171.72 OK
r-patched-solaris-x86 1.5-23 242.80 NOTE
r-release-linux-x86_64 1.5-23 38.76 130.25 169.01 OK
r-release-macos-x86_64 1.5-23 NOTE
r-release-windows-ix86+x86_64 1.5-23 122.00 646.00 768.00 NOTE
r-oldrel-macos-x86_64 1.5-23 NOTE
r-oldrel-windows-ix86+x86_64 1.5-23 123.00 547.00 670.00 NOTE

Check Details

Version: 1.5-23
Check: installed package size
Result: NOTE
     installed size is 7.9Mb
     sub-directories of 1Mb or more:
     doc 3.4Mb
     pictures 1.3Mb
Flavors: r-devel-linux-x86_64-fedora-clang, r-devel-windows-ix86+x86_64, r-patched-solaris-x86, r-release-macos-x86_64, r-release-windows-ix86+x86_64, r-oldrel-macos-x86_64, r-oldrel-windows-ix86+x86_64