CRAN Package Check Results for Package rgdal

Last updated on 2020-10-26 15:48:00 CET.

Flavor Version Tinstall Tcheck Ttotal Status Flags
r-devel-linux-x86_64-debian-clang 1.5-18 45.27 132.63 177.90 OK
r-devel-linux-x86_64-debian-gcc 1.5-18 32.78 104.43 137.21 OK
r-devel-linux-x86_64-fedora-clang 1.5-18 231.26 NOTE
r-devel-linux-x86_64-fedora-gcc 1.5-18 225.69 OK
r-devel-windows-ix86+x86_64 1.5-18 144.00 621.00 765.00 NOTE
r-patched-linux-x86_64 1.5-18 40.88 128.25 169.13 OK
r-patched-solaris-x86 1.5-18 225.80 NOTE
r-release-linux-x86_64 1.5-18 41.74 126.64 168.38 OK
r-release-macos-x86_64 1.5-18 NOTE
r-release-windows-ix86+x86_64 1.5-18 107.00 489.00 596.00 NOTE
r-oldrel-macos-x86_64 1.5-18 NOTE
r-oldrel-windows-ix86+x86_64 1.5-18 124.00 618.00 742.00 NOTE

Check Details

Version: 1.5-18
Check: installed package size
Result: NOTE
     installed size is 7.9Mb
     sub-directories of 1Mb or more:
     doc 3.4Mb
     pictures 1.3Mb
Flavors: r-devel-linux-x86_64-fedora-clang, r-devel-windows-ix86+x86_64, r-patched-solaris-x86, r-release-macos-x86_64, r-release-windows-ix86+x86_64, r-oldrel-macos-x86_64, r-oldrel-windows-ix86+x86_64