CRAN Package Check Results for Package rgdax

Last updated on 2024-02-26 18:50:10 CET.

Flavor Version Tinstall Tcheck Ttotal Status Flags
r-devel-linux-x86_64-debian-clang 1.2.1 2.82 39.31 42.13 NOTE
r-devel-linux-x86_64-debian-gcc 1.2.1 3.21 31.03 34.24 NOTE
r-devel-linux-x86_64-fedora-clang 1.2.1 53.78 NOTE
r-devel-linux-x86_64-fedora-gcc 1.2.1 51.59 NOTE
r-devel-windows-x86_64 1.2.1 5.00 54.00 59.00 NOTE
r-patched-linux-x86_64 1.2.1 4.39 38.71 43.10 NOTE
r-release-linux-x86_64 1.2.1 4.22 38.88 43.10 NOTE
r-release-macos-arm64 1.2.1 22.00 NOTE
r-release-macos-x86_64 1.2.1 28.00 NOTE
r-release-windows-x86_64 1.2.1 6.00 56.00 62.00 NOTE
r-oldrel-macos-arm64 1.2.1 23.00 OK
r-oldrel-windows-x86_64 1.2.1 6.00 62.00 68.00 OK

Check Details

Version: 1.2.1
Check: package subdirectories
Result: NOTE Problems with news in ‘NEWS.md’: No news entries found. Flavors: r-devel-linux-x86_64-debian-clang, r-devel-linux-x86_64-debian-gcc, r-devel-linux-x86_64-fedora-clang, r-devel-linux-x86_64-fedora-gcc, r-devel-windows-x86_64, r-patched-linux-x86_64, r-release-linux-x86_64, r-release-macos-arm64, r-release-macos-x86_64, r-release-windows-x86_64