CRAN Package Check Results for Package rgenius

Last updated on 2021-12-07 12:54:15 CET.

Flavor Version Tinstall Tcheck Ttotal Status Flags
r-devel-linux-x86_64-debian-clang 0.1.0 4.71 50.98 55.69 NOTE
r-devel-linux-x86_64-debian-gcc 0.1.0 3.90 39.01 42.91 NOTE
r-devel-linux-x86_64-fedora-clang 0.1.0 67.88 NOTE
r-devel-linux-x86_64-fedora-gcc 0.1.0 55.52 NOTE
r-devel-windows-x86_64-new-UL 0.1.0 12.00 80.00 92.00 NOTE
r-devel-windows-x86_64-new-TK 0.1.0 NOTE
r-devel-windows-x86_64-old 0.1.0 8.00 47.00 55.00 NOTE
r-patched-linux-x86_64 0.1.0 4.05 47.31 51.36 NOTE
r-release-linux-x86_64 0.1.0 3.87 47.02 50.89 NOTE
r-release-macos-arm64 0.1.0 NOTE
r-release-macos-x86_64 0.1.0 NOTE
r-release-windows-ix86+x86_64 0.1.0 9.00 59.00 68.00 NOTE
r-oldrel-macos-x86_64 0.1.0 OK
r-oldrel-windows-ix86+x86_64 0.1.0 12.00 59.00 71.00 OK

Check Details

Version: 0.1.0
Check: LazyData
Result: NOTE
     'LazyData' is specified without a 'data' directory
Flavors: r-devel-linux-x86_64-debian-clang, r-devel-linux-x86_64-debian-gcc, r-devel-linux-x86_64-fedora-clang, r-devel-linux-x86_64-fedora-gcc, r-devel-windows-x86_64-new-UL, r-devel-windows-x86_64-new-TK, r-devel-windows-x86_64-old, r-patched-linux-x86_64, r-release-linux-x86_64, r-release-macos-arm64, r-release-macos-x86_64, r-release-windows-ix86+x86_64