Last updated on 2022-08-13 22:50:09 CEST.
Flavor | Version | Tinstall | Tcheck | Ttotal | Status | Flags |
---|---|---|---|---|---|---|
r-devel-linux-x86_64-debian-clang | 5.9-0.3 | 16.92 | 48.58 | 65.50 | OK | |
r-devel-linux-x86_64-debian-gcc | 5.9-0.3 | 11.22 | 53.47 | 64.69 | OK | |
r-devel-linux-x86_64-fedora-clang | 5.9-0.3 | 95.49 | NOTE | |||
r-devel-linux-x86_64-fedora-gcc | 5.9-0.3 | 109.97 | OK | |||
r-devel-windows-x86_64 | 5.9-0.3 | 25.00 | 108.00 | 133.00 | OK | |
r-patched-linux-x86_64 | 5.9-0.3 | 11.31 | 58.51 | 69.82 | OK | |
r-release-linux-x86_64 | 5.9-0.3 | 12.08 | 71.41 | 83.49 | OK | |
r-release-macos-arm64 | 5.9-0.3 | 34.00 | OK | |||
r-release-macos-x86_64 | 5.9-0.3 | 45.00 | OK | |||
r-release-windows-x86_64 | 5.9-0.3 | 189.00 | 111.00 | 300.00 | OK | |
r-oldrel-macos-arm64 | 5.9-0.3 | 35.00 | OK | |||
r-oldrel-macos-x86_64 | 5.9-0.3 | 58.00 | OK | |||
r-oldrel-windows-ix86+x86_64 | 5.9-0.3 | 38.00 | 132.00 | 170.00 | OK |
Version: 5.9-0.3
Check: Rd cross-references
Result: NOTE
Undeclared package ‘Matching’ in Rd xrefs
Flavor: r-devel-linux-x86_64-fedora-clang