CRAN Package Check Results for Package rgeolocate

Last updated on 2020-04-10 07:50:33 CEST.

Flavor Version Tinstall Tcheck Ttotal Status Flags
r-devel-linux-x86_64-debian-clang 1.0.1 47.13 32.47 79.60 OK
r-devel-linux-x86_64-debian-gcc 1.0.1 29.92 2.45 32.37 ERROR
r-devel-linux-x86_64-fedora-clang 1.0.1 108.07 NOTE
r-devel-linux-x86_64-fedora-gcc 1.0.1 99.63 OK
r-devel-windows-ix86+x86_64 1.0.1 105.00 90.00 195.00 NOTE
r-devel-windows-ix86+x86_64-gcc8 1.0.1 106.00 68.00 174.00 WARN
r-patched-linux-x86_64 1.0.1 39.59 31.19 70.78 OK
r-patched-osx-x86_64 1.0.1 WARN
r-patched-solaris-x86 1.0.1 104.30 OK
r-release-linux-x86_64 1.0.1 38.44 29.75 68.19 OK
r-release-windows-ix86+x86_64 1.0.1 106.00 85.00 191.00 NOTE
r-release-osx-x86_64 1.0.1 ERROR
r-oldrel-windows-ix86+x86_64 1.0.1 126.00 63.00 189.00 NOTE
r-oldrel-osx-x86_64 1.0.1 ERROR

Additional issues

clang-UBSAN gcc-UBSAN

Check Details

Version: 1.0.1
Check: whether package can be installed
Result: ERROR
    Installation failed.
Flavor: r-devel-linux-x86_64-debian-gcc

Version: 1.0.1
Check: installed package size
Result: NOTE
     installed size is 5.7Mb
     sub-directories of 1Mb or more:
     extdata 3.5Mb
     libs 2.1Mb
Flavors: r-devel-linux-x86_64-fedora-clang, r-devel-windows-ix86+x86_64, r-devel-windows-ix86+x86_64-gcc8, r-patched-osx-x86_64, r-release-windows-ix86+x86_64, r-release-osx-x86_64, r-oldrel-windows-ix86+x86_64, r-oldrel-osx-x86_64

Version: 1.0.1
Check: whether package can be installed
Result: WARN
    Found the following significant warnings:
     IP2Location.c:339:35: warning: passing argument 3 of 'inet_pton' from incompatible pointer type [-Wincompatible-pointer-types]
     IP2Location.c:893:39: warning: passing argument 3 of 'inet_pton' from incompatible pointer type [-Wincompatible-pointer-types]
     IP2Location.c:900:41: warning: passing argument 3 of 'inet_pton' from incompatible pointer type [-Wincompatible-pointer-types]
Flavor: r-devel-windows-ix86+x86_64-gcc8

Version: 1.0.1
Check: re-building of vignette outputs
Result: WARN
    Error(s) in re-building vignettes:
     ...
    --- re-building ‘Introduction_to_rgeolocate.Rmd’ using rmarkdown
    dyld: lazy symbol binding failed: Symbol not found: ____chkstk_darwin
     Referenced from: /usr/local/bin/pandoc (which was built for Mac OS X 10.15)
     Expected in: /usr/lib/libSystem.B.dylib
    
    dyld: Symbol not found: ____chkstk_darwin
     Referenced from: /usr/local/bin/pandoc (which was built for Mac OS X 10.15)
     Expected in: /usr/lib/libSystem.B.dylib
    
    Error: processing vignette 'Introduction_to_rgeolocate.Rmd' failed with diagnostics:
    pandoc document conversion failed with error 6
    --- failed re-building ‘Introduction_to_rgeolocate.Rmd’
    
    SUMMARY: processing the following file failed:
     ‘Introduction_to_rgeolocate.Rmd’
    
    Error: Vignette re-building failed.
    Execution halted
Flavor: r-patched-osx-x86_64

Version: 1.0.1
Check: tests
Result: ERROR
     Running ‘testthat.R’ [1s/2s]
    Running the tests in ‘tests/testthat.R’ failed.
    Last 13 lines of output:
     > library(testthat)
     > library(rgeolocate)
     >
     > test_check("rgeolocate")
     ── 1. Failure: non-existent files are detected (@test_maxmind.R#3) ────────────
     `x` threw an error with unexpected message.
     Expected match: "could not be opened"
     Actual message: "c++ exception (unknown reason)"
    
     ══ testthat results ═══════════════════════════════════════════════════════════
     OK: 51 SKIPPED: 0 FAILED: 1
     1. Failure: non-existent files are detected (@test_maxmind.R#3)
    
     Error: testthat unit tests failed
     Execution halted
Flavors: r-release-osx-x86_64, r-oldrel-osx-x86_64