CRAN Package Check Results for Package rgho

Last updated on 2021-10-15 22:54:27 CEST.

Flavor Version Tinstall Tcheck Ttotal Status Flags
r-devel-linux-x86_64-debian-clang 2.0.1 5.57 67.86 73.43 NOTE
r-devel-linux-x86_64-debian-gcc 2.0.1 3.73 53.59 57.32 NOTE
r-devel-linux-x86_64-fedora-clang 2.0.1 107.91 NOTE
r-devel-linux-x86_64-fedora-gcc 2.0.1 87.88 NOTE
r-devel-windows-x86_64 2.0.1 11.00 270.00 281.00 NOTE
r-devel-windows-x86_64-gcc10-UCRT 2.0.1 NOTE
r-patched-linux-x86_64 2.0.1 5.07 73.43 78.50 NOTE
r-patched-solaris-x86 2.0.1 122.60 NOTE
r-release-linux-x86_64 2.0.1 5.59 72.90 78.49 NOTE
r-release-macos-arm64 2.0.1 NOTE
r-release-macos-x86_64 2.0.1 NOTE
r-release-windows-ix86+x86_64 2.0.1 14.00 99.00 113.00 NOTE
r-oldrel-macos-x86_64 2.0.1 OK
r-oldrel-windows-ix86+x86_64 2.0.1 14.00 169.00 183.00 OK

Check Details

Version: 2.0.1
Check: LazyData
Result: NOTE
     'LazyData' is specified without a 'data' directory
Flavors: r-devel-linux-x86_64-debian-clang, r-devel-linux-x86_64-debian-gcc, r-devel-linux-x86_64-fedora-clang, r-devel-linux-x86_64-fedora-gcc, r-devel-windows-x86_64, r-devel-windows-x86_64-gcc10-UCRT, r-patched-linux-x86_64, r-patched-solaris-x86, r-release-linux-x86_64, r-release-macos-arm64, r-release-macos-x86_64, r-release-windows-ix86+x86_64