CRAN Package Check Results for Package rgho

Last updated on 2021-08-03 05:52:59 CEST.

Flavor Version Tinstall Tcheck Ttotal Status Flags
r-devel-linux-x86_64-debian-clang 2.0.1 5.19 60.53 65.72 ERROR
r-devel-linux-x86_64-debian-gcc 2.0.1 4.15 45.68 49.83 ERROR
r-devel-linux-x86_64-fedora-clang 2.0.1 52.05 ERROR
r-devel-linux-x86_64-fedora-gcc 2.0.1 41.42 ERROR
r-devel-windows-x86_64 2.0.1 8.00 103.00 111.00 NOTE
r-devel-windows-x86_64-gcc10-UCRT 2.0.1 ERROR
r-patched-linux-x86_64 2.0.1 4.86 55.31 60.17 ERROR
r-patched-solaris-x86 2.0.1 121.30 NOTE
r-release-linux-x86_64 2.0.1 5.09 55.93 61.02 ERROR
r-release-macos-arm64 2.0.1 NOTE
r-release-macos-x86_64 2.0.1 NOTE
r-release-windows-ix86+x86_64 2.0.1 14.00 103.00 117.00 NOTE
r-oldrel-macos-x86_64 2.0.1 OK
r-oldrel-windows-ix86+x86_64 2.0.1 12.00 396.00 408.00 OK

Check Details

Version: 2.0.1
Check: LazyData
Result: NOTE
     'LazyData' is specified without a 'data' directory
Flavors: r-devel-linux-x86_64-debian-clang, r-devel-linux-x86_64-debian-gcc, r-devel-linux-x86_64-fedora-clang, r-devel-linux-x86_64-fedora-gcc, r-devel-windows-x86_64, r-devel-windows-x86_64-gcc10-UCRT, r-patched-linux-x86_64, r-patched-solaris-x86, r-release-linux-x86_64, r-release-macos-arm64, r-release-macos-x86_64, r-release-windows-ix86+x86_64

Version: 2.0.1
Check: examples
Result: ERROR
    Running examples in 'rgho-Ex.R' failed
    The error most likely occurred in:
    
    > base::assign(".ptime", proc.time(), pos = "CheckExEnv")
    > ### Name: get_gho_dimensions
    > ### Title: Returns GHO Dimensions/Codes
    > ### Aliases: get_gho_dimensions get_gho_codes man-gho print.gho
    >
    > ### ** Examples
    >
    >
    > get_gho_dimensions()
    Error during request:
    Server error: (503) Service Unavailable
    Execution halted
Flavors: r-devel-linux-x86_64-debian-clang, r-devel-linux-x86_64-debian-gcc, r-patched-linux-x86_64, r-release-linux-x86_64

Version: 2.0.1
Check: re-building of vignette outputs
Result: WARN
    Error(s) in re-building vignettes:
     ...
    --- re-building 'a-intro.Rmd' using rmarkdown
    Quitting from lines 30-31 (a-intro.Rmd)
    Error: processing vignette 'a-intro.Rmd' failed with diagnostics:
    
    --- failed re-building 'a-intro.Rmd'
    
    --- re-building 'b-dimensions.Rmd' using rmarkdown
    Quitting from lines 21-22 (b-dimensions.Rmd)
    Error: processing vignette 'b-dimensions.Rmd' failed with diagnostics:
    
    --- failed re-building 'b-dimensions.Rmd'
    
    --- re-building 'c-codes-gho.Rmd' using rmarkdown
    Quitting from lines 21-22 (c-codes-gho.Rmd)
    Error: processing vignette 'c-codes-gho.Rmd' failed with diagnostics:
    
    --- failed re-building 'c-codes-gho.Rmd'
    
    --- re-building 'd-codes-country.Rmd' using rmarkdown
    Quitting from lines 21-28 (d-codes-country.Rmd)
    Error: processing vignette 'd-codes-country.Rmd' failed with diagnostics:
    
    --- failed re-building 'd-codes-country.Rmd'
    
    --- re-building 'e-details.Rmd' using rmarkdown
    --- finished re-building 'e-details.Rmd'
    
    SUMMARY: processing the following files failed:
     'a-intro.Rmd' 'b-dimensions.Rmd' 'c-codes-gho.Rmd'
     'd-codes-country.Rmd'
    
    Error: Vignette re-building failed.
    Execution halted
Flavors: r-devel-linux-x86_64-debian-clang, r-devel-linux-x86_64-debian-gcc, r-patched-linux-x86_64, r-release-linux-x86_64

Version: 2.0.1
Check: examples
Result: ERROR
    Running examples in ‘rgho-Ex.R’ failed
    The error most likely occurred in:
    
    > ### Name: get_gho_dimensions
    > ### Title: Returns GHO Dimensions/Codes
    > ### Aliases: get_gho_dimensions get_gho_codes man-gho print.gho
    >
    > ### ** Examples
    >
    >
    > get_gho_dimensions()
    Error during request:
    Server error: (503) Service Unavailable
    Execution halted
Flavors: r-devel-linux-x86_64-fedora-clang, r-devel-linux-x86_64-fedora-gcc, r-devel-windows-x86_64-gcc10-UCRT

Version: 2.0.1
Check: re-building of vignette outputs
Result: WARN
    Error(s) in re-building vignettes:
    --- re-building ‘a-intro.Rmd’ using rmarkdown
    Quitting from lines 30-31 (a-intro.Rmd)
    Error: processing vignette 'a-intro.Rmd' failed with diagnostics:
    
    --- failed re-building ‘a-intro.Rmd’
    
    --- re-building ‘b-dimensions.Rmd’ using rmarkdown
    Quitting from lines 21-22 (b-dimensions.Rmd)
    Error: processing vignette 'b-dimensions.Rmd' failed with diagnostics:
    
    --- failed re-building ‘b-dimensions.Rmd’
    
    --- re-building ‘c-codes-gho.Rmd’ using rmarkdown
    Quitting from lines 21-22 (c-codes-gho.Rmd)
    Error: processing vignette 'c-codes-gho.Rmd' failed with diagnostics:
    
    --- failed re-building ‘c-codes-gho.Rmd’
    
    --- re-building ‘d-codes-country.Rmd’ using rmarkdown
    Quitting from lines 21-28 (d-codes-country.Rmd)
    Error: processing vignette 'd-codes-country.Rmd' failed with diagnostics:
    
    --- failed re-building ‘d-codes-country.Rmd’
    
    --- re-building ‘e-details.Rmd’ using rmarkdown
    --- finished re-building ‘e-details.Rmd’
    
    SUMMARY: processing the following files failed:
     ‘a-intro.Rmd’ ‘b-dimensions.Rmd’ ‘c-codes-gho.Rmd’
     ‘d-codes-country.Rmd’
    
    Error: Vignette re-building failed.
    Execution halted
Flavors: r-devel-linux-x86_64-fedora-clang, r-devel-linux-x86_64-fedora-gcc, r-devel-windows-x86_64-gcc10-UCRT