CRAN Package Check Results for Package rgl

Last updated on 2020-06-07 07:47:48 CEST.

Flavor Version Tinstall Tcheck Ttotal Status Flags
r-devel-linux-x86_64-debian-clang 0.100.54 70.11 176.17 246.28 OK
r-devel-linux-x86_64-debian-gcc 0.100.54 47.45 131.97 179.42 OK
r-devel-linux-x86_64-fedora-clang 0.100.54 333.20 NOTE
r-devel-linux-x86_64-fedora-gcc 0.100.54 301.31 OK
r-devel-windows-ix86+x86_64 0.100.54 347.00 305.00 652.00 NOTE
r-patched-linux-x86_64 0.100.54 53.60 176.88 230.48 OK
r-patched-solaris-x86 0.100.54 306.20 WARN
r-release-linux-x86_64 0.100.54 56.13 178.07 234.20 OK
r-release-osx-x86_64 0.100.54 NOTE
r-release-windows-ix86+x86_64 0.100.54 349.00 278.00 627.00 NOTE
r-oldrel-osx-x86_64 0.100.54 WARN
r-oldrel-windows-ix86+x86_64 0.100.54 386.00 214.00 600.00 NOTE

Check Details

Version: 0.100.54
Check: installed package size
Result: NOTE
     installed size is 9.9Mb
     sub-directories of 1Mb or more:
     doc 3.6Mb
     fonts 1.5Mb
     libs 2.7Mb
Flavors: r-devel-linux-x86_64-fedora-clang, r-devel-windows-ix86+x86_64, r-patched-solaris-x86, r-release-osx-x86_64, r-release-windows-ix86+x86_64, r-oldrel-osx-x86_64, r-oldrel-windows-ix86+x86_64

Version: 0.100.54
Check: re-building of vignette outputs
Result: WARN
    Error(s) in re-building vignettes:
     ...
    --- re-building ‘WebGL.Rmd’ using rmarkdown
    Warning in engine$weave(file, quiet = quiet, encoding = enc) :
     Pandoc (>= 1.12.3) and/or pandoc-citeproc not available. Falling back to R Markdown v1.
    Quitting from lines 372-425 (WebGL.Rmd)
    Error: processing vignette 'WebGL.Rmd' failed with diagnostics:
    object 'subid' not found
    --- failed re-building ‘WebGL.Rmd’
    
    --- re-building ‘legacyWebGL.Rmd’ using rmarkdown
    Warning in engine$weave(file, quiet = quiet, encoding = enc) :
     Pandoc (>= 1.12.3) and/or pandoc-citeproc not available. Falling back to R Markdown v1.
    Quitting from lines 82-137 (legacyWebGL.Rmd)
    Error: processing vignette 'legacyWebGL.Rmd' failed with diagnostics:
    object 'subid' not found
    --- failed re-building ‘legacyWebGL.Rmd’
    
    --- re-building ‘rgl.Rmd’ using rmarkdown
    Warning in engine$weave(file, quiet = quiet, encoding = enc) :
     Pandoc (>= 1.12.3) and/or pandoc-citeproc not available. Falling back to R Markdown v1.
    --- finished re-building ‘rgl.Rmd’
    
    SUMMARY: processing the following files failed:
     ‘WebGL.Rmd’ ‘legacyWebGL.Rmd’
    
    Error: Vignette re-building failed.
    Execution halted
Flavor: r-patched-solaris-x86

Version: 0.100.54
Check: whether package can be installed
Result: WARN
    Found the following significant warnings:
     Warning: 'rgl.init' failed, running with 'rgl.useNULL = TRUE'.
Flavor: r-oldrel-osx-x86_64

Version: 0.100.54
Check: whether the namespace can be loaded with stated dependencies
Result: NOTE
    Warning: 'rgl.init' failed, running with 'rgl.useNULL = TRUE'.
    
    A namespace must be able to be loaded with just the base namespace
    loaded: otherwise if the namespace gets loaded by a saved object, the
    session will be unable to start.
    
    Probably some imports need to be declared in the NAMESPACE file.
Flavor: r-oldrel-osx-x86_64

Version: 0.100.54
Check: dependencies in R code
Result: NOTE
    No protocol specified
    No protocol specified
Flavor: r-oldrel-osx-x86_64

Version: 0.100.54
Check: re-building of vignette outputs
Result: WARN
    Error(s) in re-building vignettes:
    --- re-building ‘WebGL.Rmd’ using rmarkdown
    Warning in engine$weave(file, quiet = quiet, encoding = enc) :
     Pandoc (>= 1.12.3) and/or pandoc-citeproc not available. Falling back to R Markdown v1.
    Quitting from lines 372-425 (WebGL.Rmd)
    Error: processing vignette 'WebGL.Rmd' failed with diagnostics:
    object 'subid' not found
    --- failed re-building ‘WebGL.Rmd’
    
    --- re-building ‘legacyWebGL.Rmd’ using rmarkdown
    Warning in engine$weave(file, quiet = quiet, encoding = enc) :
     Pandoc (>= 1.12.3) and/or pandoc-citeproc not available. Falling back to R Markdown v1.
    Quitting from lines 82-137 (legacyWebGL.Rmd)
    Error: processing vignette 'legacyWebGL.Rmd' failed with diagnostics:
    object 'subid' not found
    --- failed re-building ‘legacyWebGL.Rmd’
    
    --- re-building ‘rgl.Rmd’ using rmarkdown
    Warning in engine$weave(file, quiet = quiet, encoding = enc) :
     Pandoc (>= 1.12.3) and/or pandoc-citeproc not available. Falling back to R Markdown v1.
    --- finished re-building ‘rgl.Rmd’
    
    SUMMARY: processing the following files failed:
     ‘WebGL.Rmd’ ‘legacyWebGL.Rmd’
    
    Error: Vignette re-building failed.
    Execution halted
Flavor: r-oldrel-osx-x86_64