CRAN Package Check Results for Package rgovcan

Last updated on 2021-10-24 23:52:00 CEST.

Flavor Version Tinstall Tcheck Ttotal Status Flags
r-devel-linux-x86_64-debian-clang 1.0.3 6.30 56.47 62.77 OK
r-devel-linux-x86_64-debian-gcc 1.0.3 4.89 42.59 47.48 OK
r-devel-linux-x86_64-fedora-clang 1.0.3 82.86 NOTE
r-devel-linux-x86_64-fedora-gcc 1.0.3 70.80 NOTE
r-devel-windows-x86_64 1.0.3 11.00 70.00 81.00 OK
r-devel-windows-x86_64-gcc10-UCRT 1.0.3 NOTE
r-patched-linux-x86_64 1.0.3 12.17 53.41 65.58 OK
r-patched-solaris-x86 1.0.3 103.20 NOTE
r-release-linux-x86_64 1.0.3 5.42 53.17 58.59 OK
r-release-macos-arm64 1.0.3 NOTE
r-release-macos-x86_64 1.0.3 NOTE
r-release-windows-ix86+x86_64 1.0.3 15.00 86.00 101.00 OK
r-oldrel-macos-x86_64 1.0.3 NOTE
r-oldrel-windows-ix86+x86_64 1.0.3 17.00 91.00 108.00 OK

Check Details

Version: 1.0.3
Check: dependencies in R code
Result: NOTE
    Namespace in Imports field not imported from: ‘crul’
     All declared Imports should be used.
Flavors: r-devel-linux-x86_64-fedora-clang, r-devel-linux-x86_64-fedora-gcc, r-devel-windows-x86_64-gcc10-UCRT, r-patched-solaris-x86, r-release-macos-arm64, r-release-macos-x86_64, r-oldrel-macos-x86_64