CRAN Package Check Results for Package rgsp

Last updated on 2021-11-29 14:49:02 CET.

Flavor Version Tinstall Tcheck Ttotal Status Flags
r-devel-linux-x86_64-debian-clang 0.2.0 4.35 40.23 44.58 NOTE
r-devel-linux-x86_64-debian-gcc 0.2.0 3.46 31.07 34.53 NOTE
r-devel-linux-x86_64-fedora-clang 0.2.0 66.99 NOTE
r-devel-linux-x86_64-fedora-gcc 0.2.0 53.01 NOTE
r-devel-windows-x86_64-new-UL 0.2.0 10.00 75.00 85.00 NOTE
r-devel-windows-x86_64-new-TK 0.2.0 NOTE
r-devel-windows-x86_64-old 0.2.0 8.00 50.00 58.00 NOTE
r-patched-linux-x86_64 0.2.0 4.35 37.79 42.14 NOTE
r-patched-solaris-x86 0.2.0 76.80 NOTE
r-release-linux-x86_64 0.2.0 4.52 38.01 42.53 NOTE
r-release-macos-arm64 0.2.0 NOTE
r-release-macos-x86_64 0.2.0 NOTE
r-release-windows-ix86+x86_64 0.2.0 13.00 49.00 62.00 NOTE
r-oldrel-macos-x86_64 0.2.0 OK
r-oldrel-windows-ix86+x86_64 0.2.0 8.00 59.00 67.00 OK

Check Details

Version: 0.2.0
Check: LazyData
Result: NOTE
     'LazyData' is specified without a 'data' directory
Flavors: r-devel-linux-x86_64-debian-clang, r-devel-linux-x86_64-debian-gcc, r-devel-linux-x86_64-fedora-clang, r-devel-linux-x86_64-fedora-gcc, r-devel-windows-x86_64-new-UL, r-devel-windows-x86_64-new-TK, r-devel-windows-x86_64-old, r-patched-linux-x86_64, r-patched-solaris-x86, r-release-linux-x86_64, r-release-macos-arm64, r-release-macos-x86_64, r-release-windows-ix86+x86_64