CRAN Package Check Results for Package rhandsontable

Last updated on 2022-11-27 19:51:40 CET.

Flavor Version Tinstall Tcheck Ttotal Status Flags
r-devel-linux-x86_64-debian-clang 0.3.8 5.38 78.57 83.95 OK
r-devel-linux-x86_64-debian-gcc 0.3.8 3.81 58.12 61.93 OK
r-devel-linux-x86_64-fedora-clang 0.3.8 109.08 NOTE
r-devel-linux-x86_64-fedora-gcc 0.3.8 105.83 OK
r-devel-windows-x86_64 0.3.8 61.00 120.00 181.00 NOTE
r-patched-linux-x86_64 0.3.8 4.62 77.80 82.42 OK
r-release-linux-x86_64 0.3.8 3.84 75.92 79.76 OK
r-release-macos-arm64 0.3.8 36.00 NOTE
r-release-macos-x86_64 0.3.8 46.00 NOTE
r-release-windows-x86_64 0.3.8 65.00 122.00 187.00 NOTE
r-oldrel-macos-arm64 0.3.8 701.00 NOTE
r-oldrel-macos-x86_64 0.3.8 52.00 NOTE
r-oldrel-windows-ix86+x86_64 0.3.8 16.00 99.00 115.00 NOTE

Check Details

Version: 0.3.8
Check: installed package size
Result: NOTE
     installed size is 11.7Mb
     sub-directories of 1Mb or more:
     doc 10.3Mb
     htmlwidgets 1.3Mb
Flavors: r-devel-linux-x86_64-fedora-clang, r-devel-windows-x86_64, r-release-macos-arm64, r-release-macos-x86_64, r-release-windows-x86_64, r-oldrel-macos-arm64, r-oldrel-macos-x86_64, r-oldrel-windows-ix86+x86_64