CRAN Package Check Results for Package rhcoclust

Last updated on 2024-06-13 00:55:29 CEST.

Flavor Version Tinstall Tcheck Ttotal Status Flags
r-devel-linux-x86_64-debian-clang 2.0.0 7.29 59.74 67.03 OK
r-devel-linux-x86_64-debian-gcc 2.0.0 0.27 1.55 1.82 ERROR
r-devel-linux-x86_64-fedora-clang 2.0.0 81.65 OK
r-devel-linux-x86_64-fedora-gcc 2.0.0 75.82 OK
r-devel-windows-x86_64 2.0.0 7.00 60.00 67.00 OK
r-patched-linux-x86_64 2.0.0 6.61 55.49 62.10 OK
r-release-linux-x86_64 2.0.0 6.98 55.16 62.14 OK
r-release-macos-arm64 2.0.0 25.00 OK
r-release-macos-x86_64 2.0.0 44.00 OK
r-release-windows-x86_64 2.0.0 7.00 63.00 70.00 OK
r-oldrel-macos-arm64 2.0.0 31.00 OK
r-oldrel-macos-x86_64 2.0.0 48.00 OK
r-oldrel-windows-x86_64 2.0.0 8.00 71.00 79.00 OK

Check Details

Version: 2.0.0
Check: package dependencies
Result: ERROR Package required but not available: ‘igraph’ See section ‘The DESCRIPTION file’ in the ‘Writing R Extensions’ manual. Flavor: r-devel-linux-x86_64-debian-gcc