CRAN Package Check Results for Package rhosp

Last updated on 2020-04-07 16:48:10 CEST.

Flavor Version Tinstall Tcheck Ttotal Status Flags
r-devel-linux-x86_64-debian-clang 1.10 3.78 31.41 35.19 NOTE
r-devel-linux-x86_64-debian-gcc 1.10 2.89 24.95 27.84 NOTE
r-devel-linux-x86_64-fedora-clang 1.10 43.50 NOTE
r-devel-linux-x86_64-fedora-gcc 1.10 43.93 NOTE
r-devel-windows-ix86+x86_64 1.10 7.00 53.00 60.00 OK
r-devel-windows-ix86+x86_64-gcc8 1.10 7.00 40.00 47.00 OK
r-patched-linux-x86_64 1.10 3.27 31.01 34.28 NOTE
r-patched-solaris-x86 1.10 57.50 NOTE
r-release-linux-x86_64 1.10 3.20 29.90 33.10 OK
r-release-windows-ix86+x86_64 1.10 6.00 52.00 58.00 OK
r-release-osx-x86_64 1.10 OK
r-oldrel-windows-ix86+x86_64 1.10 3.00 35.00 38.00 OK
r-oldrel-osx-x86_64 1.10 OK

Check Details

Version: 1.10
Check: for non-standard things in the check directory
Result: NOTE
    Found the following files/directories:
     'mydata.rda' 'thedata.rda'
Flavors: r-devel-linux-x86_64-debian-clang, r-devel-linux-x86_64-debian-gcc, r-devel-linux-x86_64-fedora-clang, r-devel-linux-x86_64-fedora-gcc, r-patched-linux-x86_64, r-patched-solaris-x86