CRAN Package Check Results for Package rhosp

Last updated on 2020-01-18 18:47:28 CET.

Flavor Version Tinstall Tcheck Ttotal Status Flags
r-devel-linux-x86_64-debian-clang 1.10 3.99 31.34 35.33 NOTE
r-devel-linux-x86_64-debian-gcc 1.10 2.58 24.31 26.89 NOTE
r-devel-linux-x86_64-fedora-clang 1.10 42.99 NOTE
r-devel-linux-x86_64-fedora-gcc 1.10 42.05 NOTE
r-devel-windows-ix86+x86_64 1.10 9.00 57.00 66.00 OK
r-devel-windows-ix86+x86_64-gcc8 1.10 8.00 50.00 58.00 OK
r-patched-linux-x86_64 1.10 3.09 29.17 32.26 OK
r-patched-solaris-x86 1.10 51.30 OK
r-release-linux-x86_64 1.10 3.24 28.95 32.19 OK
r-release-windows-ix86+x86_64 1.10 6.00 52.00 58.00 OK
r-release-osx-x86_64 1.10 OK
r-oldrel-windows-ix86+x86_64 1.10 3.00 35.00 38.00 OK
r-oldrel-osx-x86_64 1.10 OK

Check Details

Version: 1.10
Check: for non-standard things in the check directory
Result: NOTE
    Found the following files/directories:
     'mydata.rda' 'thedata.rda'
Flavors: r-devel-linux-x86_64-debian-clang, r-devel-linux-x86_64-debian-gcc, r-devel-linux-x86_64-fedora-clang, r-devel-linux-x86_64-fedora-gcc