CRAN Package Check Results for Package rhosp

Last updated on 2025-01-19 20:48:29 CET.

Flavor Version Tinstall Tcheck Ttotal Status Flags
r-devel-linux-x86_64-debian-clang 1.10 3.32 30.59 33.91 NOTE
r-devel-linux-x86_64-debian-gcc 1.10 2.36 23.25 25.61 NOTE
r-devel-linux-x86_64-fedora-clang 1.10 54.08 NOTE
r-devel-linux-x86_64-fedora-gcc 1.10 64.89 NOTE
r-devel-windows-x86_64 1.10 3.00 66.00 69.00 OK
r-patched-linux-x86_64 1.10 3.14 29.26 32.40 NOTE
r-release-linux-x86_64 1.10 2.96 29.20 32.16 NOTE
r-release-macos-arm64 1.10 23.00 OK
r-release-macos-x86_64 1.10 37.00 OK
r-release-windows-x86_64 1.10 4.00 61.00 65.00 OK
r-oldrel-macos-arm64 1.10 22.00 OK
r-oldrel-macos-x86_64 1.10 33.00 OK
r-oldrel-windows-x86_64 1.10 4.00 60.00 64.00 OK

Check Details

Version: 1.10
Check: for non-standard things in the check directory
Result: NOTE Found the following files/directories: ‘mydata.rda’ ‘thedata.rda’ Flavors: r-devel-linux-x86_64-debian-clang, r-devel-linux-x86_64-debian-gcc, r-devel-linux-x86_64-fedora-clang, r-devel-linux-x86_64-fedora-gcc, r-patched-linux-x86_64, r-release-linux-x86_64