CRAN Package Check Results for Package rhub

Last updated on 2022-05-18 01:50:01 CEST.

Flavor Version Tinstall Tcheck Ttotal Status Flags
r-devel-linux-x86_64-debian-clang 1.1.1 8.93 69.44 78.37 NOTE
r-devel-linux-x86_64-debian-gcc 1.1.1 6.54 53.06 59.60 NOTE
r-devel-linux-x86_64-fedora-clang 1.1.1 98.06 NOTE
r-devel-linux-x86_64-fedora-gcc 1.1.1 107.70 NOTE
r-devel-windows-x86_64 1.1.1 39.00 92.00 131.00 NOTE
r-patched-linux-x86_64 1.1.1 8.51 65.66 74.17 NOTE
r-release-linux-x86_64 1.1.1 7.09 66.13 73.22 NOTE
r-release-macos-arm64 1.1.1 51.00 NOTE
r-release-macos-x86_64 1.1.1 53.00 NOTE
r-release-windows-x86_64 1.1.1 33.00 96.00 129.00 NOTE
r-oldrel-macos-arm64 1.1.1 43.00 NOTE
r-oldrel-macos-x86_64 1.1.1 92.00 NOTE
r-oldrel-windows-ix86+x86_64 1.1.1 16.00 84.00 100.00 NOTE

Check Details

Version: 1.1.1
Check: LazyData
Result: NOTE
     'LazyData' is specified without a 'data' directory
Flavors: r-devel-linux-x86_64-debian-clang, r-devel-linux-x86_64-debian-gcc, r-devel-linux-x86_64-fedora-clang, r-devel-linux-x86_64-fedora-gcc, r-devel-windows-x86_64, r-patched-linux-x86_64, r-release-linux-x86_64, r-release-macos-arm64, r-release-macos-x86_64, r-release-windows-x86_64, r-oldrel-macos-arm64, r-oldrel-macos-x86_64, r-oldrel-windows-ix86+x86_64