Last updated on 2023-03-24 06:50:46 CET.
Flavor | Version | Tinstall | Tcheck | Ttotal | Status | Flags |
---|---|---|---|---|---|---|
r-devel-linux-x86_64-debian-clang | 1.1.2 | 7.54 | 67.68 | 75.22 | OK | |
r-devel-linux-x86_64-debian-gcc | 1.1.2 | 6.34 | 51.26 | 57.60 | OK | |
r-devel-linux-x86_64-fedora-clang | 1.1.2 | 98.30 | OK | |||
r-devel-linux-x86_64-fedora-gcc | 1.1.2 | 119.53 | OK | |||
r-patched-linux-x86_64 | 1.1.2 | 8.73 | 65.92 | 74.65 | OK | |
r-release-linux-x86_64 | 1.1.2 | 8.25 | 66.29 | 74.54 | OK | |
r-release-macos-arm64 | 1.1.2 | 47.00 | OK | |||
r-release-macos-x86_64 | 1.1.2 | 53.00 | OK | |||
r-release-windows-x86_64 | 1.1.2 | 42.00 | 101.00 | 143.00 | OK | |
r-oldrel-macos-arm64 | 1.1.2 | 38.00 | OK | |||
r-oldrel-macos-x86_64 | 1.1.2 | 59.00 | OK | |||
r-oldrel-windows-ix86+x86_64 | 1.1.2 | 16.00 | 93.00 | 109.00 | WARN |
Version: 1.1.2
Check: R code for possible problems
Result: NOTE
Initiating curl with CURL_SSL_BACKEND: openssl
Flavor: r-oldrel-windows-ix86+x86_64
Version: 1.1.2
Check: Rd files
Result: WARN
Initiating curl with CURL_SSL_BACKEND: openssl
Flavor: r-oldrel-windows-ix86+x86_64
Version: 1.1.2
Check: for unstated dependencies in examples
Result: WARN
Initiating curl with CURL_SSL_BACKEND: openssl
Flavor: r-oldrel-windows-ix86+x86_64