CRAN Package Check Results for Package rhub

Last updated on 2021-09-21 18:50:03 CEST.

Flavor Version Tinstall Tcheck Ttotal Status Flags
r-devel-linux-x86_64-debian-clang 1.1.1 7.04 52.34 59.38 NOTE
r-devel-linux-x86_64-debian-gcc 1.1.1 5.38 40.01 45.39 NOTE
r-devel-linux-x86_64-fedora-clang 1.1.1 79.58 NOTE
r-devel-linux-x86_64-fedora-gcc 1.1.1 87.05 NOTE
r-devel-windows-x86_64 1.1.1 7.00 62.00 69.00 NOTE
r-devel-windows-x86_64-gcc10-UCRT 1.1.1 ERROR
r-patched-linux-x86_64 1.1.1 6.16 50.97 57.13 NOTE
r-patched-solaris-x86 1.1.1 100.70 NOTE
r-release-linux-x86_64 1.1.1 7.21 51.27 58.48 NOTE
r-release-macos-arm64 1.1.1 NOTE
r-release-macos-x86_64 1.1.1 NOTE
r-release-windows-ix86+x86_64 1.1.1 13.00 59.00 72.00 NOTE
r-oldrel-macos-x86_64 1.1.1 OK
r-oldrel-windows-ix86+x86_64 1.1.1 14.00 59.00 73.00 OK

Check Details

Version: 1.1.1
Check: LazyData
Result: NOTE
     'LazyData' is specified without a 'data' directory
Flavors: r-devel-linux-x86_64-debian-clang, r-devel-linux-x86_64-debian-gcc, r-devel-linux-x86_64-fedora-clang, r-devel-linux-x86_64-fedora-gcc, r-devel-windows-x86_64, r-devel-windows-x86_64-gcc10-UCRT, r-patched-linux-x86_64, r-patched-solaris-x86, r-release-linux-x86_64, r-release-macos-arm64, r-release-macos-x86_64, r-release-windows-ix86+x86_64

Version: 1.1.1
Check: whether package can be installed
Result: WARN
    Found the following significant warnings:
     WARNING: installation-time patches will not be applied, could not get the patches index
Flavor: r-devel-windows-x86_64-gcc10-UCRT

Version: 1.1.1
Check: PDF version of manual
Result: WARN
    LaTeX errors when creating PDF version.
    This typically indicates Rd problems.
Flavor: r-devel-windows-x86_64-gcc10-UCRT

Version: 1.1.1
Check: PDF version of manual without hyperrefs or index
Result: ERROR
    Re-running with no redirection of stdout/stderr.
Flavor: r-devel-windows-x86_64-gcc10-UCRT