CRAN Package Check Results for Package rhub

Last updated on 2020-12-03 05:48:22 CET.

Flavor Version Tinstall Tcheck Ttotal Status Flags
r-devel-linux-x86_64-debian-clang 1.1.1 7.89 52.65 60.54 OK
r-devel-linux-x86_64-debian-gcc 1.1.1 6.54 42.71 49.25 OK
r-devel-linux-x86_64-fedora-clang 1.1.1 78.92 OK
r-devel-linux-x86_64-fedora-gcc 1.1.1 84.82 OK
r-devel-windows-ix86+x86_64 1.1.1 14.00 59.00 73.00 OK
r-patched-linux-x86_64 1.1.1 7.46 49.87 57.33 OK
r-patched-solaris-x86 1.1.1 93.60 OK
r-release-linux-x86_64 1.1.1 8.41 49.19 57.60 WARN
r-release-macos-x86_64 1.1.1 OK
r-release-windows-ix86+x86_64 1.1.1 10.00 54.00 64.00 OK
r-oldrel-macos-x86_64 1.1.1 OK
r-oldrel-windows-ix86+x86_64 1.1.1 10.00 66.00 76.00 OK

Check Details

Version: 1.1.1
Check: re-building of vignette outputs
Result: WARN
    Error(s) in re-building vignettes:
     ...
    --- re-building ‘local-debugging.Rmd’ using rmarkdown
    Quitting from lines 71-74 (local-debugging.Rmd)
    Error: processing vignette 'local-debugging.Rmd' failed with diagnostics:
    Timeout was reached: [builder.r-hub.io] Operation timed out after 10000 milliseconds with 0 out of 0 bytes received
    --- failed re-building ‘local-debugging.Rmd’
    
    --- re-building ‘rhub.Rmd’ using rmarkdown
    --- finished re-building ‘rhub.Rmd’
    
    SUMMARY: processing the following file failed:
     ‘local-debugging.Rmd’
    
    Error: Vignette re-building failed.
    Execution halted
Flavor: r-release-linux-x86_64