CRAN Package Check Results for Package rhub

Last updated on 2024-04-14 22:54:28 CEST.

Flavor Version Tinstall Tcheck Ttotal Status Flags
r-devel-linux-x86_64-debian-clang 2.0.0 15.88 59.38 75.26 OK
r-devel-linux-x86_64-debian-gcc 2.0.0 10.35 42.50 52.85 OK
r-devel-linux-x86_64-fedora-clang 2.0.0 95.92 OK
r-devel-linux-x86_64-fedora-gcc 2.0.0 88.63 OK
r-devel-windows-x86_64 2.0.0 12.00 63.00 75.00 OK
r-patched-linux-x86_64 1.1.2 8.12 67.13 75.25 ERROR
r-release-linux-x86_64 2.0.0 14.96 56.53 71.49 OK
r-release-macos-arm64 2.0.0 38.00 OK
r-release-macos-x86_64 2.0.0 60.00 OK
r-release-windows-x86_64 2.0.0 14.00 71.00 85.00 OK
r-oldrel-macos-arm64 2.0.0 36.00 OK
r-oldrel-windows-x86_64 2.0.0 16.00 77.00 93.00 OK

Check Details

Version: 1.1.2
Check: re-building of vignette outputs
Result: ERROR Error(s) in re-building vignettes: ... --- re-building ‘local-debugging.Rmd’ using rmarkdown Quitting from lines at lines 71-74 [list] (local-debugging.Rmd) Error: processing vignette 'local-debugging.Rmd' failed with diagnostics: Please install xml2 package --- failed re-building ‘local-debugging.Rmd’ --- re-building ‘rhub.Rmd’ using rmarkdown Quitting from lines at lines 25-105 (rhub.Rmd) Error: processing vignette 'rhub.Rmd' failed with diagnostics: Please install xml2 package --- failed re-building ‘rhub.Rmd’ SUMMARY: processing the following files failed: ‘local-debugging.Rmd’ ‘rhub.Rmd’ Error: Vignette re-building failed. Execution halted Flavor: r-patched-linux-x86_64