CRAN Package Check Results for Package rhype

Last updated on 2024-04-12 19:51:01 CEST.

Flavor Version Tinstall Tcheck Ttotal Status Flags
r-devel-linux-x86_64-debian-clang 0.3.0 4.33 34.19 38.52 OK
r-devel-linux-x86_64-debian-gcc 0.3.0 3.13 25.47 28.60 OK
r-devel-linux-x86_64-fedora-clang 0.3.0 46.01 NOTE
r-devel-linux-x86_64-fedora-gcc 0.3.0 44.25 NOTE
r-devel-windows-x86_64 0.3.0 4.00 52.00 56.00 OK
r-patched-linux-x86_64 0.3.0 2.96 32.24 35.20 OK
r-release-linux-x86_64 0.3.0 4.03 32.80 36.83 OK
r-release-macos-arm64 0.3.0 19.00 OK
r-release-macos-x86_64 0.3.0 28.00 OK
r-release-windows-x86_64 0.3.0 5.00 53.00 58.00 OK
r-oldrel-macos-arm64 0.3.0 18.00 NOTE
r-oldrel-windows-x86_64 0.3.0 5.00 54.00 59.00 OK

Check Details

Version: 0.3.0
Check: dependencies in R code
Result: NOTE Namespace in Imports field not imported from: ‘R6’ All declared Imports should be used. Flavors: r-devel-linux-x86_64-fedora-clang, r-devel-linux-x86_64-fedora-gcc, r-oldrel-macos-arm64