CRAN Package Check Results for Package rhype

Last updated on 2022-05-16 16:52:23 CEST.

Flavor Version Tinstall Tcheck Ttotal Status Flags
r-devel-linux-x86_64-debian-clang 0.2.0 4.10 40.66 44.76 OK
r-devel-linux-x86_64-debian-gcc 0.2.0 2.56 31.63 34.19 OK
r-devel-linux-x86_64-fedora-clang 0.2.0 56.80 NOTE
r-devel-linux-x86_64-fedora-gcc 0.2.0 52.19 NOTE
r-devel-windows-x86_64 0.2.0 20.00 67.00 87.00 OK
r-patched-linux-x86_64 0.2.0 4.13 39.46 43.59 OK
r-release-linux-x86_64 0.2.0 4.10 40.01 44.11 OK
r-release-macos-arm64 0.2.0 19.00 NOTE
r-release-macos-x86_64 0.2.0 25.00 NOTE
r-release-windows-x86_64 0.2.0 16.00 60.00 76.00 OK
r-oldrel-macos-arm64 0.2.0 17.00 NOTE
r-oldrel-macos-x86_64 0.2.0 28.00 NOTE
r-oldrel-windows-ix86+x86_64 0.2.0 8.00 52.00 60.00 OK

Check Details

Version: 0.2.0
Check: dependencies in R code
Result: NOTE
    Namespace in Imports field not imported from: ‘R6’
     All declared Imports should be used.
Flavors: r-devel-linux-x86_64-fedora-clang, r-devel-linux-x86_64-fedora-gcc, r-release-macos-arm64, r-release-macos-x86_64, r-oldrel-macos-arm64, r-oldrel-macos-x86_64