CRAN Package Check Results for Package ribiosUtils

Last updated on 2020-07-03 16:50:23 CEST.

Flavor Version Tinstall Tcheck Ttotal Status Flags
r-devel-linux-x86_64-debian-clang 1.5-6 25.18 40.73 65.91 OK
r-devel-linux-x86_64-debian-gcc 1.5-6 18.81 32.16 50.97 OK
r-devel-linux-x86_64-fedora-clang 1.5-6 89.39 OK
r-devel-linux-x86_64-fedora-gcc 1.5-6 77.73 OK
r-devel-windows-ix86+x86_64 1.5-6 84.00 75.00 159.00 WARN
r-patched-linux-x86_64 1.5-6 20.15 40.48 60.63 OK
r-patched-solaris-x86 1.5-6 94.20 OK
r-release-linux-x86_64 1.5-6 19.01 40.77 59.78 OK
r-release-osx-x86_64 1.5-6 OK
r-release-windows-ix86+x86_64 1.5-6 82.00 79.00 161.00 WARN
r-oldrel-osx-x86_64 1.5-6 OK
r-oldrel-windows-ix86+x86_64 1.5-6 86.00 99.00 185.00 OK

Check Details

Version: 1.5-6
Check: whether package can be installed
Result: WARN
    Found the following significant warnings:
     chemutil.c:339:23: warning: too many arguments for format [-Wformat-extra-args]
Flavors: r-devel-windows-ix86+x86_64, r-release-windows-ix86+x86_64