CRAN Package Check Results for Package rigr

Last updated on 2021-10-27 14:51:44 CEST.

Flavor Version Tinstall Tcheck Ttotal Status Flags
r-devel-linux-x86_64-debian-clang 1.0.1 11.18 80.61 91.79 OK
r-devel-linux-x86_64-debian-gcc 1.0.1 7.75 60.68 68.43 OK
r-devel-linux-x86_64-fedora-clang 1.0.1 117.64 NOTE
r-devel-linux-x86_64-fedora-gcc 1.0.1 109.45 NOTE
r-devel-windows-x86_64 1.0.1 15.00 84.00 99.00 OK
r-devel-windows-x86_64-gcc10-UCRT 1.0.1 NOTE
r-patched-linux-x86_64 1.0.1 9.99 79.73 89.72 OK
r-patched-solaris-x86 1.0.1 130.20 NOTE
r-release-linux-x86_64 1.0.1 8.72 79.69 88.41 OK
r-release-macos-arm64 1.0.1 NOTE
r-release-macos-x86_64 1.0.1 NOTE
r-release-windows-ix86+x86_64 1.0.1 11.00 105.00 116.00 OK
r-oldrel-macos-x86_64 1.0.1 NOTE
r-oldrel-windows-ix86+x86_64 1.0.1 17.00 106.00 123.00 OK

Check Details

Version: 1.0.1
Check: dependencies in R code
Result: NOTE
    Namespaces in Imports field not imported from:
     ‘Exact’ ‘plyr’ ‘tibble’
     All declared Imports should be used.
Flavors: r-devel-linux-x86_64-fedora-clang, r-devel-linux-x86_64-fedora-gcc, r-devel-windows-x86_64-gcc10-UCRT, r-patched-solaris-x86, r-release-macos-arm64, r-release-macos-x86_64, r-oldrel-macos-x86_64