CRAN Package Check Results for Package riingo

Last updated on 2024-07-20 10:48:21 CEST.

Flavor Version Tinstall Tcheck Ttotal Status Flags
r-devel-linux-x86_64-debian-clang 0.3.1 4.07 37.50 41.57 NOTE
r-devel-linux-x86_64-debian-gcc 0.3.1 3.02 29.13 32.15 NOTE
r-devel-linux-x86_64-fedora-clang 0.3.1 54.40 NOTE
r-devel-linux-x86_64-fedora-gcc 0.3.1 50.04 NOTE
r-devel-windows-x86_64 0.3.1 4.00 59.00 63.00 NOTE
r-patched-linux-x86_64 0.3.1 3.87 37.35 41.22 NOTE
r-release-linux-x86_64 0.3.1 4.18 36.61 40.79 NOTE
r-release-macos-arm64 0.3.1 21.00 NOTE
r-release-macos-x86_64 0.3.1 29.00 NOTE
r-release-windows-x86_64 0.3.1 5.00 58.00 63.00 NOTE
r-oldrel-macos-arm64 0.3.1 22.00 NOTE
r-oldrel-macos-x86_64 0.3.1 28.00 NOTE
r-oldrel-windows-x86_64 0.3.1 7.00 61.00 68.00 NOTE

Check Details

Version: 0.3.1
Check: LazyData
Result: NOTE 'LazyData' is specified without a 'data' directory Flavors: r-devel-linux-x86_64-debian-clang, r-devel-linux-x86_64-debian-gcc, r-devel-linux-x86_64-fedora-clang, r-devel-linux-x86_64-fedora-gcc, r-devel-windows-x86_64, r-patched-linux-x86_64, r-release-linux-x86_64, r-release-macos-arm64, r-release-macos-x86_64, r-release-windows-x86_64, r-oldrel-macos-arm64, r-oldrel-macos-x86_64, r-oldrel-windows-x86_64