CRAN Package Check Results for Package riingo

Last updated on 2019-04-21 20:48:32 CEST.

Flavor Version Tinstall Tcheck Ttotal Status Flags
r-devel-linux-x86_64-debian-clang 0.1.0 1.92 21.92 23.84 OK
r-devel-linux-x86_64-debian-gcc 0.1.0 1.67 17.80 19.47 OK
r-devel-linux-x86_64-fedora-clang 0.1.0 28.40 NOTE
r-devel-linux-x86_64-fedora-gcc 0.1.0 27.88 NOTE
r-devel-windows-ix86+x86_64 0.1.0 8.00 34.00 42.00 OK
r-patched-linux-x86_64 0.1.0 1.81 22.30 24.11 OK
r-patched-solaris-x86 0.1.0 45.50 NOTE
r-release-linux-x86_64 0.1.0 1.39 20.80 22.19 OK
r-release-windows-ix86+x86_64 0.1.0 4.00 48.00 52.00 OK
r-release-osx-x86_64 0.1.0 NOTE
r-oldrel-windows-ix86+x86_64 0.1.0 4.00 48.00 52.00 OK
r-oldrel-osx-x86_64 0.1.0 NOTE

Check Details

Version: 0.1.0
Check: dependencies in R code
Result: NOTE
    Namespace in Imports field not imported from: ‘rlang’
     All declared Imports should be used.
Flavors: r-devel-linux-x86_64-fedora-clang, r-devel-linux-x86_64-fedora-gcc, r-patched-solaris-x86, r-release-osx-x86_64, r-oldrel-osx-x86_64