CRAN Package Check Results for Package rijkspalette

Last updated on 2019-06-20 11:52:02 CEST.

Flavor Version Tinstall Tcheck Ttotal Status Flags
r-devel-linux-x86_64-debian-clang 1.0.1 1.42 18.48 19.90 OK
r-devel-linux-x86_64-debian-gcc 1.0.1 1.36 15.29 16.65 OK
r-devel-linux-x86_64-fedora-clang 1.0.1 24.82 NOTE
r-devel-linux-x86_64-fedora-gcc 1.0.1 23.68 NOTE
r-devel-windows-ix86+x86_64 1.0.1 5.00 41.00 46.00 OK
r-patched-linux-x86_64 1.0.1 1.66 18.60 20.26 OK
r-patched-solaris-x86 1.0.1 42.80 NOTE
r-release-linux-x86_64 1.0.1 1.61 18.78 20.39 OK
r-release-windows-ix86+x86_64 1.0.1 6.00 46.00 52.00 OK
r-release-osx-x86_64 1.0.1 NOTE
r-oldrel-windows-ix86+x86_64 1.0.1 3.00 53.00 56.00 OK
r-oldrel-osx-x86_64 1.0.1 NOTE

Check Details

Version: 1.0.1
Check: dependencies in R code
Result: NOTE
    Namespace in Imports field not imported from: ‘curl’
     All declared Imports should be used.
Flavors: r-devel-linux-x86_64-fedora-clang, r-devel-linux-x86_64-fedora-gcc, r-patched-solaris-x86, r-release-osx-x86_64, r-oldrel-osx-x86_64