CRAN Package Check Results for Package rijkspalette

Last updated on 2019-09-16 14:47:21 CEST.

Flavor Version Tinstall Tcheck Ttotal Status Flags
r-devel-linux-x86_64-debian-clang 1.0.1 1.85 18.32 20.17 OK
r-devel-linux-x86_64-debian-gcc 1.0.1 1.39 14.96 16.35 OK
r-devel-linux-x86_64-fedora-clang 1.0.1 25.67 NOTE
r-devel-linux-x86_64-fedora-gcc 1.0.1 24.73 NOTE
r-devel-windows-ix86+x86_64 1.0.1 8.00 34.00 42.00 OK
r-patched-linux-x86_64 1.0.1 1.64 18.60 20.24 OK
r-patched-solaris-x86 1.0.1 40.10 NOTE
r-release-linux-x86_64 1.0.1 1.70 19.28 20.98 OK
r-release-windows-ix86+x86_64 1.0.1 4.00 32.00 36.00 OK
r-release-osx-x86_64 1.0.1 NOTE
r-oldrel-windows-ix86+x86_64 1.0.1 4.00 32.00 36.00 OK
r-oldrel-osx-x86_64 1.0.1 NOTE

Check Details

Version: 1.0.1
Check: dependencies in R code
Result: NOTE
    Namespace in Imports field not imported from: ‘curl’
     All declared Imports should be used.
Flavors: r-devel-linux-x86_64-fedora-clang, r-devel-linux-x86_64-fedora-gcc, r-patched-solaris-x86, r-release-osx-x86_64, r-oldrel-osx-x86_64