Last updated on 2023-05-28 07:57:39 CEST.
Flavor | Version | Tinstall | Tcheck | Ttotal | Status | Flags |
---|---|---|---|---|---|---|
r-devel-linux-x86_64-debian-clang | 0.6.0 | 6.74 | 67.30 | 74.04 | OK | |
r-devel-linux-x86_64-debian-gcc | 0.6.0 | 5.29 | 51.13 | 56.42 | OK | |
r-devel-linux-x86_64-fedora-clang | 0.6.0 | 91.64 | NOTE | |||
r-devel-linux-x86_64-fedora-gcc | 0.6.0 | 95.63 | NOTE | |||
r-devel-windows-x86_64 | 0.6.0 | 6.00 | 87.00 | 93.00 | OK | |
r-patched-linux-x86_64 | 0.6.0 | 7.34 | 63.15 | 70.49 | OK | |
r-release-linux-x86_64 | 0.6.0 | 5.68 | 64.44 | 70.12 | OK | |
r-release-macos-arm64 | 0.6.0 | 53.00 | OK | |||
r-release-macos-x86_64 | 0.5.3 | 53.00 | OK | |||
r-release-windows-x86_64 | 0.6.0 | 7.00 | 92.00 | 99.00 | OK | |
r-oldrel-macos-arm64 | 0.6.0 | 45.00 | OK | |||
r-oldrel-macos-x86_64 | 0.6.0 | 67.00 | OK | |||
r-oldrel-windows-x86_64 | 0.6.0 | 10.00 | 93.00 | 103.00 | OK |
Version: 0.6.0
Check: data for non-ASCII characters
Result: NOTE
Note: found 169 marked UTF-8 strings
Flavors: r-devel-linux-x86_64-fedora-clang, r-devel-linux-x86_64-fedora-gcc